Server : LiteSpeed
System : Linux server104.web-hosting.com 4.18.0-513.24.1.lve.1.el8.x86_64 #1 SMP Thu May 9 15:10:09 UTC 2024 x86_64
User : saleoqej ( 6848)
PHP Version : 8.0.30
Disable Function : NONE
Directory :  /home/saleoqej/access-logs/
Upload File :
Current Directory [ Writeable ] Root Directory [ Writeable ]


Current File : //home/saleoqej/access-logs/chijamzacademy.com.salesfunnelmasters.online
178.121.78.135 - - [05/Nov/2025:07:04:51 -0500] "GET /courses/ HTTP/1.0" 301 795 "http://chijamzacademy.com/courses/" "Mozilla/5.0 (Windows NT 10.0; Win64; x64) AppleWebKit/537.36 (KHTML, like Gecko) Chrome/131.0.0.0 Safari/537.36 Avast/131.0.0.0"
1.169.83.157 - - [05/Nov/2025:07:18:40 -0500] "GET /courses/activate/J7dxFGH6HCcPJjy4hfbspEAM37aDOSJc/ HTTP/1.0" 301 795 "http://chijamzacademy.com/courses/activate/J7dxFGH6HCcPJjy4hfbspEAM37aDOSJc/" "Mozilla/5.0 (Windows NT 6.1) AppleWebKit/537.36 (KHTML, like Gecko) Chrome/103.0.0.0 Safari/537.36"
216.244.66.199 - - [05/Nov/2025:07:25:10 -0500] "GET /robots.txt HTTP/1.1" 301 795 "-" "Mozilla/5.0 (compatible; DotBot/1.2; +https://opensiteexplorer.org/dotbot; help@moz.com)"
178.249.214.8 - - [05/Nov/2025:07:52:11 -0500] "POST /?s=captcha&test=-1 HTTP/1.1" 301 795 "-" "Mozilla/5.0"
178.249.214.8 - - [05/Nov/2025:07:52:13 -0500] "POST /?s=captcha&test=-1 HTTP/1.1" 301 795 "-" "Mozilla/5.0"
43.153.27.244 - - [05/Nov/2025:08:02:27 -0500] "GET / HTTP/1.1" 301 795 "-" "Mozilla/5.0 (iPhone; CPU iPhone OS 13_2_3 like Mac OS X) AppleWebKit/605.1.15 (KHTML, like Gecko) Version/13.0.3 Mobile/15E148 Safari/604.1"
43.155.162.41 - - [05/Nov/2025:08:11:44 -0500] "GET / HTTP/1.1" 301 795 "-" "Mozilla/5.0 (iPhone; CPU iPhone OS 13_2_3 like Mac OS X) AppleWebKit/605.1.15 (KHTML, like Gecko) Version/13.0.3 Mobile/15E148 Safari/604.1"
216.244.66.199 - - [05/Nov/2025:08:10:37 -0500] "GET /robots.txt HTTP/1.1" 301 795 "-" "Mozilla/5.0 (compatible; DotBot/1.2; +https://opensiteexplorer.org/dotbot; help@moz.com)"
84.54.44.204 - - [05/Nov/2025:08:56:27 -0500] "GET /courses/activate/J7dxFGH6HCcPJjy4hfbspEAM37aDOSJc/ HTTP/1.0" 301 795 "http://chijamzacademy.com/courses/activate/J7dxFGH6HCcPJjy4hfbspEAM37aDOSJc/" "Mozilla/5.0 (Windows NT 10.0; Win64; x64) AppleWebKit/537.36 (KHTML, like Gecko) Chrome/131.0.0.0 Safari/537.36 Avast/131.0.0.0"
216.244.66.199 - - [05/Nov/2025:08:56:58 -0500] "GET /robots.txt HTTP/1.1" 301 795 "-" "Mozilla/5.0 (compatible; DotBot/1.2; +https://opensiteexplorer.org/dotbot; help@moz.com)"
5.142.220.154 - - [05/Nov/2025:09:37:50 -0500] "GET /courses/activate/J7dxFGH6HCcPJjy4hfbspEAM37aDOSJc/ HTTP/1.0" 301 795 "http://chijamzacademy.com/courses/activate/J7dxFGH6HCcPJjy4hfbspEAM37aDOSJc/" "Mozilla/5.0 (Windows NT 10.0; Win64; x64) AppleWebKit/537.36 (KHTML, like Gecko) Chrome/131.0.0.0 Safari/537.36 Avast/131.0.0.0"
216.244.66.199 - - [05/Nov/2025:09:41:45 -0500] "GET /robots.txt HTTP/1.1" 301 795 "-" "Mozilla/5.0 (compatible; DotBot/1.2; +https://opensiteexplorer.org/dotbot; help@moz.com)"
2.58.56.14 - - [05/Nov/2025:10:10:55 -0500] "GET /wp-content/plugins/fix/up.php HTTP/1.1" 404 1251 "-" "Mozilla/5.0 (Windows NT 10.0; Win64; x64) AppleWebKit/537.36 (KHTML, like Gecko) Chrome/85.0.4183.102 Safari/537.36"
2.58.56.14 - - [05/Nov/2025:10:10:55 -0500] "GET /plugins/content/apismtp/apismtp.php?test=hello HTTP/1.1" 404 1251 "-" "Mozlila/5.0 (Linux; Android 7.0; SM-G892A Bulid/NRD90M; wv) AppleWebKit/537.36 (KHTML, like Gecko) Version/4.0 Chrome/60.0.3112.107 Moblie Safari/537.36"
2.58.56.14 - - [05/Nov/2025:10:10:57 -0500] "POST /wp-plain.php HTTP/1.1" 301 795 "www.google.com" "Mozilla/5.0 (Linux; Android 7.0; SM-G892A Bulid/NRD90M; wv) AppleWebKit/537.36 (KHTML, like Gecko) Version/4.0 Chrome/60.0.3112.107 Moblie Safari/537.36"
2.58.56.14 - - [05/Nov/2025:10:10:57 -0500] "GET / HTTP/1.1" 301 795 "-" "Mozlila/5.0 (Linux; Android 7.0; SM-G892A Bulid/NRD90M; wv) AppleWebKit/537.36 (KHTML, like Gecko) Version/4.0 Chrome/60.0.3112.107 Moblie Safari/537.36"
2.58.56.14 - - [05/Nov/2025:10:10:57 -0500] "POST /alfacgiapi/perl.alfa HTTP/1.1" 301 795 "www.google.com" "Mozlila/5.0 (Linux; Android 7.0; SM-G892A Bulid/NRD90M; wv) AppleWebKit/537.36 (KHTML, like Gecko) Version/4.0 Chrome/60.0.3112.107 Moblie Safari/537.36"
37.139.53.214 - - [05/Nov/2025:10:05:39 -0500] "GET /courses/activate/J7dxFGH6HCcPJjy4hfbspEAM37aDOSJc/ HTTP/1.0" 301 795 "http://chijamzacademy.com/courses/activate/J7dxFGH6HCcPJjy4hfbspEAM37aDOSJc/" "Mozilla/5.0 (Windows NT 10.0; Win64; x64) AppleWebKit/537.36 (KHTML, like Gecko) Chrome/129.0.0.0 Safari/537.36"
2.58.56.14 - - [05/Nov/2025:10:10:55 -0500] "POST /wp-plain.php HTTP/1.1" 404 1251 "www.google.com" "Mozilla/5.0 (Linux; Android 7.0; SM-G892A Bulid/NRD90M; wv) AppleWebKit/537.36 (KHTML, like Gecko) Version/4.0 Chrome/60.0.3112.107 Moblie Safari/537.36"
2.58.56.14 - - [05/Nov/2025:10:10:55 -0500] "GET /wp-content/themes/seotheme/db.php?u HTTP/1.1" 404 1251 "www.google.com" "Mozlila/5.0 (Linux; Android 7.0; SM-G892A Bulid/NRD90M; wv) AppleWebKit/537.36 (KHTML, like Gecko) Version/4.0 Chrome/60.0.3112.107 Moblie Safari/537.36"
2.58.56.14 - - [05/Nov/2025:10:10:55 -0500] "POST /ALFA_DATA/alfacgiapi/perl.alfa HTTP/1.1" 404 1251 "www.google.com" "Mozlila/5.0 (Linux; Android 7.0; SM-G892A Bulid/NRD90M; wv) AppleWebKit/537.36 (KHTML, like Gecko) Version/4.0 Chrome/60.0.3112.107 Moblie Safari/537.36"
2.58.56.14 - - [05/Nov/2025:10:10:55 -0500] "GET / HTTP/1.1" 200 6905 "-" "Mozlila/5.0 (Linux; Android 7.0; SM-G892A Bulid/NRD90M; wv) AppleWebKit/537.36 (KHTML, like Gecko) Version/4.0 Chrome/60.0.3112.107 Moblie Safari/537.36"
2.58.56.14 - - [05/Nov/2025:10:10:55 -0500] "GET /hwpirqfj.php?Fox=d3wL7 HTTP/1.1" 404 1251 "www.google.com" "Mozilla/5.0 (Linux; Android 7.0; SM-G892A Bulid/NRD90M; wv) AppleWebKit/537.36 (KHTML, like Gecko) Version/4.0 Chrome/60.0.3112.107 Moblie Safari/537.36"
2.58.56.14 - - [05/Nov/2025:10:10:55 -0500] "POST /alfacgiapi/perl.alfa HTTP/1.1" 404 1251 "www.google.com" "Mozlila/5.0 (Linux; Android 7.0; SM-G892A Bulid/NRD90M; wv) AppleWebKit/537.36 (KHTML, like Gecko) Version/4.0 Chrome/60.0.3112.107 Moblie Safari/537.36"
2.58.56.14 - - [05/Nov/2025:10:10:55 -0500] "GET /wp-content/plugins/apikey/apikey.php?test=hello HTTP/1.1" 404 1251 "-" "Mozlila/5.0 (Linux; Android 7.0; SM-G892A Bulid/NRD90M; wv) AppleWebKit/537.36 (KHTML, like Gecko) Version/4.0 Chrome/60.0.3112.107 Moblie Safari/537.36"
2.58.56.14 - - [05/Nov/2025:10:10:56 -0500] "GET /wp-content/plugins/apikey/apikey.php.suspected?test=hello HTTP/1.1" 404 1251 "-" "Mozlila/5.0 (Linux; Android 7.0; SM-G892A Bulid/NRD90M; wv) AppleWebKit/537.36 (KHTML, like Gecko) Version/4.0 Chrome/60.0.3112.107 Moblie Safari/537.36"
2.58.56.14 - - [05/Nov/2025:10:10:56 -0500] "GET /plugins/content/apismtp/apismtp.php.suspected?test=hello HTTP/1.1" 404 1251 "-" "Mozlila/5.0 (Linux; Android 7.0; SM-G892A Bulid/NRD90M; wv) AppleWebKit/537.36 (KHTML, like Gecko) Version/4.0 Chrome/60.0.3112.107 Moblie Safari/537.36"
2.58.56.14 - - [05/Nov/2025:10:10:57 -0500] "GET /wp-content/plugins/fix/up.php HTTP/1.1" 301 795 "-" "Mozilla/5.0 (Windows NT 10.0; Win64; x64) AppleWebKit/537.36 (KHTML, like Gecko) Chrome/85.0.4183.102 Safari/537.36"
2.58.56.14 - - [05/Nov/2025:10:10:57 -0500] "POST /ALFA_DATA/alfacgiapi/perl.alfa HTTP/1.1" 301 795 "www.google.com" "Mozlila/5.0 (Linux; Android 7.0; SM-G892A Bulid/NRD90M; wv) AppleWebKit/537.36 (KHTML, like Gecko) Version/4.0 Chrome/60.0.3112.107 Moblie Safari/537.36"
2.58.56.14 - - [05/Nov/2025:10:10:57 -0500] "GET /wp-content/themes/seotheme/db.php?u HTTP/1.1" 301 795 "www.google.com" "Mozlila/5.0 (Linux; Android 7.0; SM-G892A Bulid/NRD90M; wv) AppleWebKit/537.36 (KHTML, like Gecko) Version/4.0 Chrome/60.0.3112.107 Moblie Safari/537.36"
1.231.27.193 - - [05/Nov/2025:10:19:43 -0500] "GET /courses/activate/J7dxFGH6HCcPJjy4hfbspEAM37aDOSJc/ HTTP/1.0" 301 795 "http://chijamzacademy.com/courses/activate/J7dxFGH6HCcPJjy4hfbspEAM37aDOSJc/" "Mozilla/5.0 (Windows NT 6.1; WOW64) AppleWebKit/537.36 (KHTML, like Gecko) Chrome/103.0.0.0 Safari/537.36"
216.244.66.199 - - [05/Nov/2025:10:26:37 -0500] "GET /robots.txt HTTP/1.1" 301 795 "-" "Mozilla/5.0 (compatible; DotBot/1.2; +https://opensiteexplorer.org/dotbot; help@moz.com)"
2.58.56.67 - - [05/Nov/2025:10:46:09 -0500] "GET / HTTP/1.1" 301 795 "-" "Mozlila/5.0 (Linux; Android 7.0; SM-G892A Bulid/NRD90M; wv) AppleWebKit/537.36 (KHTML, like Gecko) Version/4.0 Chrome/60.0.3112.107 Moblie Safari/537.36"
2.58.56.67 - - [05/Nov/2025:10:46:09 -0500] "POST /ALFA_DATA/alfacgiapi/perl.alfa HTTP/1.1" 301 795 "www.google.com" "Mozlila/5.0 (Linux; Android 7.0; SM-G892A Bulid/NRD90M; wv) AppleWebKit/537.36 (KHTML, like Gecko) Version/4.0 Chrome/60.0.3112.107 Moblie Safari/537.36"
2.58.56.67 - - [05/Nov/2025:10:46:09 -0500] "GET /wp-content/themes/seotheme/db.php?u HTTP/1.1" 301 795 "www.google.com" "Mozlila/5.0 (Linux; Android 7.0; SM-G892A Bulid/NRD90M; wv) AppleWebKit/537.36 (KHTML, like Gecko) Version/4.0 Chrome/60.0.3112.107 Moblie Safari/537.36"
2.58.56.67 - - [05/Nov/2025:10:46:09 -0500] "GET /wp-content/plugins/fix/up.php HTTP/1.1" 301 795 "-" "Mozilla/5.0 (Windows NT 10.0; Win64; x64) AppleWebKit/537.36 (KHTML, like Gecko) Chrome/85.0.4183.102 Safari/537.36"
2.58.56.67 - - [05/Nov/2025:10:46:09 -0500] "POST /wp-plain.php HTTP/1.1" 301 795 "www.google.com" "Mozilla/5.0 (Linux; Android 7.0; SM-G892A Bulid/NRD90M; wv) AppleWebKit/537.36 (KHTML, like Gecko) Version/4.0 Chrome/60.0.3112.107 Moblie Safari/537.36"
2.58.56.67 - - [05/Nov/2025:10:46:10 -0500] "POST /alfacgiapi/perl.alfa HTTP/1.1" 301 795 "www.google.com" "Mozlila/5.0 (Linux; Android 7.0; SM-G892A Bulid/NRD90M; wv) AppleWebKit/537.36 (KHTML, like Gecko) Version/4.0 Chrome/60.0.3112.107 Moblie Safari/537.36"
216.244.66.199 - - [05/Nov/2025:11:11:44 -0500] "GET /robots.txt HTTP/1.1" 301 795 "-" "Mozilla/5.0 (compatible; DotBot/1.2; +https://opensiteexplorer.org/dotbot; help@moz.com)"
20.56.66.202 - - [05/Nov/2025:11:22:18 -0500] "GET /courses/ HTTP/1.1" 301 795 "http://chijamzacademy.com/courses/" "Mozilla/5.0 (Windows NT 10.0; Win64; x64) AppleWebKit/537.36 (KHTML, like Gecko) Chrome/130.0.0.0 Safari/537.36"
166.88.172.33 - - [05/Nov/2025:11:22:39 -0500] "GET /courses/activate/J7dxFGH6HCcPJjy4hfbspEAM37aDOSJc/ HTTP/1.0" 301 795 "http://chijamzacademy.com/courses/activate/J7dxFGH6HCcPJjy4hfbspEAM37aDOSJc/" "Mozilla/5.0 (Windows NT 10.0; Win64; x64) AppleWebKit/537.36 (KHTML, like Gecko) Chrome/130.0.0.0 Safari/537.36 CCleaner/130.0.0.0"
34.106.19.104 - - [05/Nov/2025:11:38:03 -0500] "HEAD /wp/ HTTP/1.1" 301 0 "-" "Mozilla/5.0 (Macintosh; Intel Mac OS X 14_4) AppleWebKit/605.1.15 (KHTML, like Gecko) Version/17.4 Safari/605.1.15"
34.106.19.104 - - [05/Nov/2025:11:38:03 -0500] "HEAD /new/ HTTP/1.1" 301 0 "-" "Mozilla/5.0 (Windows NT 11.0; Win64; x64; rv:126.0) Gecko/20100101 Firefox/126.0"
34.106.19.104 - - [05/Nov/2025:11:38:04 -0500] "HEAD /wordpress/ HTTP/1.1" 301 0 "-" "Mozilla/5.0 (Windows NT 10.0; Win64; x64; rv:123.0) Gecko/20100101 Firefox/123.0"
34.106.19.104 - - [05/Nov/2025:11:38:04 -0500] "HEAD / HTTP/1.1" 301 0 "-" "Mozilla/5.0 (Macintosh; Intel Mac OS X 12_7_4) AppleWebKit/605.1.15 (KHTML, like Gecko) Version/16.6 Safari/605.1.15"
64.31.20.24 - - [05/Nov/2025:11:44:40 -0500] "GET /courses/activate/J7dxFGH6HCcPJjy4hfbspEAM37aDOSJc/ HTTP/1.0" 301 795 "http://chijamzacademy.com/courses/activate/J7dxFGH6HCcPJjy4hfbspEAM37aDOSJc/" "Mozilla/5.0 (Windows NT 10.0; Win64; x64) AppleWebKit/537.36 (KHTML, like Gecko) Chrome/129.0.0.0 Safari/537.36"
64.31.20.24 - - [05/Nov/2025:11:29:16 -0500] "GET /courses/activate/J7dxFGH6HCcPJjy4hfbspEAM37aDOSJc/ HTTP/1.0" 301 795 "http://chijamzacademy.com/courses/activate/J7dxFGH6HCcPJjy4hfbspEAM37aDOSJc/" "Mozilla/5.0 (Windows NT 10.0; Win64; x64) AppleWebKit/537.36 (KHTML, like Gecko) Chrome/131.0.0.0 Safari/537.36"
34.106.19.104 - - [05/Nov/2025:11:38:03 -0500] "HEAD /old/ HTTP/1.1" 301 0 "-" "Mozilla/5.0 (Windows NT 10.0; Win64; x64) AppleWebKit/537.36 (KHTML, like Gecko) Chrome/123.0.6312.86 Safari/537.36"
34.106.19.104 - - [05/Nov/2025:11:38:03 -0500] "HEAD /blog/ HTTP/1.1" 301 0 "-" "Mozilla/5.0 (Windows NT 11.0; Win64; x64; rv:126.0) Gecko/20100101 Firefox/126.0"
34.106.19.104 - - [05/Nov/2025:11:38:04 -0500] "HEAD /backup/ HTTP/1.1" 301 0 "-" "Mozilla/5.0 (Linux; U; Android 11; en-US; V2027) AppleWebKit/537.36 (KHTML, like Gecko) Version/4.0 Chrome/89.0.4389.116 UCBrowser/13.4.0.1306 Mobile Safari/537.36"
216.244.66.199 - - [05/Nov/2025:11:56:59 -0500] "GET /robots.txt HTTP/1.1" 301 795 "-" "Mozilla/5.0 (compatible; DotBot/1.2; +https://opensiteexplorer.org/dotbot; help@moz.com)"
104.28.214.4 - - [05/Nov/2025:12:06:59 -0500] "GET /style.php HTTP/1.1" 301 795 "-" "Mozilla/5.0 (Linux; Android 7.0; SM-G892A Build/NRD90M; wv) AppleWebKit/537.36 (KHTML, like Gecko) Version/4.0 Chrome/60.0.3112.107 Mobile Safari/537.36"
91.242.228.134 - - [05/Nov/2025:12:17:24 -0500] "GET /courses/activate/J7dxFGH6HCcPJjy4hfbspEAM37aDOSJc/ HTTP/1.0" 301 795 "http://chijamzacademy.com/courses/activate/J7dxFGH6HCcPJjy4hfbspEAM37aDOSJc/" "Mozilla/5.0 (Windows NT 10.0; Win64; x64) AppleWebKit/537.36 (KHTML, like Gecko) Chrome/129.0.0.0 Safari/537.36"
34.48.215.95 - - [05/Nov/2025:12:19:06 -0500] "HEAD /blog/ HTTP/1.1" 301 0 "-" "Mozilla/5.0 (iPhone; CPU iPhone OS 17_2 like Mac OS X) AppleWebKit/605.1.15 (KHTML, like Gecko) CriOS/124.0.6367.56 Mobile/15E148 Safari/604.1"
34.48.215.95 - - [05/Nov/2025:12:19:06 -0500] "HEAD /old/ HTTP/1.1" 301 0 "-" "Mozilla/5.0 (Macintosh; Intel Mac OS X 13_6) AppleWebKit/537.36 (KHTML, like Gecko) Chrome/122.0.6280.88 Safari/537.36"
34.48.215.95 - - [05/Nov/2025:12:19:05 -0500] "HEAD / HTTP/1.1" 301 0 "-" "Mozilla/5.0 (iPhone; CPU iPhone OS 17_2 like Mac OS X) AppleWebKit/605.1.15 (KHTML, like Gecko) CriOS/124.0.6367.56 Mobile/15E148 Safari/604.1"
34.48.215.95 - - [05/Nov/2025:12:19:06 -0500] "HEAD /wordpress/ HTTP/1.1" 301 0 "-" "Mozilla/5.0 (Linux; Android 14; Pixel 8 Pro) AppleWebKit/537.36 (KHTML, like Gecko) Chrome/124.0.6367.56 Mobile Safari/537.36"
34.48.215.95 - - [05/Nov/2025:12:19:06 -0500] "HEAD /wp/ HTTP/1.1" 301 0 "-" "Mozilla/5.0 (Macintosh; Intel Mac OS X 13_6) AppleWebKit/537.36 (KHTML, like Gecko) Chrome/122.0.6280.88 Safari/537.36"
34.48.215.95 - - [05/Nov/2025:12:19:06 -0500] "HEAD /new/ HTTP/1.1" 301 0 "-" "Mozilla/5.0 (Windows NT 10.0; Win64; x64) AppleWebKit/537.36 (KHTML, like Gecko) Chrome/121.0.6167.140 Safari/537.36 Vivaldi/6.4.3160.47"
34.48.215.95 - - [05/Nov/2025:12:19:06 -0500] "HEAD /backup/ HTTP/1.1" 301 0 "-" "Mozilla/5.0 (Windows NT 11.0; Win64; x64) AppleWebKit/537.36 (KHTML, like Gecko) Chrome/124.0.6367.62 Safari/537.36"
146.70.181.249 - - [05/Nov/2025:12:19:30 -0500] "GET /courses/ HTTP/1.0" 301 795 "http://chijamzacademy.com/courses/" "Mozilla/5.0 (Windows NT 10.0; Win64; x64) AppleWebKit/537.36 (KHTML, like Gecko) Chrome/131.0.0.0 Safari/537.36"
216.244.66.199 - - [05/Nov/2025:12:42:33 -0500] "GET /robots.txt HTTP/1.1" 301 795 "-" "Mozilla/5.0 (compatible; DotBot/1.2; +https://opensiteexplorer.org/dotbot; help@moz.com)"
35.236.16.228 - - [05/Nov/2025:12:52:32 -0500] "HEAD /wordpress/ HTTP/1.1" 404 0 "-" "Mozilla/5.0 (Windows NT 10.0; Win64; x64; rv:123.0) Gecko/20100101 Firefox/123.0"
35.236.16.228 - - [05/Nov/2025:12:52:32 -0500] "HEAD /new/ HTTP/1.1" 404 0 "-" "Mozilla/5.0 (Macintosh; Intel Mac OS X 14_3) AppleWebKit/537.36 (KHTML, like Gecko) Chrome/125.0.6422.60 Safari/537.36 Edg/125.0.2535.51"
35.236.16.228 - - [05/Nov/2025:12:52:32 -0500] "HEAD /wp/ HTTP/1.1" 404 0 "-" "Mozilla/5.0 (Macintosh; Intel Mac OS X 14_2) AppleWebKit/537.36 (KHTML, like Gecko) Chrome/121.0.6167.86 Safari/537.36 Brave/1.62.162"
178.128.211.247 - - [05/Nov/2025:12:53:00 -0500] "GET /cong.php HTTP/1.1" 301 795 "-" "Mozilla/5.0 (Linux; Android 11; M2010J19SI) AppleWebKit/537.36 (KHTML, like Gecko) Chrome/109.0.0.0 Mobile Safari/537.36"
178.128.211.247 - - [05/Nov/2025:12:53:05 -0500] "GET /xxx.php HTTP/1.1" 301 795 "-" "Mozilla/5.0 (Linux; Android 11; M2010J19SI) AppleWebKit/537.36 (KHTML, like Gecko) Chrome/109.0.0.0 Mobile Safari/537.36"
178.128.211.247 - - [05/Nov/2025:12:53:10 -0500] "GET /tmpls.php HTTP/1.1" 301 795 "-" "Mozilla/5.0 (Linux; Android 11; M2010J19SI) AppleWebKit/537.36 (KHTML, like Gecko) Chrome/109.0.0.0 Mobile Safari/537.36"
178.128.211.247 - - [05/Nov/2025:12:53:14 -0500] "GET /wp-content/themes/travelscape/json.php HTTP/1.1" 301 795 "-" "Mozilla/5.0 (Linux; Android 11; M2010J19SI) AppleWebKit/537.36 (KHTML, like Gecko) Chrome/109.0.0.0 Mobile Safari/537.36"
178.128.211.247 - - [05/Nov/2025:12:53:36 -0500] "GET /wp-content/themes/seotheme/mar.php HTTP/1.1" 301 795 "-" "Mozilla/5.0 (Linux; Android 11; M2010J19SI) AppleWebKit/537.36 (KHTML, like Gecko) Chrome/109.0.0.0 Mobile Safari/537.36"
194.99.25.211 - - [05/Nov/2025:12:45:29 -0500] "GET /courses/ HTTP/1.0" 301 795 "http://chijamzacademy.com/courses/" "Mozilla/5.0 (Windows NT 10.0; Win64; x64) AppleWebKit/537.36 (KHTML, like Gecko) Chrome/131.0.0.0 Safari/537.36"
35.236.16.228 - - [05/Nov/2025:12:52:32 -0500] "HEAD /old/ HTTP/1.1" 404 0 "-" "Mozilla/5.0 (Macintosh; Intel Mac OS X 13_6) AppleWebKit/537.36 (KHTML, like Gecko) Chrome/122.0.6280.88 Safari/537.36"
35.236.16.228 - - [05/Nov/2025:12:52:32 -0500] "HEAD /backup/ HTTP/1.1" 404 0 "-" "Mozilla/5.0 (Windows NT 11.0; Win64; x64; rv:126.0) Gecko/20100101 Firefox/126.0"
35.236.16.228 - - [05/Nov/2025:12:52:32 -0500] "HEAD /blog/ HTTP/1.1" 404 0 "-" "Mozilla/5.0 (Windows NT 6.1; Win64; x64) AppleWebKit/537.36 (KHTML, like Gecko) Chrome/109.0.5414.120 Safari/537.36"
35.236.16.228 - - [05/Nov/2025:12:52:32 -0500] "HEAD / HTTP/1.1" 200 0 "-" "Mozilla/5.0 (X11; Linux x86_64) AppleWebKit/537.36 (KHTML, like Gecko) Chrome/126.0.6478.20 Safari/537.36"
178.128.211.247 - - [05/Nov/2025:12:52:58 -0500] "GET /simple.php HTTP/1.1" 301 795 "-" "Mozilla/5.0 (Linux; Android 11; M2010J19SI) AppleWebKit/537.36 (KHTML, like Gecko) Chrome/109.0.0.0 Mobile Safari/537.36"
178.128.211.247 - - [05/Nov/2025:12:53:20 -0500] "GET /chosen.php?p= HTTP/1.1" 301 795 "-" "Mozilla/5.0 (Linux; Android 11; M2010J19SI) AppleWebKit/537.36 (KHTML, like Gecko) Chrome/109.0.0.0 Mobile Safari/537.36"
178.128.211.247 - - [05/Nov/2025:12:53:25 -0500] "GET /wp-cron.php?ac=3 HTTP/1.1" 301 795 "-" "Mozilla/5.0 (Linux; Android 11; M2010J19SI) AppleWebKit/537.36 (KHTML, like Gecko) Chrome/109.0.0.0 Mobile Safari/537.36"
178.128.211.247 - - [05/Nov/2025:12:53:28 -0500] "GET /wp-content/themes/pridmag/db.php?u HTTP/1.1" 301 795 "-" "Mozilla/5.0 (Linux; Android 11; M2010J19SI) AppleWebKit/537.36 (KHTML, like Gecko) Chrome/109.0.0.0 Mobile Safari/537.36"
178.128.211.247 - - [05/Nov/2025:12:53:41 -0500] "GET /Njima.php HTTP/1.1" 301 795 "-" "Mozilla/5.0 (Linux; Android 11; M2010J19SI) AppleWebKit/537.36 (KHTML, like Gecko) Chrome/109.0.0.0 Mobile Safari/537.36"
178.128.211.247 - - [05/Nov/2025:12:53:45 -0500] "GET /wp-admin/images/Mhbgf.php HTTP/1.1" 301 795 "-" "Mozilla/5.0 (Linux; Android 11; M2010J19SI) AppleWebKit/537.36 (KHTML, like Gecko) Chrome/109.0.0.0 Mobile Safari/537.36"
178.128.211.247 - - [05/Nov/2025:12:53:54 -0500] "GET /wp-admin/css/ysirlifn.php HTTP/1.1" 301 795 "-" "Mozilla/5.0 (Linux; Android 11; M2010J19SI) AppleWebKit/537.36 (KHTML, like Gecko) Chrome/109.0.0.0 Mobile Safari/537.36"
178.128.211.247 - - [05/Nov/2025:12:54:01 -0500] "GET /repeater.php HTTP/1.1" 301 795 "-" "Mozilla/5.0 (Linux; Android 11; M2010J19SI) AppleWebKit/537.36 (KHTML, like Gecko) Chrome/109.0.0.0 Mobile Safari/537.36"
178.128.211.247 - - [05/Nov/2025:12:54:12 -0500] "GET /ioxi002.PhP7 HTTP/1.1" 301 795 "-" "Mozilla/5.0 (Linux; Android 11; M2010J19SI) AppleWebKit/537.36 (KHTML, like Gecko) Chrome/109.0.0.0 Mobile Safari/537.36"
178.128.211.247 - - [05/Nov/2025:12:54:18 -0500] "GET /radio.php HTTP/1.1" 301 795 "-" "Mozilla/5.0 (Linux; Android 11; M2010J19SI) AppleWebKit/537.36 (KHTML, like Gecko) Chrome/109.0.0.0 Mobile Safari/537.36"
178.128.211.247 - - [05/Nov/2025:12:54:36 -0500] "GET /ofso64.php HTTP/1.1" 301 795 "-" "Mozilla/5.0 (Linux; Android 11; M2010J19SI) AppleWebKit/537.36 (KHTML, like Gecko) Chrome/109.0.0.0 Mobile Safari/537.36"
178.128.211.247 - - [05/Nov/2025:12:54:50 -0500] "GET /wp-content/themes/ccx/index.php HTTP/1.1" 301 795 "-" "Mozilla/5.0 (Linux; Android 11; M2010J19SI) AppleWebKit/537.36 (KHTML, like Gecko) Chrome/109.0.0.0 Mobile Safari/537.36"
178.128.211.247 - - [05/Nov/2025:12:54:54 -0500] "GET /wp-content/uploads/2017-------/09/wp-console.php HTTP/1.1" 301 795 "-" "Mozilla/5.0 (Linux; Android 11; M2010J19SI) AppleWebKit/537.36 (KHTML, like Gecko) Chrome/109.0.0.0 Mobile Safari/537.36"
178.128.211.247 - - [05/Nov/2025:12:55:04 -0500] "GET /wp-content/themes/bltm/wp-login.php HTTP/1.1" 301 795 "-" "Mozilla/5.0 (Linux; Android 11; M2010J19SI) AppleWebKit/537.36 (KHTML, like Gecko) Chrome/109.0.0.0 Mobile Safari/537.36"
178.128.211.247 - - [05/Nov/2025:12:55:21 -0500] "GET /wp-content/uploads/2020/wp-couldent.php.suspected HTTP/1.1" 301 795 "-" "Mozilla/5.0 (Linux; Android 11; M2010J19SI) AppleWebKit/537.36 (KHTML, like Gecko) Chrome/109.0.0.0 Mobile Safari/537.36"
178.128.211.247 - - [05/Nov/2025:12:55:32 -0500] "GET /wp-includes/js/imgareaselect/index.php HTTP/1.1" 301 795 "-" "Mozilla/5.0 (Linux; Android 11; M2010J19SI) AppleWebKit/537.36 (KHTML, like Gecko) Chrome/109.0.0.0 Mobile Safari/537.36"
178.128.211.247 - - [05/Nov/2025:12:55:37 -0500] "GET /wp-includes/PHPMailer/load.php HTTP/1.1" 301 795 "-" "Mozilla/5.0 (Linux; Android 11; M2010J19SI) AppleWebKit/537.36 (KHTML, like Gecko) Chrome/109.0.0.0 Mobile Safari/537.36"
178.128.211.247 - - [05/Nov/2025:12:55:41 -0500] "GET /wp-links.php HTTP/1.1" 301 795 "-" "Mozilla/5.0 (Linux; Android 11; M2010J19SI) AppleWebKit/537.36 (KHTML, like Gecko) Chrome/109.0.0.0 Mobile Safari/537.36"
178.128.211.247 - - [05/Nov/2025:12:55:47 -0500] "GET /wp-aa.php HTTP/1.1" 301 795 "-" "Mozilla/5.0 (Linux; Android 11; M2010J19SI) AppleWebKit/537.36 (KHTML, like Gecko) Chrome/109.0.0.0 Mobile Safari/537.36"
178.128.211.247 - - [05/Nov/2025:12:55:57 -0500] "GET /wp-content/themes/travel/issue.php HTTP/1.1" 301 795 "-" "Mozilla/5.0 (Linux; Android 11; M2010J19SI) AppleWebKit/537.36 (KHTML, like Gecko) Chrome/109.0.0.0 Mobile Safari/537.36"
178.128.211.247 - - [05/Nov/2025:12:56:03 -0500] "GET /about.php HTTP/1.1" 301 795 "-" "Mozilla/5.0 (Linux; Android 11; M2010J19SI) AppleWebKit/537.36 (KHTML, like Gecko) Chrome/109.0.0.0 Mobile Safari/537.36"
178.128.211.247 - - [05/Nov/2025:12:56:12 -0500] "GET /wp-content/themes/digital-download/new.php HTTP/1.1" 301 795 "-" "Mozilla/5.0 (Linux; Android 11; M2010J19SI) AppleWebKit/537.36 (KHTML, like Gecko) Chrome/109.0.0.0 Mobile Safari/537.36"
178.128.211.247 - - [05/Nov/2025:12:53:50 -0500] "GET /wp-admin/css/index.php HTTP/1.1" 301 795 "-" "Mozilla/5.0 (Linux; Android 11; M2010J19SI) AppleWebKit/537.36 (KHTML, like Gecko) Chrome/109.0.0.0 Mobile Safari/537.36"
178.128.211.247 - - [05/Nov/2025:12:54:05 -0500] "GET /wp-content/plugins/linkpreview/db.php?u HTTP/1.1" 301 795 "-" "Mozilla/5.0 (Linux; Android 11; M2010J19SI) AppleWebKit/537.36 (KHTML, like Gecko) Chrome/109.0.0.0 Mobile Safari/537.36"
178.128.211.247 - - [05/Nov/2025:12:54:22 -0500] "GET /radio.php HTTP/1.1" 301 795 "-" "Mozilla/5.0 (Linux; Android 11; M2010J19SI) AppleWebKit/537.36 (KHTML, like Gecko) Chrome/109.0.0.0 Mobile Safari/537.36"
178.128.211.247 - - [05/Nov/2025:12:54:27 -0500] "GET /wp-admin/css/colors/index.php HTTP/1.1" 301 795 "-" "Mozilla/5.0 (Linux; Android 11; M2010J19SI) AppleWebKit/537.36 (KHTML, like Gecko) Chrome/109.0.0.0 Mobile Safari/537.36"
178.128.211.247 - - [05/Nov/2025:12:54:41 -0500] "GET /wp-content/plugins/TOPXHOH/wDR.php HTTP/1.1" 301 795 "-" "Mozilla/5.0 (Linux; Android 11; M2010J19SI) AppleWebKit/537.36 (KHTML, like Gecko) Chrome/109.0.0.0 Mobile Safari/537.36"
178.128.211.247 - - [05/Nov/2025:12:54:45 -0500] "GET /wp-content/plugins/IOptimize.php?rchk HTTP/1.1" 301 795 "-" "Mozilla/5.0 (Linux; Android 11; M2010J19SI) AppleWebKit/537.36 (KHTML, like Gecko) Chrome/109.0.0.0 Mobile Safari/537.36"
178.128.211.247 - - [05/Nov/2025:12:55:00 -0500] "GET /wp-includes/js/crop/uword.php HTTP/1.1" 301 795 "-" "Mozilla/5.0 (Linux; Android 11; M2010J19SI) AppleWebKit/537.36 (KHTML, like Gecko) Chrome/109.0.0.0 Mobile Safari/537.36"
178.128.211.247 - - [05/Nov/2025:12:55:08 -0500] "GET /autoload_classmap.php HTTP/1.1" 301 795 "-" "Mozilla/5.0 (Linux; Android 11; M2010J19SI) AppleWebKit/537.36 (KHTML, like Gecko) Chrome/109.0.0.0 Mobile Safari/537.36"
178.128.211.247 - - [05/Nov/2025:12:55:13 -0500] "GET /wp-content/uploads/2014/07/olx.php HTTP/1.1" 301 795 "-" "Mozilla/5.0 (Linux; Android 11; M2010J19SI) AppleWebKit/537.36 (KHTML, like Gecko) Chrome/109.0.0.0 Mobile Safari/537.36"
178.128.211.247 - - [05/Nov/2025:12:55:17 -0500] "GET /wp-admin/css/colors/midnight/index.php HTTP/1.1" 301 795 "-" "Mozilla/5.0 (Linux; Android 11; M2010J19SI) AppleWebKit/537.36 (KHTML, like Gecko) Chrome/109.0.0.0 Mobile Safari/537.36"
178.128.211.247 - - [05/Nov/2025:12:55:26 -0500] "GET /wp-content/plugins/523453244/ninja.php HTTP/1.1" 301 795 "-" "Mozilla/5.0 (Linux; Android 11; M2010J19SI) AppleWebKit/537.36 (KHTML, like Gecko) Chrome/109.0.0.0 Mobile Safari/537.36"
178.128.211.247 - - [05/Nov/2025:12:55:50 -0500] "GET /wp-content/themes/travelscape/json.php HTTP/1.1" 301 795 "-" "Mozilla/5.0 (Linux; Android 11; M2010J19SI) AppleWebKit/537.36 (KHTML, like Gecko) Chrome/109.0.0.0 Mobile Safari/537.36"
178.128.211.247 - - [05/Nov/2025:12:56:07 -0500] "GET /xx.php HTTP/1.1" 301 795 "-" "Mozilla/5.0 (Linux; Android 11; M2010J19SI) AppleWebKit/537.36 (KHTML, like Gecko) Chrome/109.0.0.0 Mobile Safari/537.36"
178.128.211.247 - - [05/Nov/2025:12:56:16 -0500] "GET /epinyins.php HTTP/1.1" 301 795 "-" "Mozilla/5.0 (Linux; Android 11; M2010J19SI) AppleWebKit/537.36 (KHTML, like Gecko) Chrome/109.0.0.0 Mobile Safari/537.36"
178.128.211.247 - - [05/Nov/2025:12:56:20 -0500] "GET /wp-admin/dropdown.php HTTP/1.1" 301 795 "-" "Mozilla/5.0 (Linux; Android 11; M2010J19SI) AppleWebKit/537.36 (KHTML, like Gecko) Chrome/109.0.0.0 Mobile Safari/537.36"
178.128.211.247 - - [05/Nov/2025:12:56:32 -0500] "GET /wp-admin/css/index.php HTTP/1.1" 301 795 "-" "Mozilla/5.0 (Linux; Android 11; M2010J19SI) AppleWebKit/537.36 (KHTML, like Gecko) Chrome/109.0.0.0 Mobile Safari/537.36"
178.128.211.247 - - [05/Nov/2025:12:56:36 -0500] "GET /wp-content/mah.php HTTP/1.1" 301 795 "-" "Mozilla/5.0 (Linux; Android 11; M2010J19SI) AppleWebKit/537.36 (KHTML, like Gecko) Chrome/109.0.0.0 Mobile Safari/537.36"
178.128.211.247 - - [05/Nov/2025:12:56:46 -0500] "GET /wp-content/plugins/shell/about.php HTTP/1.1" 301 795 "-" "Mozilla/5.0 (Linux; Android 11; M2010J19SI) AppleWebKit/537.36 (KHTML, like Gecko) Chrome/109.0.0.0 Mobile Safari/537.36"
178.128.211.247 - - [05/Nov/2025:12:56:54 -0500] "GET /wp-content/plugins/fix/up.php HTTP/1.1" 301 795 "-" "Mozilla/5.0 (Linux; Android 11; M2010J19SI) AppleWebKit/537.36 (KHTML, like Gecko) Chrome/109.0.0.0 Mobile Safari/537.36"
178.128.211.247 - - [05/Nov/2025:12:56:59 -0500] "GET /wp-content/plugins/ph-file-manager/wp-file.php HTTP/1.1" 301 795 "-" "Mozilla/5.0 (Linux; Android 11; M2010J19SI) AppleWebKit/537.36 (KHTML, like Gecko) Chrome/109.0.0.0 Mobile Safari/537.36"
178.128.211.247 - - [05/Nov/2025:12:57:10 -0500] "GET /wp-content/plugins/wp-help/mini.php HTTP/1.1" 301 795 "-" "Mozilla/5.0 (Linux; Android 11; M2010J19SI) AppleWebKit/537.36 (KHTML, like Gecko) Chrome/109.0.0.0 Mobile Safari/537.36"
178.128.211.247 - - [05/Nov/2025:12:57:14 -0500] "GET /wp-content/themes/travel/issue.php HTTP/1.1" 301 795 "-" "Mozilla/5.0 (Linux; Android 11; M2010J19SI) AppleWebKit/537.36 (KHTML, like Gecko) Chrome/109.0.0.0 Mobile Safari/537.36"
95.168.190.250 - - [05/Nov/2025:13:05:45 -0500] "GET /robots.txt HTTP/1.1" 301 795 "-" "Mozilla/5.0 (compatible; ORT/v1.0.0; visit ORTc.me )"
178.128.211.247 - - [05/Nov/2025:12:56:27 -0500] "GET /dropdown.php HTTP/1.1" 301 795 "-" "Mozilla/5.0 (Linux; Android 11; M2010J19SI) AppleWebKit/537.36 (KHTML, like Gecko) Chrome/109.0.0.0 Mobile Safari/537.36"
178.128.211.247 - - [05/Nov/2025:12:56:41 -0500] "GET /wp-content/item.php HTTP/1.1" 301 795 "-" "Mozilla/5.0 (Linux; Android 11; M2010J19SI) AppleWebKit/537.36 (KHTML, like Gecko) Chrome/109.0.0.0 Mobile Safari/537.36"
178.128.211.247 - - [05/Nov/2025:12:56:48 -0500] "GET /wp-content/plugins/pwnd/pwnd.php HTTP/1.1" 301 795 "-" "Mozilla/5.0 (Linux; Android 11; M2010J19SI) AppleWebKit/537.36 (KHTML, like Gecko) Chrome/109.0.0.0 Mobile Safari/537.36"
178.128.211.247 - - [05/Nov/2025:12:57:05 -0500] "GET /wp-content/plugins/root-file-manager/wp-file.php HTTP/1.1" 301 795 "-" "Mozilla/5.0 (Linux; Android 11; M2010J19SI) AppleWebKit/537.36 (KHTML, like Gecko) Chrome/109.0.0.0 Mobile Safari/537.36"
178.128.211.247 - - [05/Nov/2025:12:57:20 -0500] "GET /wp-content/themes/jaida/lang.php HTTP/1.1" 301 795 "-" "Mozilla/5.0 (Linux; Android 11; M2010J19SI) AppleWebKit/537.36 (KHTML, like Gecko) Chrome/109.0.0.0 Mobile Safari/537.36"
178.128.211.247 - - [05/Nov/2025:12:57:27 -0500] "GET /wp-l0gin.php HTTP/1.1" 301 795 "-" "Mozilla/5.0 (Linux; Android 11; M2010J19SI) AppleWebKit/537.36 (KHTML, like Gecko) Chrome/109.0.0.0 Mobile Safari/537.36"
178.128.211.247 - - [05/Nov/2025:12:57:32 -0500] "GET /ext.php HTTP/1.1" 301 795 "-" "Mozilla/5.0 (Linux; Android 11; M2010J19SI) AppleWebKit/537.36 (KHTML, like Gecko) Chrome/109.0.0.0 Mobile Safari/537.36"
178.128.211.247 - - [05/Nov/2025:12:57:35 -0500] "GET /wp-l0gin.php HTTP/1.1" 301 795 "-" "Mozilla/5.0 (Linux; Android 11; M2010J19SI) AppleWebKit/537.36 (KHTML, like Gecko) Chrome/109.0.0.0 Mobile Safari/537.36"
185.39.19.49 - - [05/Nov/2025:13:22:49 -0500] "GET / HTTP/1.0" 301 795 "http://chijamzacademy.com/" "Mozilla/5.0 (Windows NT 10.0; Win64; x64) AppleWebKit/537.36 (KHTML, like Gecko) Chrome/129.0.0.0 Safari/537.36"
107.172.44.137 - - [05/Nov/2025:13:28:00 -0500] "POST / HTTP/1.1" 301 795 "-" "Mozilla/5.0 (Linux; U; Android 4.4.2; en-US; HM NOTE 1W Build/KOT49H) AppleWebKit/534.30 (KHTML, like Gecko) Version/4.0 UCBrowser/11.0.5.850 U3/0.8.0 Mobile Safari/534.30"
23.27.75.220 - - [05/Nov/2025:13:32:15 -0500] "GET / HTTP/1.1" 301 795 "-" "axios/1.10.0"
45.77.74.230 - - [05/Nov/2025:13:32:16 -0500] "GET /robots.txt HTTP/1.1" 301 795 "-" "axios/1.10.0"
23.109.208.81 - - [05/Nov/2025:13:32:19 -0500] "GET /sitemap.xml HTTP/1.1" 301 795 "-" "axios/1.10.0"
166.88.224.92 - - [05/Nov/2025:13:32:27 -0500] "GET /sitemap.gz HTTP/1.1" 301 795 "-" "axios/1.10.0"
49.51.195.195 - - [05/Nov/2025:13:42:38 -0500] "GET / HTTP/1.1" 301 795 "-" "Mozilla/5.0 (iPhone; CPU iPhone OS 13_2_3 like Mac OS X) AppleWebKit/605.1.15 (KHTML, like Gecko) Version/13.0.3 Mobile/15E148 Safari/604.1"
107.172.44.137 - - [05/Nov/2025:13:27:56 -0500] "GET /.env HTTP/1.1" 301 795 "-" "Mozilla/5.0 (Linux; U; Android 4.4.2; en-US; HM NOTE 1W Build/KOT49H) AppleWebKit/534.30 (KHTML, like Gecko) Version/4.0 UCBrowser/11.0.5.850 U3/0.8.0 Mobile Safari/534.30"
107.172.44.137 - - [05/Nov/2025:13:28:11 -0500] "GET /vendor/phpunit/phpunit/src/Util/PHP/eval-stdin.php HTTP/1.1" 301 795 "-" "python-requests/2.25.1"
216.244.66.199 - - [05/Nov/2025:13:28:32 -0500] "GET /robots.txt HTTP/1.1" 301 795 "-" "Mozilla/5.0 (compatible; DotBot/1.2; +https://opensiteexplorer.org/dotbot; help@moz.com)"
43.165.70.220 - - [05/Nov/2025:13:30:13 -0500] "GET / HTTP/1.1" 301 795 "-" "Mozilla/5.0 (iPhone; CPU iPhone OS 13_2_3 like Mac OS X) AppleWebKit/605.1.15 (KHTML, like Gecko) Version/13.0.3 Mobile/15E148 Safari/604.1"
104.222.187.182 - - [05/Nov/2025:13:32:16 -0500] "GET / HTTP/1.1" 301 795 "-" "axios/1.10.0"
45.77.74.230 - - [05/Nov/2025:13:32:17 -0500] "GET /sitemap.xml HTTP/1.1" 301 795 "-" "axios/1.10.0"
45.77.74.230 - - [05/Nov/2025:13:32:21 -0500] "GET /sitemap.xml.gz HTTP/1.1" 301 795 "-" "axios/1.10.0"
23.27.208.200 - - [05/Nov/2025:13:32:23 -0500] "GET /sitemap.xml.gz HTTP/1.1" 301 795 "-" "axios/1.10.0"
45.77.74.230 - - [05/Nov/2025:13:32:25 -0500] "GET /sitemap.gz HTTP/1.1" 301 795 "-" "axios/1.10.0"
104.234.19.88 - - [05/Nov/2025:13:51:39 -0500] "GET /postnews.php HTTP/1.1" 301 795 "-" "Go-http-client/1.1"
216.24.219.72 - - [05/Nov/2025:13:51:41 -0500] "GET /wp-admin/postnews.php HTTP/1.1" 301 795 "-" "Go-http-client/1.1"
216.24.219.72 - - [05/Nov/2025:13:51:41 -0500] "GET /wp-content/postnews.php HTTP/1.1" 301 795 "-" "Go-http-client/1.1"
216.244.66.199 - - [05/Nov/2025:14:13:52 -0500] "GET /robots.txt HTTP/1.1" 301 795 "-" "Mozilla/5.0 (compatible; DotBot/1.2; +https://opensiteexplorer.org/dotbot; help@moz.com)"
223.15.245.170 - - [05/Nov/2025:14:22:20 -0500] "GET / HTTP/1.1" 301 795 "-" "Mozilla/5.0 (iPhone; CPU iPhone OS 13_2_3 like Mac OS X) AppleWebKit/605.1.15 (KHTML, like Gecko) Version/13.0.3 Mobile/15E148 Safari/604.1"
216.244.66.199 - - [05/Nov/2025:14:59:05 -0500] "GET /robots.txt HTTP/1.1" 301 795 "-" "Mozilla/5.0 (compatible; DotBot/1.2; +https://opensiteexplorer.org/dotbot; help@moz.com)"
212.119.41.145 - - [05/Nov/2025:15:08:04 -0500] "GET /courses/activate/J7dxFGH6HCcPJjy4hfbspEAM37aDOSJc/ HTTP/1.0" 301 795 "http://chijamzacademy.com/courses/activate/J7dxFGH6HCcPJjy4hfbspEAM37aDOSJc/" "Mozilla/5.0 (Windows NT 10.0; Win64; x64) AppleWebKit/537.36 (KHTML, like Gecko) Chrome/130.0.0.0 Safari/537.36 CCleaner/130.0.0.0"
39.163.130.140 - - [05/Nov/2025:15:13:30 -0500] "GET / HTTP/1.1" 301 795 "http://chijamzacademy.com/" "Mozilla/5.0 (Windows NT 6.1; WOW64) AppleWebKit/537.36 (KHTML, like Gecko) Chrome/50.0.2661.102 Safari/537.36"
144.202.33.143 - - [05/Nov/2025:15:38:40 -0500] "GET /robots.txt HTTP/1.1" 301 795 "-" "Mozilla/5.0 (Macintosh; Intel Mac OS X 10_15_7) AppleWebKit/605.1.15 (KHTML, like Gecko) Version/17.5 Safari/605.1.15 mDI/1.0"
147.45.64.20 - - [05/Nov/2025:15:40:36 -0500] "GET / HTTP/1.1" 301 795 "-" "Python/3.11 aiohttp/3.11.11"
185.39.19.48 - - [05/Nov/2025:15:56:31 -0500] "GET / HTTP/1.0" 301 795 "http://chijamzacademy.com/" "Mozilla/5.0 (Windows NT 10.0; Win64; x64) AppleWebKit/537.36 (KHTML, like Gecko) Chrome/131.0.0.0 Safari/537.36"
216.244.66.199 - - [05/Nov/2025:15:44:29 -0500] "GET /robots.txt HTTP/1.1" 301 795 "-" "Mozilla/5.0 (compatible; DotBot/1.2; +https://opensiteexplorer.org/dotbot; help@moz.com)"
167.71.135.157 - - [05/Nov/2025:16:06:57 -0500] "GET / HTTP/1.1" 301 795 "-" "Mozilla/5.0 (X11; Linux x86_64; rv:139.0) Gecko/20100101 Firefox/139.0"
167.71.135.157 - - [05/Nov/2025:16:06:57 -0500] "GET /favicon.ico HTTP/1.1" 301 795 "http://chijamzacademy.com/" "Mozilla/5.0 (X11; Linux x86_64; rv:139.0) Gecko/20100101 Firefox/139.0"
94.154.127.244 - - [05/Nov/2025:16:04:53 -0500] "GET /courses/activate/J7dxFGH6HCcPJjy4hfbspEAM37aDOSJc/ HTTP/1.0" 301 795 "http://chijamzacademy.com/courses/activate/J7dxFGH6HCcPJjy4hfbspEAM37aDOSJc/" "Mozilla/5.0 (Windows NT 10.0; Win64; x64) AppleWebKit/537.36 (KHTML, like Gecko) Chrome/129.0.0.0 Safari/537.36"
217.76.58.3 - - [05/Nov/2025:16:23:15 -0500] "GET /wp-admin/css/ HTTP/1.1" 301 795 "binance.com" "Mozilla/5.0 (Windows NT 10.0; Win64; x64) AppleWebKit/537.36 (KHTML, like Gecko) Chrome/90.0.4430.85 Safari/537.36"
217.76.58.3 - - [05/Nov/2025:16:26:19 -0500] "GET /wp-content/uploads/ HTTP/1.1" 301 795 "binance.com" "Mozilla/5.0 (Windows NT 10.0; Win64; x64) AppleWebKit/537.36 (KHTML, like Gecko) Chrome/90.0.4430.85 Safari/537.36"
217.76.58.3 - - [05/Nov/2025:16:27:13 -0500] "GET /wp-content/upgrade/ HTTP/1.1" 301 795 "binance.com" "Mozilla/5.0 (Windows NT 10.0; Win64; x64) AppleWebKit/537.36 (KHTML, like Gecko) Chrome/90.0.4430.85 Safari/537.36"
217.76.58.3 - - [05/Nov/2025:16:28:12 -0500] "GET /wp-content/languages/ HTTP/1.1" 301 795 "binance.com" "Mozilla/5.0 (Windows NT 10.0; Win64; x64) AppleWebKit/537.36 (KHTML, like Gecko) Chrome/90.0.4430.85 Safari/537.36"
217.76.58.3 - - [05/Nov/2025:16:28:54 -0500] "GET /wp-admin/includes/ HTTP/1.1" 301 795 "binance.com" "Mozilla/5.0 (Windows NT 10.0; Win64; x64) AppleWebKit/537.36 (KHTML, like Gecko) Chrome/90.0.4430.85 Safari/537.36"
216.244.66.199 - - [05/Nov/2025:16:29:55 -0500] "GET /robots.txt HTTP/1.1" 301 795 "-" "Mozilla/5.0 (compatible; DotBot/1.2; +https://opensiteexplorer.org/dotbot; help@moz.com)"
217.76.58.3 - - [05/Nov/2025:16:30:06 -0500] "GET /wp-admin/includes/ HTTP/1.1" 301 795 "binance.com" "Mozilla/5.0 (Windows NT 10.0; Win64; x64) AppleWebKit/537.36 (KHTML, like Gecko) Chrome/90.0.4430.85 Safari/537.36"
217.76.58.3 - - [05/Nov/2025:16:33:47 -0500] "GET /wp-admin/maint/ HTTP/1.1" 301 795 "binance.com" "Mozilla/5.0 (Windows NT 10.0; Win64; x64) AppleWebKit/537.36 (KHTML, like Gecko) Chrome/90.0.4430.85 Safari/537.36"
196.251.86.13 - - [05/Nov/2025:16:20:34 -0500] "GET /modules/mod_ppc_simple_spotlight/elements/upload_file.php HTTP/1.1" 301 795 "-" "ALittle Client"
217.76.58.3 - - [05/Nov/2025:16:24:27 -0500] "GET /wp-content/uploads/2025/11/ HTTP/1.1" 301 795 "binance.com" "Mozilla/5.0 (Windows NT 10.0; Win64; x64) AppleWebKit/537.36 (KHTML, like Gecko) Chrome/90.0.4430.85 Safari/537.36"
217.76.58.3 - - [05/Nov/2025:16:25:24 -0500] "GET /wp-content/uploads/2025/10/ HTTP/1.1" 301 795 "binance.com" "Mozilla/5.0 (Windows NT 10.0; Win64; x64) AppleWebKit/537.36 (KHTML, like Gecko) Chrome/90.0.4430.85 Safari/537.36"
217.76.58.3 - - [05/Nov/2025:16:32:51 -0500] "GET /wp-admin/maint/ HTTP/1.1" 301 795 "binance.com" "Mozilla/5.0 (Windows NT 10.0; Win64; x64) AppleWebKit/537.36 (KHTML, like Gecko) Chrome/90.0.4430.85 Safari/537.36"
217.76.58.3 - - [05/Nov/2025:16:34:40 -0500] "GET /wp-admin/network/ HTTP/1.1" 301 795 "binance.com" "Mozilla/5.0 (Windows NT 10.0; Win64; x64) AppleWebKit/537.36 (KHTML, like Gecko) Chrome/90.0.4430.85 Safari/537.36"
217.76.58.3 - - [05/Nov/2025:16:36:37 -0500] "GET /wp-admin/user/ HTTP/1.1" 301 795 "binance.com" "Mozilla/5.0 (Windows NT 10.0; Win64; x64) AppleWebKit/537.36 (KHTML, like Gecko) Chrome/90.0.4430.85 Safari/537.36"
217.76.58.3 - - [05/Nov/2025:16:38:33 -0500] "GET /wp-admin/css/ HTTP/1.1" 301 795 "binance.com" "Mozilla/5.0 (Windows NT 10.0; Win64; x64) AppleWebKit/537.36 (KHTML, like Gecko) Chrome/90.0.4430.85 Safari/537.36"
217.76.58.3 - - [05/Nov/2025:16:40:38 -0500] "GET /wp-admin/css/colors/blue/ HTTP/1.1" 301 795 "binance.com" "Mozilla/5.0 (Windows NT 10.0; Win64; x64) AppleWebKit/537.36 (KHTML, like Gecko) Chrome/90.0.4430.85 Safari/537.36"
98.181.137.80 - - [05/Nov/2025:16:41:30 -0500] "GET /courses/ HTTP/1.0" 301 795 "http://chijamzacademy.com/courses/" "Mozilla/5.0 (Windows NT 10.0; Win64; x64) AppleWebKit/537.36 (KHTML, like Gecko) Chrome/131.0.0.0 Safari/537.36"
217.76.58.3 - - [05/Nov/2025:16:41:37 -0500] "GET /wp-admin/css/colors/coffee/ HTTP/1.1" 301 795 "binance.com" "Mozilla/5.0 (Windows NT 10.0; Win64; x64) AppleWebKit/537.36 (KHTML, like Gecko) Chrome/90.0.4430.85 Safari/537.36"
217.76.58.3 - - [05/Nov/2025:16:45:10 -0500] "GET /wp-admin/css/colors/modern/ HTTP/1.1" 301 795 "binance.com" "Mozilla/5.0 (Windows NT 10.0; Win64; x64) AppleWebKit/537.36 (KHTML, like Gecko) Chrome/90.0.4430.85 Safari/537.36"
217.76.58.3 - - [05/Nov/2025:16:46:02 -0500] "GET /wp-admin/css/colors/ocean/ HTTP/1.1" 301 795 "binance.com" "Mozilla/5.0 (Windows NT 10.0; Win64; x64) AppleWebKit/537.36 (KHTML, like Gecko) Chrome/90.0.4430.85 Safari/537.36"
217.76.58.3 - - [05/Nov/2025:16:46:55 -0500] "GET /wp-admin/css/colors/sunrise/%20 HTTP/1.1" 301 795 "binance.com" "Mozilla/5.0 (Windows NT 10.0; Win64; x64) AppleWebKit/537.36 (KHTML, like Gecko) Chrome/90.0.4430.85 Safari/537.36"
217.76.58.3 - - [05/Nov/2025:16:47:45 -0500] "GET /wp-admin/images/ HTTP/1.1" 301 795 "binance.com" "Mozilla/5.0 (Windows NT 10.0; Win64; x64) AppleWebKit/537.36 (KHTML, like Gecko) Chrome/90.0.4430.85 Safari/537.36"
217.76.58.3 - - [05/Nov/2025:16:48:50 -0500] "GET /wp-admin/js/ HTTP/1.1" 301 795 "binance.com" "Mozilla/5.0 (Windows NT 10.0; Win64; x64) AppleWebKit/537.36 (KHTML, like Gecko) Chrome/90.0.4430.85 Safari/537.36"
217.76.58.3 - - [05/Nov/2025:16:50:08 -0500] "GET /wp-admin/js/widgets/ HTTP/1.1" 301 795 "binance.com" "Mozilla/5.0 (Windows NT 10.0; Win64; x64) AppleWebKit/537.36 (KHTML, like Gecko) Chrome/90.0.4430.85 Safari/537.36"
217.76.58.3 - - [05/Nov/2025:16:51:09 -0500] "GET /wp-includes/ HTTP/1.1" 301 795 "binance.com" "Mozilla/5.0 (Windows NT 10.0; Win64; x64) AppleWebKit/537.36 (KHTML, like Gecko) Chrome/90.0.4430.85 Safari/537.36"
217.76.58.3 - - [05/Nov/2025:16:39:44 -0500] "GET /wp-admin/css/colors/ HTTP/1.1" 301 795 "binance.com" "Mozilla/5.0 (Windows NT 10.0; Win64; x64) AppleWebKit/537.36 (KHTML, like Gecko) Chrome/90.0.4430.85 Safari/537.36"
217.76.58.3 - - [05/Nov/2025:16:42:33 -0500] "GET /wp-admin/css/colors/ectoplasm/ HTTP/1.1" 301 795 "binance.com" "Mozilla/5.0 (Windows NT 10.0; Win64; x64) AppleWebKit/537.36 (KHTML, like Gecko) Chrome/90.0.4430.85 Safari/537.36"
217.76.58.3 - - [05/Nov/2025:16:43:28 -0500] "GET /wp-admin/css/colors/light/ HTTP/1.1" 301 795 "binance.com" "Mozilla/5.0 (Windows NT 10.0; Win64; x64) AppleWebKit/537.36 (KHTML, like Gecko) Chrome/90.0.4430.85 Safari/537.36"
217.76.58.3 - - [05/Nov/2025:16:44:17 -0500] "GET /wp-admin/css/colors/midnight/ HTTP/1.1" 301 795 "binance.com" "Mozilla/5.0 (Windows NT 10.0; Win64; x64) AppleWebKit/537.36 (KHTML, like Gecko) Chrome/90.0.4430.85 Safari/537.36"
185.77.221.141 - - [05/Nov/2025:16:50:30 -0500] "GET /courses/activate/J7dxFGH6HCcPJjy4hfbspEAM37aDOSJc/ HTTP/1.0" 301 795 "http://chijamzacademy.com/courses/activate/J7dxFGH6HCcPJjy4hfbspEAM37aDOSJc/" "Mozilla/5.0 (Windows NT 10.0; Win64; x64) AppleWebKit/537.36 (KHTML, like Gecko) Chrome/130.0.0.0 Safari/537.36"
217.76.58.3 - - [05/Nov/2025:16:58:46 -0500] "GET /wp-includes/block-editor.php HTTP/1.1" 301 795 "binance.com" "Mozilla/5.0 (Windows NT 10.0; Win64; x64) AppleWebKit/537.36 (KHTML, like Gecko) Chrome/90.0.4430.85 Safari/537.36"
217.76.58.3 - - [05/Nov/2025:16:59:39 -0500] "GET /wp-includes/block-template-utils.php HTTP/1.1" 301 795 "binance.com" "Mozilla/5.0 (Windows NT 10.0; Win64; x64) AppleWebKit/537.36 (KHTML, like Gecko) Chrome/90.0.4430.85 Safari/537.36"
217.76.58.3 - - [05/Nov/2025:17:00:24 -0500] "GET /wp-includes/block-template.php HTTP/1.1" 301 795 "binance.com" "Mozilla/5.0 (Windows NT 10.0; Win64; x64) AppleWebKit/537.36 (KHTML, like Gecko) Chrome/90.0.4430.85 Safari/537.36"
114.119.159.208 - - [05/Nov/2025:17:00:31 -0500] "GET /robots.txt HTTP/1.1" 301 795 "-" "Mozilla/5.0 (compatible;PetalBot;+https://webmaster.petalsearch.com/site/petalbot)"
217.76.58.3 - - [05/Nov/2025:17:01:14 -0500] "GET /wp-includes/class-avif-info.php HTTP/1.1" 301 795 "binance.com" "Mozilla/5.0 (Windows NT 10.0; Win64; x64) AppleWebKit/537.36 (KHTML, like Gecko) Chrome/90.0.4430.85 Safari/537.36"
217.76.58.3 - - [05/Nov/2025:17:02:53 -0500] "GET /wp-includes/class-wp-block-bindings-source.php HTTP/1.1" 301 795 "binance.com" "Mozilla/5.0 (Windows NT 10.0; Win64; x64) AppleWebKit/537.36 (KHTML, like Gecko) Chrome/90.0.4430.85 Safari/537.36"
217.76.58.3 - - [05/Nov/2025:17:03:38 -0500] "GET /wp-includes/class-wp-block-editor-context.php HTTP/1.1" 301 795 "binance.com" "Mozilla/5.0 (Windows NT 10.0; Win64; x64) AppleWebKit/537.36 (KHTML, like Gecko) Chrome/90.0.4430.85 Safari/537.36"
217.76.58.3 - - [05/Nov/2025:17:04:24 -0500] "GET /wp-includes/class-wp-block-metadata-registry.php HTTP/1.1" 301 795 "binance.com" "Mozilla/5.0 (Windows NT 10.0; Win64; x64) AppleWebKit/537.36 (KHTML, like Gecko) Chrome/90.0.4430.85 Safari/537.36"
217.76.58.3 - - [05/Nov/2025:17:06:05 -0500] "GET /wp-includes/class-wp-block-parser-frame.php HTTP/1.1" 301 795 "binance.com" "Mozilla/5.0 (Windows NT 10.0; Win64; x64) AppleWebKit/537.36 (KHTML, like Gecko) Chrome/90.0.4430.85 Safari/537.36"
217.76.58.3 - - [05/Nov/2025:17:07:44 -0500] "GET /wp-includes/class-wp-block-templates-registry.php HTTP/1.1" 301 795 "binance.com" "Mozilla/5.0 (Windows NT 10.0; Win64; x64) AppleWebKit/537.36 (KHTML, like Gecko) Chrome/90.0.4430.85 Safari/537.36"
217.76.58.3 - - [05/Nov/2025:16:52:12 -0500] "GET /wp-includes/ HTTP/1.1" 301 795 "binance.com" "Mozilla/5.0 (Windows NT 10.0; Win64; x64) AppleWebKit/537.36 (KHTML, like Gecko) Chrome/90.0.4430.85 Safari/537.36"
94.154.127.222 - - [05/Nov/2025:16:53:41 -0500] "GET /courses/activate/J7dxFGH6HCcPJjy4hfbspEAM37aDOSJc/ HTTP/1.0" 301 795 "http://chijamzacademy.com/courses/activate/J7dxFGH6HCcPJjy4hfbspEAM37aDOSJc/" "Mozilla/5.0 (Windows NT 10.0; Win64; x64) AppleWebKit/537.36 (KHTML, like Gecko) Chrome/131.0.0.0 Safari/537.36 Avast/131.0.0.0"
217.76.58.3 - - [05/Nov/2025:16:57:56 -0500] "GET /wp-includes/block-bindings.php HTTP/1.1" 301 795 "binance.com" "Mozilla/5.0 (Windows NT 10.0; Win64; x64) AppleWebKit/537.36 (KHTML, like Gecko) Chrome/90.0.4430.85 Safari/537.36"
114.119.153.53 - - [05/Nov/2025:17:00:08 -0500] "GET /robots.txt HTTP/1.1" 301 795 "-" "Mozilla/5.0 (compatible;PetalBot;+https://webmaster.petalsearch.com/site/petalbot)"
217.76.58.3 - - [05/Nov/2025:17:02:03 -0500] "GET /wp-includes/class-wp-block-bindings-registry.php HTTP/1.1" 301 795 "binance.com" "Mozilla/5.0 (Windows NT 10.0; Win64; x64) AppleWebKit/537.36 (KHTML, like Gecko) Chrome/90.0.4430.85 Safari/537.36"
114.119.151.152 - - [05/Nov/2025:17:04:57 -0500] "GET /robots.txt HTTP/1.1" 301 795 "-" "Mozilla/5.0 (compatible;PetalBot;+https://webmaster.petalsearch.com/site/petalbot)"
217.76.58.3 - - [05/Nov/2025:17:05:17 -0500] "GET /wp-includes/class-wp-block-parser-block.php HTTP/1.1" 301 795 "binance.com" "Mozilla/5.0 (Windows NT 10.0; Win64; x64) AppleWebKit/537.36 (KHTML, like Gecko) Chrome/90.0.4430.85 Safari/537.36"
217.76.58.3 - - [05/Nov/2025:17:06:55 -0500] "GET /wp-includes/class-wp-block-template.php HTTP/1.1" 301 795 "binance.com" "Mozilla/5.0 (Windows NT 10.0; Win64; x64) AppleWebKit/537.36 (KHTML, like Gecko) Chrome/90.0.4430.85 Safari/537.36"
217.76.58.3 - - [05/Nov/2025:17:09:28 -0500] "GET /wp-includes/class-wp-dependencies.php HTTP/1.1" 301 795 "binance.com" "Mozilla/5.0 (Windows NT 10.0; Win64; x64) AppleWebKit/537.36 (KHTML, like Gecko) Chrome/90.0.4430.85 Safari/537.36"
217.76.58.3 - - [05/Nov/2025:17:10:20 -0500] "GET /wp-includes/class-wp-duotone.php HTTP/1.1" 301 795 "binance.com" "Mozilla/5.0 (Windows NT 10.0; Win64; x64) AppleWebKit/537.36 (KHTML, like Gecko) Chrome/90.0.4430.85 Safari/537.36"
217.76.58.3 - - [05/Nov/2025:17:11:56 -0500] "GET /wp-includes/class-wp-http.php HTTP/1.1" 301 795 "binance.com" "Mozilla/5.0 (Windows NT 10.0; Win64; x64) AppleWebKit/537.36 (KHTML, like Gecko) Chrome/90.0.4430.85 Safari/537.36"
217.76.58.3 - - [05/Nov/2025:17:16:49 -0500] "GET /wp-includes/class-wp-speculation-rules.php HTTP/1.1" 301 795 "binance.com" "Mozilla/5.0 (Windows NT 10.0; Win64; x64) AppleWebKit/537.36 (KHTML, like Gecko) Chrome/90.0.4430.85 Safari/537.36"
217.76.58.3 - - [05/Nov/2025:17:18:25 -0500] "GET /wp-includes/class-wp-textdomain-registry.php HTTP/1.1" 301 795 "binance.com" "Mozilla/5.0 (Windows NT 10.0; Win64; x64) AppleWebKit/537.36 (KHTML, like Gecko) Chrome/90.0.4430.85 Safari/537.36"
217.76.58.3 - - [05/Nov/2025:17:19:09 -0500] "GET /wp-includes/class-wp-theme-json-data.php HTTP/1.1" 301 795 "binance.com" "Mozilla/5.0 (Windows NT 10.0; Win64; x64) AppleWebKit/537.36 (KHTML, like Gecko) Chrome/90.0.4430.85 Safari/537.36"
217.76.58.3 - - [05/Nov/2025:17:20:46 -0500] "GET /wp-includes/class-wp-theme-json-schema.php HTTP/1.1" 301 795 "binance.com" "Mozilla/5.0 (Windows NT 10.0; Win64; x64) AppleWebKit/537.36 (KHTML, like Gecko) Chrome/90.0.4430.85 Safari/537.36"
141.98.11.16 - - [05/Nov/2025:17:23:13 -0500] "GET /postnews.php HTTP/1.1" 301 795 "-" "Mozlila/5.0 (Linux; Android 7.0; SM-G892A Bulid/NRD90M; wv) AppleWebKit/537.36 (KHTML, like Gecko) Version/4.0 Chrome/60.0.3112.107 Moblie Safari/537.36"
217.76.58.3 - - [05/Nov/2025:17:08:34 -0500] "GET /wp-includes/class-wp-classic-to-block-menu-converter.php HTTP/1.1" 301 795 "binance.com" "Mozilla/5.0 (Windows NT 10.0; Win64; x64) AppleWebKit/537.36 (KHTML, like Gecko) Chrome/90.0.4430.85 Safari/537.36"
217.76.58.3 - - [05/Nov/2025:17:11:10 -0500] "GET /wp-includes/class-wp-exception.php HTTP/1.1" 301 795 "binance.com" "Mozilla/5.0 (Windows NT 10.0; Win64; x64) AppleWebKit/537.36 (KHTML, like Gecko) Chrome/90.0.4430.85 Safari/537.36"
217.76.58.3 - - [05/Nov/2025:17:12:54 -0500] "GET /wp-includes/class-wp-navigation-fallback.php HTTP/1.1" 301 795 "binance.com" "Mozilla/5.0 (Windows NT 10.0; Win64; x64) AppleWebKit/537.36 (KHTML, like Gecko) Chrome/90.0.4430.85 Safari/537.36"
217.76.58.3 - - [05/Nov/2025:17:13:44 -0500] "GET /wp-includes/class-wp-phpmailer.php HTTP/1.1" 301 795 "binance.com" "Mozilla/5.0 (Windows NT 10.0; Win64; x64) AppleWebKit/537.36 (KHTML, like Gecko) Chrome/90.0.4430.85 Safari/537.36"
217.76.58.3 - - [05/Nov/2025:17:14:33 -0500] "GET /wp-includes/class-wp-plugin-dependencies.php HTTP/1.1" 301 795 "binance.com" "Mozilla/5.0 (Windows NT 10.0; Win64; x64) AppleWebKit/537.36 (KHTML, like Gecko) Chrome/90.0.4430.85 Safari/537.36"
217.76.58.3 - - [05/Nov/2025:17:15:22 -0500] "GET /wp-includes/class-wp-script-modules.php HTTP/1.1" 301 795 "binance.com" "Mozilla/5.0 (Windows NT 10.0; Win64; x64) AppleWebKit/537.36 (KHTML, like Gecko) Chrome/90.0.4430.85 Safari/537.36"
217.76.58.3 - - [05/Nov/2025:17:16:05 -0500] "GET /wp-includes/class-wp-scripts.php HTTP/1.1" 301 795 "binance.com" "Mozilla/5.0 (Windows NT 10.0; Win64; x64) AppleWebKit/537.36 (KHTML, like Gecko) Chrome/90.0.4430.85 Safari/537.36"
217.76.58.3 - - [05/Nov/2025:17:17:39 -0500] "GET /wp-includes/class-wp-styles.php HTTP/1.1" 301 795 "binance.com" "Mozilla/5.0 (Windows NT 10.0; Win64; x64) AppleWebKit/537.36 (KHTML, like Gecko) Chrome/90.0.4430.85 Safari/537.36"
216.244.66.199 - - [05/Nov/2025:17:17:57 -0500] "GET /robots.txt HTTP/1.1" 301 795 "-" "Mozilla/5.0 (compatible; DotBot/1.2; +https://opensiteexplorer.org/dotbot; help@moz.com)"
217.76.58.3 - - [05/Nov/2025:17:19:58 -0500] "GET /wp-includes/class-wp-theme-json-resolver.php HTTP/1.1" 301 795 "binance.com" "Mozilla/5.0 (Windows NT 10.0; Win64; x64) AppleWebKit/537.36 (KHTML, like Gecko) Chrome/90.0.4430.85 Safari/537.36"
