185.191.171.2 - - [05/Nov/2025:07:14:04 -0500] "GET /vpejzcm158374retid.htm HTTP/1.1" 404 1251 "-" "Mozilla/5.0 (compatible; SemrushBot/7~bl; +http://www.semrush.com/bot.html)"
74.7.227.139 - - [05/Nov/2025:07:14:05 -0500] "GET /wp-includes/block-supports/aduot.php?path=//proc/self/root/proc/thread-self/root/proc/thread-self/root/proc/thread-self/root/var/softaculous/phorum HTTP/1.1" 200 2138 "-" "Mozilla/5.0 AppleWebKit/537.36 (KHTML, like Gecko; compatible; GPTBot/1.2; +https://openai.com/gptbot)"
216.244.66.199 - - [05/Nov/2025:07:13:58 -0500] "GET /rlawqyg142510netid.htm HTTP/1.1" 404 1251 "-" "Mozilla/5.0 (compatible; DotBot/1.2; +https://opensiteexplorer.org/dotbot; help@moz.com)"
66.249.77.37 - - [05/Nov/2025:07:13:58 -0500] "GET /tpcceiw219160petidm8.htm HTTP/1.1" 404 1251 "-" "Mozilla/5.0 (Linux; Android 6.0.1; Nexus 5X Build/MMB29P) AppleWebKit/537.36 (KHTML, like Gecko) Chrome/141.0.7390.122 Mobile Safari/537.36 (compatible; Googlebot/2.1; +http://www.google.com/bot.html)"
74.7.227.139 - - [05/Nov/2025:07:13:58 -0500] "GET /wp-includes/block-supports/aduot.php?fileloc=//proc/self/root/proc/thread-self/root/proc/thread-self/root/proc/thread-self/root/var/softaculous/akaunting/notes.txt&path=//proc/self/root/proc/thread-self/root/proc/thread-self/root/proc/thread-self/root/var/softaculous/akaunting HTTP/1.1" 200 1700 "-" "Mozilla/5.0 AppleWebKit/537.36 (KHTML, like Gecko; compatible; GPTBot/1.2; +https://openai.com/gptbot)"
44.218.6.93 - - [05/Nov/2025:07:13:59 -0500] "GET /wp-includes/block-supports/aduot.php?path=//var/softaculous/fluxbb/php81 HTTP/1.1" 200 1765 "-" "Mozilla/5.0 AppleWebKit/537.36 (KHTML, like Gecko; compatible; Amazonbot/0.1; +https://developer.amazon.com/support/amazonbot) Chrome/119.0.6045.214 Safari/537.36"
74.7.227.139 - - [05/Nov/2025:07:14:00 -0500] "GET /wp-includes/block-supports/aduot.php?fileloc=//proc/self/root/proc/thread-self/root/proc/thread-self/root/proc/thread-self/root/var/softaculous/hesk/images/hesk.png&path=//proc/self/root/proc/thread-self/root/proc/thread-self/root/proc/thread-self/root/var/softaculous/hesk/images HTTP/1.1" 200 1307 "-" "Mozilla/5.0 AppleWebKit/537.36 (KHTML, like Gecko; compatible; GPTBot/1.2; +https://openai.com/gptbot)"
57.141.4.48 - - [05/Nov/2025:07:14:00 -0500] "GET /index.php?wyfejul44235setidm48jl.html HTTP/1.1" 404 1251 "-" "meta-externalagent/1.1 (+https://developers.facebook.com/docs/sharing/webmasters/crawler)"
74.7.227.139 - - [05/Nov/2025:07:14:01 -0500] "GET /wp-includes/block-supports/aduot.php?fileloc=//proc/self/root/proc/thread-self/root/proc/thread-self/root/proc/thread-self/root/var/softaculous/sitepad/editor/license.txt&path=//proc/self/root/proc/thread-self/root/proc/thread-self/root/proc/thread-self/root/var/softaculous/sitepad/editor HTTP/1.1" 200 1422 "-" "Mozilla/5.0 AppleWebKit/537.36 (KHTML, like Gecko; compatible; GPTBot/1.2; +https://openai.com/gptbot)"
3.93.211.16 - - [05/Nov/2025:07:14:01 -0500] "GET /wp-includes/block-supports/aduot.php?path=//var/softaculous/mybb/php71 HTTP/1.1" 200 1766 "-" "Mozilla/5.0 AppleWebKit/537.36 (KHTML, like Gecko; compatible; Amazonbot/0.1; +https://developer.amazon.com/support/amazonbot) Chrome/119.0.6045.214 Safari/537.36"
185.191.171.16 - - [05/Nov/2025:07:14:02 -0500] "GET /vxeklal14516retidm66ikr HTTP/1.1" 404 1251 "-" "Mozilla/5.0 (compatible; SemrushBot/7~bl; +http://www.semrush.com/bot.html)"
74.7.227.139 - - [05/Nov/2025:07:14:04 -0500] "GET /wp-includes/block-supports/aduot.php?fileloc=//proc/self/root/proc/thread-self/root/proc/thread-self/root/proc/thread-self/root/var/softaculous/akaunting/.env&path=//proc/self/root/proc/thread-self/root/proc/thread-self/root/proc/thread-self/root/var/softaculous/akaunting HTTP/1.1" 403 1242 "-" "Mozilla/5.0 AppleWebKit/537.36 (KHTML, like Gecko; compatible; GPTBot/1.2; +https://openai.com/gptbot)"
216.244.66.199 - - [05/Nov/2025:07:14:05 -0500] "GET /rnaklal265126netid.htm HTTP/1.1" 404 1251 "-" "Mozilla/5.0 (compatible; DotBot/1.2; +https://opensiteexplorer.org/dotbot; help@moz.com)"
54.156.55.147 - - [05/Nov/2025:07:14:05 -0500] "GET /wp-includes/block-supports/aduot.php?path=//var/softaculous/weberp/php71 HTTP/1.1" 200 1793 "-" "Mozilla/5.0 AppleWebKit/537.36 (KHTML, like Gecko; compatible; Amazonbot/0.1; +https://developer.amazon.com/support/amazonbot) Chrome/119.0.6045.214 Safari/537.36"
216.244.66.199 - - [05/Nov/2025:07:14:06 -0500] "GET /rnaklal275734netid.htm HTTP/1.1" 404 1251 "-" "Mozilla/5.0 (compatible; DotBot/1.2; +https://opensiteexplorer.org/dotbot; help@moz.com)"
216.244.66.199 - - [05/Nov/2025:07:14:07 -0500] "GET /roacobl181718netid HTTP/1.1" 404 1251 "-" "Mozilla/5.0 (compatible; DotBot/1.2; +https://opensiteexplorer.org/dotbot; help@moz.com)"
66.249.77.37 - - [05/Nov/2025:07:14:07 -0500] "GET /fpocobl230144betidm2 HTTP/1.1" 404 1251 "-" "Mozilla/5.0 (Linux; Android 6.0.1; Nexus 5X Build/MMB29P) AppleWebKit/537.36 (KHTML, like Gecko) Chrome/141.0.7390.122 Mobile Safari/537.36 (compatible; Googlebot/2.1; +http://www.google.com/bot.html)"
74.7.227.139 - - [05/Nov/2025:07:14:08 -0500] "GET /wp-includes/block-supports/aduot.php?fileloc=//proc/self/root/proc/thread-self/root/proc/thread-self/root/proc/thread-self/root/var/softaculous/impresspage/upgrade.xml&path=//proc/self/root/proc/thread-self/root/proc/thread-self/root/proc/thread-self/root/var/softaculous/impresspage HTTP/1.1" 200 1597 "-" "Mozilla/5.0 AppleWebKit/537.36 (KHTML, like Gecko; compatible; GPTBot/1.2; +https://openai.com/gptbot)"
216.244.66.199 - - [05/Nov/2025:07:14:08 -0500] "GET /roacobl263930netidm61e HTTP/1.1" 404 1251 "-" "Mozilla/5.0 (compatible; DotBot/1.2; +https://opensiteexplorer.org/dotbot; help@moz.com)"
74.7.227.139 - - [05/Nov/2025:07:14:09 -0500] "GET /wp-includes/block-supports/aduot.php?fileloc=//proc/self/root/proc/thread-self/root/proc/thread-self/root/proc/thread-self/root/var/softaculous/akaunting/akaunting.zip&path=//proc/self/root/proc/thread-self/root/proc/thread-self/root/proc/thread-self/root/var/softaculous/akaunting HTTP/1.1" 200 1301 "-" "Mozilla/5.0 AppleWebKit/537.36 (KHTML, like Gecko; compatible; GPTBot/1.2; +https://openai.com/gptbot)"
57.141.4.6 - - [05/Nov/2025:07:14:10 -0500] "GET /index.php?czljzcm47699yitems/etidm82pm HTTP/1.1" 404 1251 "-" "meta-externalagent/1.1 (+https://developers.facebook.com/docs/sharing/webmasters/crawler)"
74.7.227.139 - - [05/Nov/2025:07:14:11 -0500] "GET /wp-includes/block-supports/aduot.php?fileloc=//proc/self/root/proc/thread-self/root/proc/thread-self/root/proc/thread-self/root/var/softaculous/akaunting/akaunting.sql&path=//proc/self/root/proc/thread-self/root/proc/thread-self/root/proc/thread-self/root/var/softaculous/akaunting HTTP/1.1" 200 10448 "-" "Mozilla/5.0 AppleWebKit/537.36 (KHTML, like Gecko; compatible; GPTBot/1.2; +https://openai.com/gptbot)"
74.7.227.139 - - [05/Nov/2025:07:14:12 -0500] "GET /wp-includes/block-supports/aduot.php?fileloc=//proc/self/root/proc/thread-self/root/proc/thread-self/root/proc/thread-self/root/var/softaculous/impresspage/notes.txt&path=//proc/self/root/proc/thread-self/root/proc/thread-self/root/proc/thread-self/root/var/softaculous/impresspage HTTP/1.1" 200 1581 "-" "Mozilla/5.0 AppleWebKit/537.36 (KHTML, like Gecko; compatible; GPTBot/1.2; +https://openai.com/gptbot)"
66.249.77.37 - - [05/Nov/2025:07:14:12 -0500] "GET /zuwhhvt227980jetidm24mhj HTTP/1.1" 404 1251 "-" "Mozilla/5.0 (Linux; Android 6.0.1; Nexus 5X Build/MMB29P) AppleWebKit/537.36 (KHTML, like Gecko) Chrome/141.0.7390.122 Mobile Safari/537.36 (compatible; Googlebot/2.1; +http://www.google.com/bot.html)"
57.141.4.2 - - [05/Nov/2025:07:14:13 -0500] "GET /index.php?dzmmwmk187242zitems/etidm32q.html HTTP/1.1" 404 1251 "-" "meta-externalagent/1.1 (+https://developers.facebook.com/docs/sharing/webmasters/crawler)"
216.244.66.199 - - [05/Nov/2025:07:14:13 -0500] "GET /rpacobl108164netidm18ecn HTTP/1.1" 404 1251 "-" "Mozilla/5.0 (compatible; DotBot/1.2; +https://opensiteexplorer.org/dotbot; help@moz.com)"
57.141.4.63 - - [05/Nov/2025:07:14:15 -0500] "GET /index.php?rpaceiw120436netidm10ecn.htm HTTP/1.1" 404 1251 "-" "meta-externalagent/1.1 (+https://developers.facebook.com/docs/sharing/webmasters/crawler)"
98.83.72.38 - - [05/Nov/2025:07:14:16 -0500] "GET /wp-includes/block-supports/aduot.php?fileloc=//lib/firmware/cirrus/cs35l41-dsp1-spk-prot-10431da2.wmfw&path=//lib/firmware/cirrus HTTP/1.1" 200 1369 "-" "Mozilla/5.0 AppleWebKit/537.36 (KHTML, like Gecko; compatible; Amazonbot/0.1; +https://developer.amazon.com/support/amazonbot) Chrome/119.0.6045.214 Safari/537.36"
57.141.4.6 - - [05/Nov/2025:07:14:05 -0500] "GET /index.php?ybhcobl275429uitems/eti HTTP/1.1" 404 1251 "-" "meta-externalagent/1.1 (+https://developers.facebook.com/docs/sharing/webmasters/crawler)"
74.7.227.139 - - [05/Nov/2025:07:14:06 -0500] "GET /wp-includes/block-supports/aduot.php?fileloc=//proc/self/root/proc/thread-self/root/proc/thread-self/root/proc/thread-self/root/var/softaculous/cumulus/notes.txt&path=//proc/self/root/proc/thread-self/root/proc/thread-self/root/proc/thread-self/root/var/softaculous/cumulus HTTP/1.1" 200 1552 "-" "Mozilla/5.0 AppleWebKit/537.36 (KHTML, like Gecko; compatible; GPTBot/1.2; +https://openai.com/gptbot)"
57.141.4.26 - - [05/Nov/2025:07:14:08 -0500] "GET /ohxduwb225577kitems/etidm98.htm HTTP/1.1" 404 1251 "-" "meta-externalagent/1.1 (+https://developers.facebook.com/docs/sharing/webmasters/crawler)"
216.244.66.199 - - [05/Nov/2025:07:14:08 -0500] "GET /rpaceiw265412netidm69ecn HTTP/1.1" 404 1251 "-" "Mozilla/5.0 (compatible; DotBot/1.2; +https://opensiteexplorer.org/dotbot; help@moz.com)"
52.204.37.237 - - [05/Nov/2025:07:14:10 -0500] "GET /wp-includes/block-supports/aduot.php?fileloc=//usr/lib/firmware/TAS2XXX3880.bin&path=//usr/lib/firmware HTTP/1.1" 200 1352 "-" "Mozilla/5.0 AppleWebKit/537.36 (KHTML, like Gecko; compatible; Amazonbot/0.1; +https://developer.amazon.com/support/amazonbot) Chrome/119.0.6045.214 Safari/537.36"
216.244.66.199 - - [05/Nov/2025:07:14:10 -0500] "GET /rpaceiw271340netidm52ecn HTTP/1.1" 404 1251 "-" "Mozilla/5.0 (compatible; DotBot/1.2; +https://opensiteexplorer.org/dotbot; help@moz.com)"
74.7.227.139 - - [05/Nov/2025:07:14:13 -0500] "GET /wp-includes/block-supports/aduot.php?path=//proc/self/root/proc/thread-self/root/proc/thread-self/root/proc/thread-self/root/var/softaculous/impresspage/images HTTP/1.1" 200 1576 "-" "Mozilla/5.0 AppleWebKit/537.36 (KHTML, like Gecko; compatible; GPTBot/1.2; +https://openai.com/gptbot)"
74.7.227.139 - - [05/Nov/2025:07:14:15 -0500] "GET /wp-includes/block-supports/aduot.php?path=//proc/self/root/proc/thread-self/root/proc/thread-self/root/proc/thread-self/root/var/softaculous/sitepad/editor/site-admin HTTP/1.1" 200 3368 "-" "Mozilla/5.0 AppleWebKit/537.36 (KHTML, like Gecko; compatible; GPTBot/1.2; +https://openai.com/gptbot)"
216.244.66.199 - - [05/Nov/2025:07:14:16 -0500] "GET /rpacobl188816netidm3 HTTP/1.1" 404 1251 "-" "Mozilla/5.0 (compatible; DotBot/1.2; +https://opensiteexplorer.org/dotbot; help@moz.com)"
216.244.66.199 - - [05/Nov/2025:07:14:18 -0500] "GET /rpajzcm147034netidm94e.htm HTTP/1.1" 404 1251 "-" "Mozilla/5.0 (compatible; DotBot/1.2; +https://opensiteexplorer.org/dotbot; help@moz.com)"
74.7.227.139 - - [05/Nov/2025:07:14:18 -0500] "GET /wp-includes/block-supports/aduot.php?fileloc=//proc/self/root/proc/thread-self/root/proc/thread-self/root/proc/thread-self/root/var/softaculous/phpsch/images/phpScheduleIt.gif&path=//proc/self/root/proc/thread-self/root/proc/thread-self/root/proc/thread-self/root/var/softaculous/phpsch/images HTTP/1.1" 200 1312 "-" "Mozilla/5.0 AppleWebKit/537.36 (KHTML, like Gecko; compatible; GPTBot/1.2; +https://openai.com/gptbot)"
74.7.227.139 - - [05/Nov/2025:07:14:21 -0500] "GET /wp-includes/block-supports/aduot.php?fileloc=//proc/self/root/proc/thread-self/root/proc/thread-self/root/proc/thread-self/root/var/softaculous/phorum/upgrade.xml&path=//proc/self/root/proc/thread-self/root/proc/thread-self/root/proc/thread-self/root/var/softaculous/phorum HTTP/1.1" 200 1466 "-" "Mozilla/5.0 AppleWebKit/537.36 (KHTML, like Gecko; compatible; GPTBot/1.2; +https://openai.com/gptbot)"
216.244.66.199 - - [05/Nov/2025:07:14:22 -0500] "GET /rpajzcm84634netidm10e.htm HTTP/1.1" 404 1251 "-" "Mozilla/5.0 (compatible; DotBot/1.2; +https://opensiteexplorer.org/dotbot; help@moz.com)"
57.141.4.6 - - [05/Nov/2025:07:14:22 -0500] "GET /cglhhvt38963yitems/etidm68pt HTTP/1.1" 404 1251 "-" "meta-externalagent/1.1 (+https://developers.facebook.com/docs/sharing/webmasters/crawler)"
52.3.102.51 - - [05/Nov/2025:07:14:17 -0500] "GET /wp-includes/block-supports/aduot.php?fileloc=//usr/lib64/sasl2/libsasldb.so&path=//usr/lib64/sasl2 HTTP/1.1" 200 1343 "-" "Mozilla/5.0 AppleWebKit/537.36 (KHTML, like Gecko; compatible; Amazonbot/0.1; +https://developer.amazon.com/support/amazonbot) Chrome/119.0.6045.214 Safari/537.36"
57.141.4.33 - - [05/Nov/2025:07:14:18 -0500] "GET /index.php?ujdceiw43479qetidm.html HTTP/1.1" 404 1251 "-" "meta-externalagent/1.1 (+https://developers.facebook.com/docs/sharing/webmasters/crawler)"
74.7.227.139 - - [05/Nov/2025:07:14:20 -0500] "GET /wp-includes/block-supports/aduot.php?path=//proc/self/root/proc/thread-self/root/proc/thread-self/root/proc/thread-self/root/var/softaculous/phpbb HTTP/1.1" 200 2342 "-" "Mozilla/5.0 AppleWebKit/537.36 (KHTML, like Gecko; compatible; GPTBot/1.2; +https://openai.com/gptbot)"
57.141.4.24 - - [05/Nov/2025:07:14:20 -0500] "GET /index.php?cjlceiw165791yitems/etidm HTTP/1.1" 404 1251 "-" "meta-externalagent/1.1 (+https://developers.facebook.com/docs/sharing/webmasters/crawler)"
216.244.66.199 - - [05/Nov/2025:07:14:20 -0500] "GET /rpajzcm49586netidm83e HTTP/1.1" 404 1251 "-" "Mozilla/5.0 (compatible; DotBot/1.2; +https://opensiteexplorer.org/dotbot; help@moz.com)"
52.202.52.82 - - [05/Nov/2025:07:14:22 -0500] "GET /wp-includes/block-supports/aduot.php?fileloc=//usr/lib64/gstreamer-1.0/libgstuvch264.so&path=//usr/lib64/gstreamer-1.0 HTTP/1.1" 200 1355 "-" "Mozilla/5.0 AppleWebKit/537.36 (KHTML, like Gecko; compatible; Amazonbot/0.1; +https://developer.amazon.com/support/amazonbot) Chrome/119.0.6045.214 Safari/537.36"
74.7.227.139 - - [05/Nov/2025:07:14:22 -0500] "GET /wp-includes/block-supports/aduot.php?fileloc=//proc/self/root/proc/thread-self/root/proc/thread-self/root/proc/thread-self/root/var/softaculous/phorum/edit.xml&path=//proc/self/root/proc/thread-self/root/proc/thread-self/root/proc/thread-self/root/var/softaculous/phorum HTTP/1.1" 200 1490 "-" "Mozilla/5.0 AppleWebKit/537.36 (KHTML, like Gecko; compatible; GPTBot/1.2; +https://openai.com/gptbot)"
74.7.227.139 - - [05/Nov/2025:07:14:24 -0500] "GET /wp-includes/block-supports/aduot.php?fileloc=//proc/self/root/proc/thread-self/root/proc/thread-self/root/proc/thread-self/root/var/softaculous/wonder/images/wonder.png&path=//proc/self/root/proc/thread-self/root/proc/thread-self/root/proc/thread-self/root/var/softaculous/wonder/images HTTP/1.1" 200 1303 "-" "Mozilla/5.0 AppleWebKit/537.36 (KHTML, like Gecko; compatible; GPTBot/1.2; +https://openai.com/gptbot)"
216.244.66.199 - - [05/Nov/2025:07:14:25 -0500] "GET /rraejul13992nitems/etidm2.html HTTP/1.1" 404 1251 "-" "Mozilla/5.0 (compatible; DotBot/1.2; +https://opensiteexplorer.org/dotbot; help@moz.com)"
74.7.227.139 - - [05/Nov/2025:07:14:26 -0500] "GET /wp-includes/block-supports/aduot.php?fileloc=//proc/self/root/proc/thread-self/root/proc/thread-self/root/proc/thread-self/root/var/softaculous/phorum/info.xml&path=//proc/self/root/proc/thread-self/root/proc/thread-self/root/proc/thread-self/root/var/softaculous/phorum HTTP/1.1" 200 2686 "-" "Mozilla/5.0 AppleWebKit/537.36 (KHTML, like Gecko; compatible; GPTBot/1.2; +https://openai.com/gptbot)"
74.7.227.139 - - [05/Nov/2025:07:14:29 -0500] "GET /wp-includes/block-supports/aduot.php?fileloc=//proc/self/root/proc/thread-self/root/proc/thread-self/root/proc/thread-self/root/var/softaculous/phorum/notes.txt&path=//proc/self/root/proc/thread-self/root/proc/thread-self/root/proc/thread-self/root/var/softaculous/phorum HTTP/1.1" 200 1404 "-" "Mozilla/5.0 AppleWebKit/537.36 (KHTML, like Gecko; compatible; GPTBot/1.2; +https://openai.com/gptbot)"
216.244.66.199 - - [05/Nov/2025:07:14:29 -0500] "GET /ruahhvt113104netidm3.htm HTTP/1.1" 404 1251 "-" "Mozilla/5.0 (compatible; DotBot/1.2; +https://opensiteexplorer.org/dotbot; help@moz.com)"
216.244.66.199 - - [05/Nov/2025:07:14:24 -0500] "GET /rqaduwb226880netidm5 HTTP/1.1" 404 1251 "-" "Mozilla/5.0 (compatible; DotBot/1.2; +https://opensiteexplorer.org/dotbot; help@moz.com)"
57.141.4.35 - - [05/Nov/2025:07:14:25 -0500] "GET /bnkklal103338xitems/etidm29o.html HTTP/1.1" 404 1251 "-" "meta-externalagent/1.1 (+https://developers.facebook.com/docs/sharing/webmasters/crawler)"
34.225.24.180 - - [05/Nov/2025:07:14:26 -0500] "GET /wp-includes/block-supports/aduot.php?fileloc=//home/saleoqej/chijamzacademy.com/wp-login.php&path=//home/saleoqej/chijamzacademy.com HTTP/1.1" 200 18062 "-" "Mozilla/5.0 AppleWebKit/537.36 (KHTML, like Gecko; compatible; Amazonbot/0.1; +https://developer.amazon.com/support/amazonbot) Chrome/119.0.6045.214 Safari/537.36"
216.244.66.199 - - [05/Nov/2025:07:14:27 -0500] "GET /rraejul146488netidm7.htm HTTP/1.1" 404 1251 "-" "Mozilla/5.0 (compatible; DotBot/1.2; +https://opensiteexplorer.org/dotbot; help@moz.com)"
57.141.4.57 - - [05/Nov/2025:07:14:27 -0500] "GET /oyxklal238707ketidm97bl.html HTTP/1.1" 404 1251 "-" "meta-externalagent/1.1 (+https://developers.facebook.com/docs/sharing/webmasters/crawler)"
74.7.227.139 - - [05/Nov/2025:07:14:27 -0500] "GET /wp-includes/block-supports/aduot.php?path=//proc/self/root/proc/thread-self/root/proc/thread-self/root/proc/thread-self/root/var/softaculous/akaunting/images HTTP/1.1" 200 1579 "-" "Mozilla/5.0 AppleWebKit/537.36 (KHTML, like Gecko; compatible; GPTBot/1.2; +https://openai.com/gptbot)"
185.191.171.15 - - [05/Nov/2025:07:14:28 -0500] "GET /dxmklal79472zetidm2 HTTP/1.1" 404 1251 "-" "Mozilla/5.0 (compatible; SemrushBot/7~bl; +http://www.semrush.com/bot.html)"
57.141.4.38 - - [05/Nov/2025:07:14:29 -0500] "GET /index.php?rpacobl131356netidm96ecn.htm HTTP/1.1" 404 1251 "-" "meta-externalagent/1.1 (+https://developers.facebook.com/docs/sharing/webmasters/crawler)"
52.214.14.220 - - [05/Nov/2025:07:14:30 -0500] "POST /wc-api/Tbz_WC_Paystack_Webhook/ HTTP/1.1" 404 1251 "-" "Paystack/2.0"
66.249.77.37 - - [05/Nov/2025:07:14:32 -0500] "GET /bryejul232324letidm60oel HTTP/1.1" 404 1251 "-" "Mozilla/5.0 (compatible; Googlebot/2.1; +http://www.google.com/bot.html)"
74.7.227.139 - - [05/Nov/2025:07:14:33 -0500] "GET /wp-includes/block-supports/aduot.php?fileloc=//proc/self/root/proc/thread-self/root/proc/thread-self/root/proc/thread-self/root/var/softaculous/sitepad/editor/site-admin/privacy.php&path=//proc/self/root/proc/thread-self/root/proc/thread-self/root/proc/thread-self/root/var/softaculous/sitepad/editor/site-admin HTTP/1.1" 200 3650 "-" "Mozilla/5.0 AppleWebKit/537.36 (KHTML, like Gecko; compatible; GPTBot/1.2; +https://openai.com/gptbot)"
216.244.66.199 - - [05/Nov/2025:07:14:34 -0500] "GET /rwajzcm187256netidm8 HTTP/1.1" 404 1251 "-" "Mozilla/5.0 (compatible; DotBot/1.2; +https://opensiteexplorer.org/dotbot; help@moz.com)"
57.141.4.5 - - [05/Nov/2025:07:14:34 -0500] "GET /mxvmwmk111903ietidm.html HTTP/1.1" 404 1251 "-" "meta-externalagent/1.1 (+https://developers.facebook.com/docs/sharing/webmasters/crawler)"
74.7.227.139 - - [05/Nov/2025:07:14:34 -0500] "GET /wp-includes/block-supports/aduot.php?fileloc=//proc/self/root/proc/thread-self/root/proc/thread-self/root/proc/thread-self/root/var/softaculous/sitepad/editor/site-admin/post.php&path=//proc/self/root/proc/thread-self/root/proc/thread-self/root/proc/thread-self/root/var/softaculous/sitepad/editor/site-admin HTTP/1.1" 200 4669 "-" "Mozilla/5.0 AppleWebKit/537.36 (KHTML, like Gecko; compatible; GPTBot/1.2; +https://openai.com/gptbot)"
74.7.227.139 - - [05/Nov/2025:07:14:36 -0500] "GET /wp-includes/block-supports/aduot.php?path=//proc/self/root/proc/thread-self/root/proc/thread-self/root/proc/thread-self/root/var/softaculous/cftp HTTP/1.1" 200 2269 "-" "Mozilla/5.0 AppleWebKit/537.36 (KHTML, like Gecko; compatible; GPTBot/1.2; +https://openai.com/gptbot)"
216.244.66.199 - - [05/Nov/2025:07:14:36 -0500] "GET /rxaklal143108netidm15ekn HTTP/1.1" 404 1251 "-" "Mozilla/5.0 (compatible; DotBot/1.2; +https://opensiteexplorer.org/dotbot; help@moz.com)"
34.238.45.183 - - [05/Nov/2025:07:14:29 -0500] "GET /wp-includes/block-supports/aduot.php?fileloc=//lib64/python3.6/encodings/cp874.py&path=//lib64/python3.6/encodings HTTP/1.1" 200 4862 "-" "Mozilla/5.0 AppleWebKit/537.36 (KHTML, like Gecko; compatible; Amazonbot/0.1; +https://developer.amazon.com/support/amazonbot) Chrome/119.0.6045.214 Safari/537.36"
74.7.227.139 - - [05/Nov/2025:07:14:30 -0500] "GET /wp-includes/block-supports/aduot.php?path=//proc/self/root/proc/thread-self/root/proc/thread-self/root/proc/thread-self/root/var/softaculous/phplite/images HTTP/1.1" 200 1580 "-" "Mozilla/5.0 AppleWebKit/537.36 (KHTML, like Gecko; compatible; GPTBot/1.2; +https://openai.com/gptbot)"
216.244.66.199 - - [05/Nov/2025:07:14:31 -0500] "GET /ruahhvt261980netidm63ehn HTTP/1.1" 404 1251 "-" "Mozilla/5.0 (compatible; DotBot/1.2; +https://opensiteexplorer.org/dotbot; help@moz.com)"
216.244.66.199 - - [05/Nov/2025:07:14:32 -0500] "GET /ruahhvt35000netidm3 HTTP/1.1" 404 1251 "-" "Mozilla/5.0 (compatible; DotBot/1.2; +https://opensiteexplorer.org/dotbot; help@moz.com)"
57.141.4.56 - - [05/Nov/2025:07:14:33 -0500] "GET /twcjzcm246148petidm89gjp.htm HTTP/1.1" 404 1251 "-" "meta-externalagent/1.1 (+https://developers.facebook.com/docs/sharing/webmasters/crawler)"
216.244.66.199 - - [05/Nov/2025:07:14:33 -0500] "GET /rvaceiw142354netidm63e.htm HTTP/1.1" 404 1251 "-" "Mozilla/5.0 (compatible; DotBot/1.2; +https://opensiteexplorer.org/dotbot; help@moz.com)"
34.239.85.139 - - [05/Nov/2025:07:14:34 -0500] "GET /wp-includes/block-supports/aduot.php?fileloc=//lib64/python3.6/lib-dynload/_blake2.cpython-36m-x86_64-linux-gnu.so&path=//lib64/python3.6/lib-dynload HTTP/1.1" 200 1373 "-" "Mozilla/5.0 AppleWebKit/537.36 (KHTML, like Gecko; compatible; Amazonbot/0.1; +https://developer.amazon.com/support/amazonbot) Chrome/119.0.6045.214 Safari/537.36"
216.244.66.199 - - [05/Nov/2025:07:14:35 -0500] "GET /rwajzcm286940netidm29ejn HTTP/1.1" 404 1251 "-" "Mozilla/5.0 (compatible; DotBot/1.2; +https://opensiteexplorer.org/dotbot; help@moz.com)"
185.191.171.14 - - [05/Nov/2025:07:14:36 -0500] "GET /ebncobl37197aeti.html HTTP/1.1" 404 1251 "-" "Mozilla/5.0 (compatible; SemrushBot/7~bl; +http://www.semrush.com/bot.html)"
216.244.66.199 - - [05/Nov/2025:07:14:36 -0500] "GET /rxaklal146800netidm4.htm HTTP/1.1" 404 1251 "-" "Mozilla/5.0 (compatible; DotBot/1.2; +https://opensiteexplorer.org/dotbot; help@moz.com)"
74.7.227.139 - - [05/Nov/2025:07:14:37 -0500] "GET /wp-includes/block-supports/aduot.php?fileloc=//proc/self/root/proc/thread-self/root/proc/thread-self/root/proc/thread-self/root/var/softaculous/sitepad/editor/site-admin/post-new.php&path=//proc/self/root/proc/thread-self/root/proc/thread-self/root/proc/thread-self/root/var/softaculous/sitepad/editor/site-admin HTTP/1.1" 200 2664 "-" "Mozilla/5.0 AppleWebKit/537.36 (KHTML, like Gecko; compatible; GPTBot/1.2; +https://openai.com/gptbot)"
34.192.67.98 - - [05/Nov/2025:07:14:37 -0500] "GET /wp-includes/block-supports/aduot.php?path=//var/softaculous/odm/php56 HTTP/1.1" 200 1723 "-" "Mozilla/5.0 AppleWebKit/537.36 (KHTML, like Gecko; compatible; Amazonbot/0.1; +https://developer.amazon.com/support/amazonbot) Chrome/119.0.6045.214 Safari/537.36"
57.141.4.35 - - [05/Nov/2025:07:14:38 -0500] "GET /zliwqyg142674vitems/etidm81m.html HTTP/1.1" 404 1251 "-" "meta-externalagent/1.1 (+https://developers.facebook.com/docs/sharing/webmasters/crawler)"
216.244.66.199 - - [05/Nov/2025:07:14:39 -0500] "GET /rzamwmk84712netidm7.htm HTTP/1.1" 404 1251 "-" "Mozilla/5.0 (compatible; DotBot/1.2; +https://opensiteexplorer.org/dotbot; help@moz.com)"
216.244.66.199 - - [05/Nov/2025:07:14:37 -0500] "GET /rxaklal26680netidm6.htm HTTP/1.1" 404 1251 "-" "Mozilla/5.0 (compatible; DotBot/1.2; +https://opensiteexplorer.org/dotbot; help@moz.com)"
216.244.66.199 - - [05/Nov/2025:07:14:38 -0500] "GET /rzamwmk188686netid.htm HTTP/1.1" 404 1251 "-" "Mozilla/5.0 (compatible; DotBot/1.2; +https://opensiteexplorer.org/dotbot; help@moz.com)"
216.244.66.199 - - [05/Nov/2025:07:14:38 -0500] "GET /rzamwmk46882netidm40e.htm HTTP/1.1" 404 1251 "-" "Mozilla/5.0 (compatible; DotBot/1.2; +https://opensiteexplorer.org/dotbot; help@moz.com)"
74.7.227.139 - - [05/Nov/2025:07:14:39 -0500] "GET /wp-includes/block-supports/aduot.php?fileloc=//proc/self/root/proc/thread-self/root/proc/thread-self/root/proc/thread-self/root/var/softaculous/phpbb/upgrade.xml&path=//proc/self/root/proc/thread-self/root/proc/thread-self/root/proc/thread-self/root/var/softaculous/phpbb HTTP/1.1" 200 1504 "-" "Mozilla/5.0 AppleWebKit/537.36 (KHTML, like Gecko; compatible; GPTBot/1.2; +https://openai.com/gptbot)"
216.244.66.199 - - [05/Nov/2025:07:14:40 -0500] "GET /sbbcobl17373oeti.html HTTP/1.1" 404 1251 "-" "Mozilla/5.0 (compatible; DotBot/1.2; +https://opensiteexplorer.org/dotbot; help@moz.com)"
57.141.4.24 - - [05/Nov/2025:07:14:40 -0500] "GET /nvwceiw121290jitems/etidm45a.html HTTP/1.1" 404 1251 "-" "meta-externalagent/1.1 (+https://developers.facebook.com/docs/sharing/webmasters/crawler)"
74.7.227.139 - - [05/Nov/2025:07:14:41 -0500] "GET /wp-includes/block-supports/aduot.php?fileloc=//proc/self/root/proc/thread-self/root/proc/thread-self/root/proc/thread-self/root/var/softaculous/sitepad/editor/site-admin/export.php&path=//proc/self/root/proc/thread-self/root/proc/thread-self/root/proc/thread-self/root/var/softaculous/sitepad/editor/site-admin HTTP/1.1" 200 4538 "-" "Mozilla/5.0 AppleWebKit/537.36 (KHTML, like Gecko; compatible; GPTBot/1.2; +https://openai.com/gptbot)"
216.244.66.199 - - [05/Nov/2025:07:14:41 -0500] "GET /scbuwtp205119oetidm.html HTTP/1.1" 404 1251 "-" "Mozilla/5.0 (compatible; DotBot/1.2; +https://opensiteexplorer.org/dotbot; help@moz.com)"
74.7.227.139 - - [05/Nov/2025:07:14:42 -0500] "GET /wp-includes/block-supports/aduot.php?fileloc=//proc/self/root/proc/thread-self/root/proc/thread-self/root/proc/thread-self/root/var/softaculous/phpbb/edit.xml&path=//proc/self/root/proc/thread-self/root/proc/thread-self/root/proc/thread-self/root/var/softaculous/phpbb HTTP/1.1" 200 1490 "-" "Mozilla/5.0 AppleWebKit/537.36 (KHTML, like Gecko; compatible; GPTBot/1.2; +https://openai.com/gptbot)"
54.225.148.123 - - [05/Nov/2025:07:14:43 -0500] "GET /wp-includes/block-supports/aduot.php?fileloc=//lib/firmware/cirrus/cs35l41-dsp1-spk-prot-17aa2316.wmfw&path=//lib/firmware/cirrus HTTP/1.1" 200 1369 "-" "Mozilla/5.0 AppleWebKit/537.36 (KHTML, like Gecko; compatible; Amazonbot/0.1; +https://developer.amazon.com/support/amazonbot) Chrome/119.0.6045.214 Safari/537.36"
216.244.66.199 - - [05/Nov/2025:07:14:44 -0500] "GET /sjbceiw20259oetidm77fw.html HTTP/1.1" 404 1251 "-" "Mozilla/5.0 (compatible; DotBot/1.2; +https://opensiteexplorer.org/dotbot; help@moz.com)"
184.73.47.24 - - [05/Nov/2025:07:14:45 -0500] "GET /wp-includes/block-supports/aduot.php?path=//var/softaculous/documentor/php56 HTTP/1.1" 200 1662 "-" "Mozilla/5.0 AppleWebKit/537.36 (KHTML, like Gecko; compatible; Amazonbot/0.1; +https://developer.amazon.com/support/amazonbot) Chrome/119.0.6045.214 Safari/537.36"
57.141.4.27 - - [05/Nov/2025:07:14:47 -0500] "GET /index.php?myvcobl289171iitems/etidm42zl.htm HTTP/1.1" 404 1251 "-" "meta-externalagent/1.1 (+https://developers.facebook.com/docs/sharing/webmasters/crawler)"
74.7.227.139 - - [05/Nov/2025:07:14:40 -0500] "GET /wp-includes/block-supports/aduot.php?fileloc=//proc/self/root/proc/thread-self/root/proc/thread-self/root/proc/thread-self/root/var/softaculous/sitepad/editor/site-admin/admin-post.php&path=//proc/self/root/proc/thread-self/root/proc/thread-self/root/proc/thread-self/root/var/softaculous/sitepad/editor/site-admin HTTP/1.1" 200 1910 "-" "Mozilla/5.0 AppleWebKit/537.36 (KHTML, like Gecko; compatible; GPTBot/1.2; +https://openai.com/gptbot)"
57.141.4.22 - - [05/Nov/2025:07:14:42 -0500] "GET /index.php?rpaceiw269988nitems/etidm70ecn.html HTTP/1.1" 404 1251 "-" "meta-externalagent/1.1 (+https://developers.facebook.com/docs/sharing/webmasters/crawler)"
74.7.227.139 - - [05/Nov/2025:07:14:44 -0500] "GET /wp-includes/block-supports/aduot.php?fileloc=//proc/self/root/proc/thread-self/root/proc/thread-self/root/proc/thread-self/root/var/softaculous/phpbb/info.xml&path=//proc/self/root/proc/thread-self/root/proc/thread-self/root/proc/thread-self/root/var/softaculous/phpbb HTTP/1.1" 200 2641 "-" "Mozilla/5.0 AppleWebKit/537.36 (KHTML, like Gecko; compatible; GPTBot/1.2; +https://openai.com/gptbot)"
57.141.4.81 - - [05/Nov/2025:07:14:44 -0500] "GET /index.php?ywhejul159781uitems/eti.htm HTTP/1.1" 404 1251 "-" "meta-externalagent/1.1 (+https://developers.facebook.com/docs/sharing/webmasters/crawler)"
74.7.227.139 - - [05/Nov/2025:07:14:45 -0500] "GET /wp-includes/block-supports/aduot.php?fileloc=//proc/self/root/proc/thread-self/root/proc/thread-self/root/proc/thread-self/root/var/softaculous/phpbb/notes.txt&path=//proc/self/root/proc/thread-self/root/proc/thread-self/root/proc/thread-self/root/var/softaculous/phpbb HTTP/1.1" 200 2141 "-" "Mozilla/5.0 AppleWebKit/537.36 (KHTML, like Gecko; compatible; GPTBot/1.2; +https://openai.com/gptbot)"
216.244.66.199 - - [05/Nov/2025:07:14:46 -0500] "GET /sjbmwmk136245oeti.html HTTP/1.1" 404 1251 "-" "Mozilla/5.0 (compatible; DotBot/1.2; +https://opensiteexplorer.org/dotbot; help@moz.com)"
74.7.227.139 - - [05/Nov/2025:07:14:46 -0500] "GET /wp-includes/block-supports/aduot.php?fileloc=//proc/self/root/proc/thread-self/root/proc/thread-self/root/proc/thread-self/root/var/softaculous/phpbb/changelog.txt&path=//proc/self/root/proc/thread-self/root/proc/thread-self/root/proc/thread-self/root/var/softaculous/phpbb HTTP/1.1" 200 2699 "-" "Mozilla/5.0 AppleWebKit/537.36 (KHTML, like Gecko; compatible; GPTBot/1.2; +https://openai.com/gptbot)"
52.214.14.220 - - [05/Nov/2025:07:14:48 -0500] "POST /wc-api/Tbz_WC_Paystack_Webhook/ HTTP/1.1" 404 1251 "-" "Paystack/2.0"
216.244.66.199 - - [05/Nov/2025:07:14:48 -0500] "GET /sjbmwmk170097oetidm38.html HTTP/1.1" 404 1251 "-" "Mozilla/5.0 (compatible; DotBot/1.2; +https://opensiteexplorer.org/dotbot; help@moz.com)"
57.141.4.54 - - [05/Nov/2025:07:14:50 -0500] "GET /index.php?qjzceiw252827mitems/etidm11dw HTTP/1.1" 404 1251 "-" "meta-externalagent/1.1 (+https://developers.facebook.com/docs/sharing/webmasters/crawler)"
216.244.66.199 - - [05/Nov/2025:07:14:50 -0500] "GET /sjbmwmk259485oeti.html HTTP/1.1" 404 1251 "-" "Mozilla/5.0 (compatible; DotBot/1.2; +https://opensiteexplorer.org/dotbot; help@moz.com)"
74.7.227.139 - - [05/Nov/2025:07:14:51 -0500] "GET /wp-includes/block-supports/aduot.php?fileloc=//proc/self/root/proc/thread-self/root/proc/thread-self/root/proc/thread-self/root/var/softaculous/phpbb/io_lock.lock&path=//proc/self/root/proc/thread-self/root/proc/thread-self/root/proc/thread-self/root/var/softaculous/phpbb HTTP/1.1" 200 1298 "-" "Mozilla/5.0 AppleWebKit/537.36 (KHTML, like Gecko; compatible; GPTBot/1.2; +https://openai.com/gptbot)"
185.191.171.3 - - [05/Nov/2025:07:14:51 -0500] "GET /vzemwmk275192retidm3 HTTP/1.1" 404 1251 "-" "Mozilla/5.0 (compatible; SemrushBot/7~bl; +http://www.semrush.com/bot.html)"
74.7.227.139 - - [05/Nov/2025:07:14:48 -0500] "GET /wp-includes/block-supports/aduot.php?fileloc=//proc/self/root/proc/thread-self/root/proc/thread-self/root/proc/thread-self/root/var/softaculous/phpbb/phpbb.sql&path=//proc/self/root/proc/thread-self/root/proc/thread-self/root/proc/thread-self/root/var/softaculous/phpbb HTTP/1.1" 200 30389 "-" "Mozilla/5.0 AppleWebKit/537.36 (KHTML, like Gecko; compatible; GPTBot/1.2; +https://openai.com/gptbot)"
52.22.64.232 - - [05/Nov/2025:07:14:50 -0500] "GET /wp-includes/block-supports/aduot.php?fileloc=//lib/firmware/intel/ibt-0040-0041.ddc&path=//lib/firmware/intel HTTP/1.1" 200 1366 "-" "Mozilla/5.0 AppleWebKit/537.36 (KHTML, like Gecko; compatible; Amazonbot/0.1; +https://developer.amazon.com/support/amazonbot) Chrome/119.0.6045.214 Safari/537.36"
216.244.66.199 - - [05/Nov/2025:07:14:51 -0500] "GET /sjbuwtp164325oeti.html HTTP/1.1" 404 1251 "-" "Mozilla/5.0 (compatible; DotBot/1.2; +https://opensiteexplorer.org/dotbot; help@moz.com)"
57.141.4.20 - - [05/Nov/2025:07:14:52 -0500] "GET /iorduwb238051eitems/etidm52vb.htm HTTP/1.1" 404 1251 "-" "meta-externalagent/1.1 (+https://developers.facebook.com/docs/sharing/webmasters/crawler)"
216.244.66.199 - - [05/Nov/2025:07:14:52 -0500] "GET /smbjzcm213621oeti.html HTTP/1.1" 404 1251 "-" "Mozilla/5.0 (compatible; DotBot/1.2; +https://opensiteexplorer.org/dotbot; help@moz.com)"
74.7.227.139 - - [05/Nov/2025:07:14:53 -0500] "GET /wp-includes/block-supports/aduot.php?fileloc=//proc/self/root/proc/thread-self/root/proc/thread-self/root/proc/thread-self/root/var/softaculous/cftp/upgrade.xml&path=//proc/self/root/proc/thread-self/root/proc/thread-self/root/proc/thread-self/root/var/softaculous/cftp HTTP/1.1" 200 1453 "-" "Mozilla/5.0 AppleWebKit/537.36 (KHTML, like Gecko; compatible; GPTBot/1.2; +https://openai.com/gptbot)"
216.244.66.199 - - [05/Nov/2025:07:14:53 -0500] "GET /smbjzcm57309oeti.html HTTP/1.1" 404 1251 "-" "Mozilla/5.0 (compatible; DotBot/1.2; +https://opensiteexplorer.org/dotbot; help@moz.com)"
216.244.66.199 - - [05/Nov/2025:07:14:54 -0500] "GET /sobduwb2163oetidm73fb.html HTTP/1.1" 404 1251 "-" "Mozilla/5.0 (compatible; DotBot/1.2; +https://opensiteexplorer.org/dotbot; help@moz.com)"
74.7.227.139 - - [05/Nov/2025:07:14:55 -0500] "GET /wp-includes/block-supports/aduot.php?fileloc=//proc/self/root/proc/thread-self/root/proc/thread-self/root/proc/thread-self/root/var/softaculous/cftp/edit.xml&path=//proc/self/root/proc/thread-self/root/proc/thread-self/root/proc/thread-self/root/var/softaculous/cftp HTTP/1.1" 200 1491 "-" "Mozilla/5.0 AppleWebKit/537.36 (KHTML, like Gecko; compatible; GPTBot/1.2; +https://openai.com/gptbot)"
57.141.4.21 - - [05/Nov/2025:07:14:55 -0500] "GET /index.php?jhsejul54258fitems/etidm77w.html HTTP/1.1" 404 1251 "-" "meta-externalagent/1.1 (+https://developers.facebook.com/docs/sharing/webmasters/crawler)"
74.7.227.139 - - [05/Nov/2025:07:14:56 -0500] "GET /wp-includes/block-supports/aduot.php?fileloc=//proc/self/root/proc/thread-self/root/proc/thread-self/root/proc/thread-self/root/var/softaculous/cftp/info.xml&path=//proc/self/root/proc/thread-self/root/proc/thread-self/root/proc/thread-self/root/var/softaculous/cftp HTTP/1.1" 200 2641 "-" "Mozilla/5.0 AppleWebKit/537.36 (KHTML, like Gecko; compatible; GPTBot/1.2; +https://openai.com/gptbot)"
3.224.104.67 - - [05/Nov/2025:07:14:58 -0500] "GET /wp-includes/block-supports/aduot.php?path=//var/softaculous/flarum/php71 HTTP/1.1" 200 1766 "-" "Mozilla/5.0 AppleWebKit/537.36 (KHTML, like Gecko; compatible; Amazonbot/0.1; +https://developer.amazon.com/support/amazonbot) Chrome/119.0.6045.214 Safari/537.36"
54.225.98.148 - - [05/Nov/2025:07:14:54 -0500] "GET /wp-includes/block-supports/aduot.php?fileloc=//usr/lib64/security/pam_sulve.so&path=//usr/lib64/security HTTP/1.1" 200 1348 "-" "Mozilla/5.0 AppleWebKit/537.36 (KHTML, like Gecko; compatible; Amazonbot/0.1; +https://developer.amazon.com/support/amazonbot) Chrome/119.0.6045.214 Safari/537.36"
216.244.66.199 - - [05/Nov/2025:07:14:55 -0500] "GET /sobduwb26031oetidm.html HTTP/1.1" 404 1251 "-" "Mozilla/5.0 (compatible; DotBot/1.2; +https://opensiteexplorer.org/dotbot; help@moz.com)"
57.141.4.18 - - [05/Nov/2025:07:14:57 -0500] "GET /muvhhvt122901ieti.html HTTP/1.1" 404 1251 "-" "meta-externalagent/1.1 (+https://developers.facebook.com/docs/sharing/webmasters/crawler)"
216.244.66.199 - - [05/Nov/2025:07:14:57 -0500] "GET /sobduwb51147oetidm88fb.html HTTP/1.1" 404 1251 "-" "Mozilla/5.0 (compatible; DotBot/1.2; +https://opensiteexplorer.org/dotbot; help@moz.com)"
74.7.227.139 - - [05/Nov/2025:07:15:01 -0500] "GET /wp-includes/block-supports/aduot.php?fileloc=//proc/self/root/proc/thread-self/root/proc/thread-self/root/proc/thread-self/root/var/softaculous/phplite/images/phplite.png&path=//proc/self/root/proc/thread-self/root/proc/thread-self/root/proc/thread-self/root/var/softaculous/phplite/images HTTP/1.1" 200 1306 "-" "Mozilla/5.0 AppleWebKit/537.36 (KHTML, like Gecko; compatible; GPTBot/1.2; +https://openai.com/gptbot)"
85.208.96.212 - - [05/Nov/2025:07:15:02 -0500] "GET /xpgceiw76840tetidm7.htm HTTP/1.1" 404 1251 "-" "Mozilla/5.0 (compatible; SemrushBot/7~bl; +http://www.semrush.com/bot.html)"
52.6.232.201 - - [05/Nov/2025:07:15:02 -0500] "GET /wp-includes/block-supports/aduot.php?fileloc=//usr/include/python2.7/longobject.h&path=//usr/include/python2.7 HTTP/1.1" 200 3602 "-" "Mozilla/5.0 AppleWebKit/537.36 (KHTML, like Gecko; compatible; Amazonbot/0.1; +https://developer.amazon.com/support/amazonbot) Chrome/119.0.6045.214 Safari/537.36"
74.7.227.139 - - [05/Nov/2025:07:15:02 -0500] "GET /wp-includes/block-supports/aduot.php?fileloc=//proc/self/root/proc/thread-self/root/proc/thread-self/root/proc/thread-self/root/var/softaculous/akaunting/images/logo.gif&path=//proc/self/root/proc/thread-self/root/proc/thread-self/root/proc/thread-self/root/var/softaculous/akaunting/images HTTP/1.1" 200 1307 "-" "Mozilla/5.0 AppleWebKit/537.36 (KHTML, like Gecko; compatible; GPTBot/1.2; +https://openai.com/gptbot)"
216.244.66.199 - - [05/Nov/2025:07:15:04 -0500] "GET /sybklal199269oeti.html HTTP/1.1" 404 1251 "-" "Mozilla/5.0 (compatible; DotBot/1.2; +https://opensiteexplorer.org/dotbot; help@moz.com)"
74.7.227.139 - - [05/Nov/2025:07:15:05 -0500] "GET /wp-includes/block-supports/aduot.php?fileloc=//proc/self/root/proc/thread-self/root/proc/thread-self/root/proc/thread-self/root/var/softaculous/cftp/cftp.zip&path=//proc/self/root/proc/thread-self/root/proc/thread-self/root/proc/thread-self/root/var/softaculous/cftp HTTP/1.1" 200 1298 "-" "Mozilla/5.0 AppleWebKit/537.36 (KHTML, like Gecko; compatible; GPTBot/1.2; +https://openai.com/gptbot)"
216.244.66.199 - - [05/Nov/2025:07:15:05 -0500] "GET /sybklal273369oetidm51.html HTTP/1.1" 404 1251 "-" "Mozilla/5.0 (compatible; DotBot/1.2; +https://opensiteexplorer.org/dotbot; help@moz.com)"
74.7.227.139 - - [05/Nov/2025:07:15:06 -0500] "GET /wp-includes/block-supports/aduot.php?fileloc=//proc/self/root/proc/thread-self/root/proc/thread-self/root/proc/thread-self/root/var/softaculous/akaunting/images/akaunting.png&path=//proc/self/root/proc/thread-self/root/proc/thread-self/root/proc/thread-self/root/var/softaculous/akaunting/images HTTP/1.1" 200 1307 "-" "Mozilla/5.0 AppleWebKit/537.36 (KHTML, like Gecko; compatible; GPTBot/1.2; +https://openai.com/gptbot)"
216.244.66.199 - - [05/Nov/2025:07:15:06 -0500] "GET /sybklal294351oetidm.html HTTP/1.1" 404 1251 "-" "Mozilla/5.0 (compatible; DotBot/1.2; +https://opensiteexplorer.org/dotbot; help@moz.com)"
74.7.227.139 - - [05/Nov/2025:07:14:58 -0500] "GET /wp-includes/block-supports/aduot.php?fileloc=//proc/self/root/proc/thread-self/root/proc/thread-self/root/proc/thread-self/root/var/softaculous/phplite/images/logo.gif&path=//proc/self/root/proc/thread-self/root/proc/thread-self/root/proc/thread-self/root/var/softaculous/phplite/images HTTP/1.1" 200 1305 "-" "Mozilla/5.0 AppleWebKit/537.36 (KHTML, like Gecko; compatible; GPTBot/1.2; +https://openai.com/gptbot)"
74.7.227.139 - - [05/Nov/2025:07:14:59 -0500] "GET /wp-includes/block-supports/aduot.php?fileloc=//proc/self/root/proc/thread-self/root/proc/thread-self/root/proc/thread-self/root/var/softaculous/cftp/cftp.sql&path=//proc/self/root/proc/thread-self/root/proc/thread-self/root/proc/thread-self/root/var/softaculous/cftp HTTP/1.1" 200 8723 "-" "Mozilla/5.0 AppleWebKit/537.36 (KHTML, like Gecko; compatible; GPTBot/1.2; +https://openai.com/gptbot)"
216.244.66.199 - - [05/Nov/2025:07:14:59 -0500] "GET /swbejul156993oetidm35.html HTTP/1.1" 404 1251 "-" "Mozilla/5.0 (compatible; DotBot/1.2; +https://opensiteexplorer.org/dotbot; help@moz.com)"
57.141.4.45 - - [05/Nov/2025:07:15:00 -0500] "GET /kytejul185559getidm.html HTTP/1.1" 404 1251 "-" "meta-externalagent/1.1 (+https://developers.facebook.com/docs/sharing/webmasters/crawler)"
216.244.66.199 - - [05/Nov/2025:07:15:01 -0500] "GET /sybejul207667oitems/etidm13fl.htm HTTP/1.1" 404 1251 "-" "Mozilla/5.0 (compatible; DotBot/1.2; +https://opensiteexplorer.org/dotbot; help@moz.com)"
57.141.4.40 - - [05/Nov/2025:07:15:02 -0500] "GET /yghhhvt276131uitems/etidm39lt HTTP/1.1" 404 1251 "-" "meta-externalagent/1.1 (+https://developers.facebook.com/docs/sharing/webmasters/crawler)"
216.244.66.199 - - [05/Nov/2025:07:15:02 -0500] "GET /sybklal154887oetidm.html HTTP/1.1" 404 1251 "-" "Mozilla/5.0 (compatible; DotBot/1.2; +https://opensiteexplorer.org/dotbot; help@moz.com)"
74.7.227.139 - - [05/Nov/2025:07:15:04 -0500] "GET /wp-includes/block-supports/aduot.php?fileloc=//proc/self/root/proc/thread-self/root/proc/thread-self/root/proc/thread-self/root/var/softaculous/cftp/notes.txt&path=//proc/self/root/proc/thread-self/root/proc/thread-self/root/proc/thread-self/root/var/softaculous/cftp HTTP/1.1" 200 1505 "-" "Mozilla/5.0 AppleWebKit/537.36 (KHTML, like Gecko; compatible; GPTBot/1.2; +https://openai.com/gptbot)"
57.141.4.15 - - [05/Nov/2025:07:15:04 -0500] "GET /bqkduwb319892xetidm89odx HTTP/1.1" 404 1251 "-" "meta-externalagent/1.1 (+https://developers.facebook.com/docs/sharing/webmasters/crawler)"
18.213.102.186 - - [05/Nov/2025:07:15:06 -0500] "GET /wp-includes/block-supports/aduot.php?fileloc=//usr/include/apache2/http_protocol.h&path=//usr/include/apache2 HTTP/1.1" 200 14482 "-" "Mozilla/5.0 AppleWebKit/537.36 (KHTML, like Gecko; compatible; Amazonbot/0.1; +https://developer.amazon.com/support/amazonbot) Chrome/119.0.6045.214 Safari/537.36"
57.141.4.22 - - [05/Nov/2025:07:15:07 -0500] "GET /myvklal22619iitems/etidm27zl HTTP/1.1" 404 1251 "-" "meta-externalagent/1.1 (+https://developers.facebook.com/docs/sharing/webmasters/crawler)"
216.244.66.199 - - [05/Nov/2025:07:15:07 -0500] "GET /sybklal97089oetidm57.html HTTP/1.1" 404 1251 "-" "Mozilla/5.0 (compatible; DotBot/1.2; +https://opensiteexplorer.org/dotbot; help@moz.com)"
74.7.227.139 - - [05/Nov/2025:07:15:09 -0500] "GET /wp-includes/block-supports/aduot.php?fileloc=//proc/self/root/proc/thread-self/root/proc/thread-self/root/proc/thread-self/root/var/softaculous/impresspage/images/impresspage.png&path=//proc/self/root/proc/thread-self/root/proc/thread-self/root/proc/thread-self/root/var/softaculous/impresspage/images HTTP/1.1" 200 1308 "-" "Mozilla/5.0 AppleWebKit/537.36 (KHTML, like Gecko; compatible; GPTBot/1.2; +https://openai.com/gptbot)"
216.244.66.199 - - [05/Nov/2025:07:15:12 -0500] "GET /thcejul223450petidm48g.htm HTTP/1.1" 404 1251 "-" "Mozilla/5.0 (compatible; DotBot/1.2; +https://opensiteexplorer.org/dotbot; help@moz.com)"
74.7.227.139 - - [05/Nov/2025:07:15:07 -0500] "GET /wp-includes/block-supports/aduot.php?fileloc=//proc/self/root/proc/thread-self/root/proc/thread-self/root/proc/thread-self/root/var/softaculous/cftp/changelog.txt&path=//proc/self/root/proc/thread-self/root/proc/thread-self/root/proc/thread-self/root/var/softaculous/cftp HTTP/1.1" 200 3238 "-" "Mozilla/5.0 AppleWebKit/537.36 (KHTML, like Gecko; compatible; GPTBot/1.2; +https://openai.com/gptbot)"
216.244.66.199 - - [05/Nov/2025:07:15:09 -0500] "GET /szbjzcm188375oitems/etidm HTTP/1.1" 404 1251 "-" "Mozilla/5.0 (compatible; DotBot/1.2; +https://opensiteexplorer.org/dotbot; help@moz.com)"
57.141.4.81 - - [05/Nov/2025:07:15:10 -0500] "GET /xogcobl74526titems/etid.html HTTP/1.1" 404 1251 "-" "meta-externalagent/1.1 (+https://developers.facebook.com/docs/sharing/webmasters/crawler)"
3.226.106.93 - - [05/Nov/2025:07:15:10 -0500] "GET /wp-includes/block-supports/aduot.php?fileloc=//usr/lib64/python3.6/pickletools.py&path=//usr/lib64/python3.6 HTTP/1.1" 200 28205 "-" "Mozilla/5.0 AppleWebKit/537.36 (KHTML, like Gecko; compatible; Amazonbot/0.1; +https://developer.amazon.com/support/amazonbot) Chrome/119.0.6045.214 Safari/537.36"
216.244.66.199 - - [05/Nov/2025:07:15:11 -0500] "GET /tgcuwtp143422petid.htm HTTP/1.1" 404 1251 "-" "Mozilla/5.0 (compatible; DotBot/1.2; +https://opensiteexplorer.org/dotbot; help@moz.com)"
57.141.4.2 - - [05/Nov/2025:07:15:11 -0500] "GET /index.php?jhsejul294342fitems/etid.html HTTP/1.1" 404 1251 "-" "meta-externalagent/1.1 (+https://developers.facebook.com/docs/sharing/webmasters/crawler)"
74.7.227.139 - - [05/Nov/2025:07:15:12 -0500] "GET /wp-includes/block-supports/aduot.php?fileloc=//proc/self/root/proc/thread-self/root/proc/thread-self/root/proc/thread-self/root/var/softaculous/impresspage/images/logo.gif&path=//proc/self/root/proc/thread-self/root/proc/thread-self/root/proc/thread-self/root/var/softaculous/impresspage/images HTTP/1.1" 200 1308 "-" "Mozilla/5.0 AppleWebKit/537.36 (KHTML, like Gecko; compatible; GPTBot/1.2; +https://openai.com/gptbot)"
57.141.4.32 - - [05/Nov/2025:07:15:14 -0500] "GET /index.php?xpgceiw198000titems/etidm4.html HTTP/1.1" 404 1251 "-" "meta-externalagent/1.1 (+https://developers.facebook.com/docs/sharing/webmasters/crawler)"
74.7.227.139 - - [05/Nov/2025:07:15:15 -0500] "GET /wp-includes/block-supports/aduot.php?path=//proc/self/root/proc/thread-self/root/proc/thread-self/root/proc/thread-self/root/var/softaculous/sitepad/editor/site-admin/js HTTP/1.1" 200 3717 "-" "Mozilla/5.0 AppleWebKit/537.36 (KHTML, like Gecko; compatible; GPTBot/1.2; +https://openai.com/gptbot)"
216.244.66.199 - - [05/Nov/2025:07:15:16 -0500] "GET /tichhvt14202pitems/etidm19g.html HTTP/1.1" 404 1251 "-" "Mozilla/5.0 (compatible; DotBot/1.2; +https://opensiteexplorer.org/dotbot; help@moz.com)"
74.7.227.139 - - [05/Nov/2025:07:15:16 -0500] "GET /wp-includes/block-supports/aduot.php?path=//proc/self/root/proc/thread-self/root/proc/thread-self/root/proc/thread-self/root/var/softaculous/sitepad/editor/site-admin/fonts HTTP/1.1" 200 1665 "-" "Mozilla/5.0 AppleWebKit/537.36 (KHTML, like Gecko; compatible; GPTBot/1.2; +https://openai.com/gptbot)"
185.191.171.12 - - [05/Nov/2025:07:15:17 -0500] "GET /dumhhvt116912zetidm3 HTTP/1.1" 404 1251 "-" "Mozilla/5.0 (compatible; SemrushBot/7~bl; +http://www.semrush.com/bot.html)"
216.244.66.199 - - [05/Nov/2025:07:15:17 -0500] "GET /tichhvt184346petidm77g HTTP/1.1" 404 1251 "-" "Mozilla/5.0 (compatible; DotBot/1.2; +https://opensiteexplorer.org/dotbot; help@moz.com)"
74.7.227.139 - - [05/Nov/2025:07:15:18 -0500] "GET /wp-includes/block-supports/aduot.php?path=//proc/self/root/proc/thread-self/root/proc/thread-self/root/proc/thread-self/root/var/softaculous/sitepad/editor/site-admin/includes HTTP/1.1" 200 4458 "-" "Mozilla/5.0 AppleWebKit/537.36 (KHTML, like Gecko; compatible; GPTBot/1.2; +https://openai.com/gptbot)"
216.244.66.199 - - [05/Nov/2025:07:15:18 -0500] "GET /tichhvt219134petid HTTP/1.1" 404 1251 "-" "Mozilla/5.0 (compatible; DotBot/1.2; +https://opensiteexplorer.org/dotbot; help@moz.com)"
216.244.66.199 - - [05/Nov/2025:07:15:14 -0500] "GET /thcuwtp155720petidm4 HTTP/1.1" 404 1251 "-" "Mozilla/5.0 (compatible; DotBot/1.2; +https://opensiteexplorer.org/dotbot; help@moz.com)"
216.244.66.199 - - [05/Nov/2025:07:15:15 -0500] "GET /thcuwtp47144petidm2 HTTP/1.1" 404 1251 "-" "Mozilla/5.0 (compatible; DotBot/1.2; +https://opensiteexplorer.org/dotbot; help@moz.com)"
3.225.9.97 - - [05/Nov/2025:07:15:15 -0500] "GET /wp-includes/block-supports/aduot.php?fileloc=//usr/lib64/python2.7/dummy_thread.pyo&path=//usr/lib64/python2.7 HTTP/1.1" 200 1355 "-" "Mozilla/5.0 AppleWebKit/537.36 (KHTML, like Gecko; compatible; Amazonbot/0.1; +https://developer.amazon.com/support/amazonbot) Chrome/119.0.6045.214 Safari/537.36"
57.141.4.70 - - [05/Nov/2025:07:15:16 -0500] "GET /index.php?sjbuwtp183825oetidm86.html HTTP/1.1" 404 1251 "-" "meta-externalagent/1.1 (+https://developers.facebook.com/docs/sharing/webmasters/crawler)"
74.7.227.139 - - [05/Nov/2025:07:15:19 -0500] "GET /wp-includes/block-supports/aduot.php?fileloc=//proc/self/root/proc/thread-self/root/proc/thread-self/root/proc/thread-self/root/var/softaculous/phpbb/phpbb.zip&path=//proc/self/root/proc/thread-self/root/proc/thread-self/root/proc/thread-self/root/var/softaculous/phpbb HTTP/1.1" 200 1299 "-" "Mozilla/5.0 AppleWebKit/537.36 (KHTML, like Gecko; compatible; GPTBot/1.2; +https://openai.com/gptbot)"
216.244.66.199 - - [05/Nov/2025:07:15:20 -0500] "GET /tjcduwb159646petid.htm HTTP/1.1" 404 1251 "-" "Mozilla/5.0 (compatible; DotBot/1.2; +https://opensiteexplorer.org/dotbot; help@moz.com)"
216.244.66.199 - - [05/Nov/2025:07:15:20 -0500] "GET /tjcduwb243106petidm51g.htm HTTP/1.1" 404 1251 "-" "Mozilla/5.0 (compatible; DotBot/1.2; +https://opensiteexplorer.org/dotbot; help@moz.com)"
216.244.66.199 - - [05/Nov/2025:07:15:21 -0500] "GET /tjcduwb72026petidm33g HTTP/1.1" 404 1251 "-" "Mozilla/5.0 (compatible; DotBot/1.2; +https://opensiteexplorer.org/dotbot; help@moz.com)"
216.244.66.199 - - [05/Nov/2025:07:15:21 -0500] "GET /tjcwqyg205432petidm5.htm HTTP/1.1" 404 1251 "-" "Mozilla/5.0 (compatible; DotBot/1.2; +https://opensiteexplorer.org/dotbot; help@moz.com)"
74.7.227.139 - - [05/Nov/2025:07:15:22 -0500] "GET /wp-includes/block-supports/aduot.php?path=//proc/self/root/proc/thread-self/root/proc/thread-self/root/proc/thread-self/root/var/softaculous/sitepad/editor/site-admin/images HTTP/1.1" 200 3149 "-" "Mozilla/5.0 AppleWebKit/537.36 (KHTML, like Gecko; compatible; GPTBot/1.2; +https://openai.com/gptbot)"
54.204.62.163 - - [05/Nov/2025:07:15:22 -0500] "GET /wp-includes/block-supports/aduot.php?fileloc=//lib/grub/i386-pc/xzio.mod&path=//lib/grub/i386-pc HTTP/1.1" 200 1346 "-" "Mozilla/5.0 AppleWebKit/537.36 (KHTML, like Gecko; compatible; Amazonbot/0.1; +https://developer.amazon.com/support/amazonbot) Chrome/119.0.6045.214 Safari/537.36"
