216.244.66.199 - - [05/Nov/2025:07:15:22 -0500] "GET /tjcwqyg270016petidm6.htm HTTP/1.1" 404 1251 "-" "Mozilla/5.0 (compatible; DotBot/1.2; +https://opensiteexplorer.org/dotbot; help@moz.com)"
216.244.66.199 - - [05/Nov/2025:07:15:23 -0500] "GET /tjcwqyg88328petidm6 HTTP/1.1" 404 1251 "-" "Mozilla/5.0 (compatible; DotBot/1.2; +https://opensiteexplorer.org/dotbot; help@moz.com)"
57.141.4.16 - - [05/Nov/2025:07:15:24 -0500] "GET /tichhvt301554pitems/etidm55g.html HTTP/1.1" 404 1251 "-" "meta-externalagent/1.1 (+https://developers.facebook.com/docs/sharing/webmasters/crawler)"
216.244.66.199 - - [05/Nov/2025:07:15:25 -0500] "GET /tncklal27982petid.htm HTTP/1.1" 404 1251 "-" "Mozilla/5.0 (compatible; DotBot/1.2; +https://opensiteexplorer.org/dotbot; help@moz.com)"
216.244.66.199 - - [05/Nov/2025:07:15:26 -0500] "GET /toccobl117578petidm93g HTTP/1.1" 404 1251 "-" "Mozilla/5.0 (compatible; DotBot/1.2; +https://opensiteexplorer.org/dotbot; help@moz.com)"
54.159.18.27 - - [05/Nov/2025:07:15:18 -0500] "GET /wp-includes/block-supports/aduot.php?fileloc=//lib64/python2.7/hotshot/__init__.py&path=//lib64/python2.7/hotshot HTTP/1.1" 200 2481 "-" "Mozilla/5.0 AppleWebKit/537.36 (KHTML, like Gecko; compatible; Amazonbot/0.1; +https://developer.amazon.com/support/amazonbot) Chrome/119.0.6045.214 Safari/537.36"
216.244.66.199 - - [05/Nov/2025:07:15:19 -0500] "GET /tichhvt35990petid HTTP/1.1" 404 1251 "-" "Mozilla/5.0 (compatible; DotBot/1.2; +https://opensiteexplorer.org/dotbot; help@moz.com)"
57.141.4.53 - - [05/Nov/2025:07:15:19 -0500] "GET /index.php?zuihhvt217320vitems/etidm2.html HTTP/1.1" 404 1251 "-" "meta-externalagent/1.1 (+https://developers.facebook.com/docs/sharing/webmasters/crawler)"
57.141.4.75 - - [05/Nov/2025:07:15:22 -0500] "GET /kztjzcm239275gitems/etidm59xm.htm HTTP/1.1" 404 1251 "-" "meta-externalagent/1.1 (+https://developers.facebook.com/docs/sharing/webmasters/crawler)"
74.7.227.139 - - [05/Nov/2025:07:15:23 -0500] "GET /wp-includes/block-supports/aduot.php?path=//proc/self/root/proc/thread-self/root/proc/thread-self/root/proc/thread-self/root/var/softaculous/cftp/images HTTP/1.1" 200 1569 "-" "Mozilla/5.0 AppleWebKit/537.36 (KHTML, like Gecko; compatible; GPTBot/1.2; +https://openai.com/gptbot)"
216.244.66.199 - - [05/Nov/2025:07:15:24 -0500] "GET /tncklal135674petidm36g HTTP/1.1" 404 1251 "-" "Mozilla/5.0 (compatible; DotBot/1.2; +https://opensiteexplorer.org/dotbot; help@moz.com)"
52.49.173.169 - - [05/Nov/2025:07:15:24 -0500] "POST /wc-api/Tbz_WC_Paystack_Webhook/ HTTP/1.1" 404 1251 "-" "Paystack/2.0"
216.244.66.199 - - [05/Nov/2025:07:15:24 -0500] "GET /tncklal217522petidm32g.htm HTTP/1.1" 404 1251 "-" "Mozilla/5.0 (compatible; DotBot/1.2; +https://opensiteexplorer.org/dotbot; help@moz.com)"
74.7.227.139 - - [05/Nov/2025:07:15:25 -0500] "GET /wp-includes/block-supports/aduot.php?path=//proc/self/root/proc/thread-self/root/proc/thread-self/root/proc/thread-self/root/var/softaculous/logaholic HTTP/1.1" 200 2153 "-" "Mozilla/5.0 AppleWebKit/537.36 (KHTML, like Gecko; compatible; GPTBot/1.2; +https://openai.com/gptbot)"
57.141.4.80 - - [05/Nov/2025:07:15:27 -0500] "GET /vnmklal79282zetidm59iaz HTTP/1.1" 404 1251 "-" "meta-externalagent/1.1 (+https://developers.facebook.com/docs/sharing/webmasters/crawler)"
74.7.227.139 - - [05/Nov/2025:07:15:27 -0500] "GET /wp-includes/block-supports/aduot.php?path=//proc/self/root/proc/thread-self/root/proc/thread-self/root/proc/thread-self/root/var/softaculous/easyp HTTP/1.1" 200 2172 "-" "Mozilla/5.0 AppleWebKit/537.36 (KHTML, like Gecko; compatible; GPTBot/1.2; +https://openai.com/gptbot)"
216.244.66.199 - - [05/Nov/2025:07:15:28 -0500] "GET /toccobl266662petid.htm HTTP/1.1" 404 1251 "-" "Mozilla/5.0 (compatible; DotBot/1.2; +https://opensiteexplorer.org/dotbot; help@moz.com)"
74.7.227.139 - - [05/Nov/2025:07:15:29 -0500] "GET /wp-includes/block-supports/aduot.php?path=//proc/self/root/proc/thread-self/root/proc/thread-self/root/proc/thread-self/root/var/softaculous/roundcube HTTP/1.1" 200 2255 "-" "Mozilla/5.0 AppleWebKit/537.36 (KHTML, like Gecko; compatible; GPTBot/1.2; +https://openai.com/gptbot)"
57.141.4.35 - - [05/Nov/2025:07:15:29 -0500] "GET /index.php?ojxceiw52963kitems/etidm17bw.htm HTTP/1.1" 404 1251 "-" "meta-externalagent/1.1 (+https://developers.facebook.com/docs/sharing/webmasters/crawler)"
74.7.227.139 - - [05/Nov/2025:07:15:30 -0500] "GET /wp-includes/block-supports/aduot.php?fileloc=//proc/self/root/proc/thread-self/root/proc/thread-self/root/proc/thread-self/root/var/softaculous/sitepad/editor/site-admin/js/updates.min.js&path=//proc/self/root/proc/thread-self/root/proc/thread-self/root/proc/thread-self/root/var/softaculous/sitepad/editor/site-admin/js HTTP/1.1" 200 9822 "-" "Mozilla/5.0 AppleWebKit/537.36 (KHTML, like Gecko; compatible; GPTBot/1.2; +https://openai.com/gptbot)"
85.208.96.202 - - [05/Nov/2025:07:15:30 -0500] "GET /vreejul65996retidm66ier HTTP/1.1" 404 1251 "-" "Mozilla/5.0 (compatible; SemrushBot/7~bl; +http://www.semrush.com/bot.html)"
50.16.248.61 - - [05/Nov/2025:07:15:26 -0500] "GET /wp-includes/block-supports/aduot.php?path=//var/softaculous/pivotx/php53 HTTP/1.1" 200 1728 "-" "Mozilla/5.0 AppleWebKit/537.36 (KHTML, like Gecko; compatible; Amazonbot/0.1; +https://developer.amazon.com/support/amazonbot) Chrome/119.0.6045.214 Safari/537.36"
216.244.66.199 - - [05/Nov/2025:07:15:27 -0500] "GET /toccobl139574petid HTTP/1.1" 404 1251 "-" "Mozilla/5.0 (compatible; DotBot/1.2; +https://opensiteexplorer.org/dotbot; help@moz.com)"
85.208.96.212 - - [05/Nov/2025:07:15:27 -0500] "GET /wyfklal232293seti.html HTTP/1.1" 404 1251 "-" "Mozilla/5.0 (compatible; SemrushBot/7~bl; +http://www.semrush.com/bot.html)"
216.244.66.199 - - [05/Nov/2025:07:15:30 -0500] "GET /tpcceiw226648petidm4.htm HTTP/1.1" 404 1251 "-" "Mozilla/5.0 (compatible; DotBot/1.2; +https://opensiteexplorer.org/dotbot; help@moz.com)"
44.221.105.234 - - [05/Nov/2025:07:15:30 -0500] "GET /wp-includes/block-supports/aduot.php?path=//var/softaculous/gibbon/php71 HTTP/1.1" 200 1768 "-" "Mozilla/5.0 AppleWebKit/537.36 (KHTML, like Gecko; compatible; Amazonbot/0.1; +https://developer.amazon.com/support/amazonbot) Chrome/119.0.6045.214 Safari/537.36"
216.244.66.199 - - [05/Nov/2025:07:15:31 -0500] "GET /tpcceiw281924petidm46gcp HTTP/1.1" 404 1251 "-" "Mozilla/5.0 (compatible; DotBot/1.2; +https://opensiteexplorer.org/dotbot; help@moz.com)"
74.7.227.139 - - [05/Nov/2025:07:15:33 -0500] "GET /wp-includes/block-supports/aduot.php?fileloc=//proc/self/root/proc/thread-self/root/proc/thread-self/root/proc/thread-self/root/var/softaculous/sitepad/editor/site-admin/js/inline-edit-post.js&path=//proc/self/root/proc/thread-self/root/proc/thread-self/root/proc/thread-self/root/var/softaculous/sitepad/editor/site-admin/js HTTP/1.1" 200 6647 "-" "Mozilla/5.0 AppleWebKit/537.36 (KHTML, like Gecko; compatible; GPTBot/1.2; +https://openai.com/gptbot)"
216.244.66.199 - - [05/Nov/2025:07:15:33 -0500] "GET /tpccobl103928petidm2 HTTP/1.1" 404 1251 "-" "Mozilla/5.0 (compatible; DotBot/1.2; +https://opensiteexplorer.org/dotbot; help@moz.com)"
74.7.227.139 - - [05/Nov/2025:07:15:34 -0500] "GET /wp-includes/block-supports/aduot.php?path=//proc/self/root/proc/thread-self/root/proc/thread-self/root/proc/thread-self/root/var/softaculous/nukeviet HTTP/1.1" 200 2207 "-" "Mozilla/5.0 AppleWebKit/537.36 (KHTML, like Gecko; compatible; GPTBot/1.2; +https://openai.com/gptbot)"
216.244.66.199 - - [05/Nov/2025:07:15:35 -0500] "GET /tpccobl29204petidm47gcp HTTP/1.1" 404 1251 "-" "Mozilla/5.0 (compatible; DotBot/1.2; +https://opensiteexplorer.org/dotbot; help@moz.com)"
216.244.66.199 - - [05/Nov/2025:07:15:36 -0500] "GET /tpcjzcm201610petidm64g.htm HTTP/1.1" 404 1251 "-" "Mozilla/5.0 (compatible; DotBot/1.2; +https://opensiteexplorer.org/dotbot; help@moz.com)"
57.141.4.42 - - [05/Nov/2025:07:15:36 -0500] "GET /index.php?gjpceiw153575citems/etidm HTTP/1.1" 404 1251 "-" "meta-externalagent/1.1 (+https://developers.facebook.com/docs/sharing/webmasters/crawler)"
216.244.66.199 - - [05/Nov/2025:07:15:36 -0500] "GET /tpcjzcm301918petid.htm HTTP/1.1" 404 1251 "-" "Mozilla/5.0 (compatible; DotBot/1.2; +https://opensiteexplorer.org/dotbot; help@moz.com)"
216.244.66.199 - - [05/Nov/2025:07:15:37 -0500] "GET /tpcjzcm54086petid HTTP/1.1" 404 1251 "-" "Mozilla/5.0 (compatible; DotBot/1.2; +https://opensiteexplorer.org/dotbot; help@moz.com)"
18.213.70.100 - - [05/Nov/2025:07:15:37 -0500] "GET /wp-includes/block-supports/aduot.php?fileloc=//lib64/ruby/io/console.so&path=//lib64/ruby/io HTTP/1.1" 200 1344 "-" "Mozilla/5.0 AppleWebKit/537.36 (KHTML, like Gecko; compatible; Amazonbot/0.1; +https://developer.amazon.com/support/amazonbot) Chrome/119.0.6045.214 Safari/537.36"
216.244.66.199 - - [05/Nov/2025:07:15:38 -0500] "GET /tqcduwb313748petidm16gdp HTTP/1.1" 404 1251 "-" "Mozilla/5.0 (compatible; DotBot/1.2; +https://opensiteexplorer.org/dotbot; help@moz.com)"
216.244.66.199 - - [05/Nov/2025:07:15:38 -0500] "GET /trcejul170488petidm6.htm HTTP/1.1" 404 1251 "-" "Mozilla/5.0 (compatible; DotBot/1.2; +https://opensiteexplorer.org/dotbot; help@moz.com)"
57.141.4.26 - - [05/Nov/2025:07:15:31 -0500] "GET /lzumwmk177786hitems/etidm40y.html HTTP/1.1" 404 1251 "-" "meta-externalagent/1.1 (+https://developers.facebook.com/docs/sharing/webmasters/crawler)"
216.244.66.199 - - [05/Nov/2025:07:15:32 -0500] "GET /tpcceiw96440petidm3 HTTP/1.1" 404 1251 "-" "Mozilla/5.0 (compatible; DotBot/1.2; +https://opensiteexplorer.org/dotbot; help@moz.com)"
185.191.171.16 - - [05/Nov/2025:07:15:33 -0500] "GET /hjqduwb21574detid.htm HTTP/1.1" 404 1251 "-" "Mozilla/5.0 (compatible; SemrushBot/7~bl; +http://www.semrush.com/bot.html)"
57.141.4.28 - - [05/Nov/2025:07:15:34 -0500] "GET /index.php?ohxduwb66093keti.html HTTP/1.1" 404 1251 "-" "meta-externalagent/1.1 (+https://developers.facebook.com/docs/sharing/webmasters/crawler)"
34.204.150.196 - - [05/Nov/2025:07:15:34 -0500] "GET /wp-includes/block-supports/aduot.php?fileloc=//usr/lib64/python3.6/_pyio.py&path=//usr/lib64/python3.6 HTTP/1.1" 200 28759 "-" "Mozilla/5.0 AppleWebKit/537.36 (KHTML, like Gecko; compatible; Amazonbot/0.1; +https://developer.amazon.com/support/amazonbot) Chrome/119.0.6045.214 Safari/537.36"
216.244.66.199 - - [05/Nov/2025:07:15:34 -0500] "GET /tpccobl28580petidm37gcp HTTP/1.1" 404 1251 "-" "Mozilla/5.0 (compatible; DotBot/1.2; +https://opensiteexplorer.org/dotbot; help@moz.com)"
74.7.227.139 - - [05/Nov/2025:07:15:36 -0500] "GET /wp-includes/block-supports/aduot.php?fileloc=//proc/self/root/proc/thread-self/root/proc/thread-self/root/proc/thread-self/root/var/softaculous/sitepad/editor/site-admin/js/set-post-thumbnail.js&path=//proc/self/root/proc/thread-self/root/proc/thread-self/root/proc/thread-self/root/var/softaculous/sitepad/editor/site-admin/js HTTP/1.1" 200 1705 "-" "Mozilla/5.0 AppleWebKit/537.36 (KHTML, like Gecko; compatible; GPTBot/1.2; +https://openai.com/gptbot)"
216.244.66.199 - - [05/Nov/2025:07:15:38 -0500] "GET /tqcduwb30452petidm75gdp HTTP/1.1" 404 1251 "-" "Mozilla/5.0 (compatible; DotBot/1.2; +https://opensiteexplorer.org/dotbot; help@moz.com)"
74.7.227.139 - - [05/Nov/2025:07:15:41 -0500] "GET /wp-includes/block-supports/aduot.php?fileloc=//proc/self/root/proc/thread-self/root/proc/thread-self/root/proc/thread-self/root/var/softaculous/sitepad/editor/site-admin/js/post.min.js&path=//proc/self/root/proc/thread-self/root/proc/thread-self/root/proc/thread-self/root/var/softaculous/sitepad/editor/site-admin/js HTTP/1.1" 200 7759 "-" "Mozilla/5.0 AppleWebKit/537.36 (KHTML, like Gecko; compatible; GPTBot/1.2; +https://openai.com/gptbot)"
216.244.66.199 - - [05/Nov/2025:07:15:41 -0500] "GET /tvcceiw47222petid HTTP/1.1" 404 1251 "-" "Mozilla/5.0 (compatible; DotBot/1.2; +https://opensiteexplorer.org/dotbot; help@moz.com)"
54.221.203.24 - - [05/Nov/2025:07:15:41 -0500] "GET /wp-includes/block-supports/aduot.php?fileloc=//usr/include/apache2/heartbeat.h&path=//usr/include/apache2 HTTP/1.1" 200 2213 "-" "Mozilla/5.0 AppleWebKit/537.36 (KHTML, like Gecko; compatible; Amazonbot/0.1; +https://developer.amazon.com/support/amazonbot) Chrome/119.0.6045.214 Safari/537.36"
57.141.4.12 - - [05/Nov/2025:07:15:42 -0500] "GET /index.php?cglhhvt143743yitems/etidm.htm HTTP/1.1" 404 1251 "-" "meta-externalagent/1.1 (+https://developers.facebook.com/docs/sharing/webmasters/crawler)"
216.244.66.199 - - [05/Nov/2025:07:15:42 -0500] "GET /tvcceiw58298petidm74g HTTP/1.1" 404 1251 "-" "Mozilla/5.0 (compatible; DotBot/1.2; +https://opensiteexplorer.org/dotbot; help@moz.com)"
216.244.66.199 - - [05/Nov/2025:07:15:42 -0500] "GET /twcjzcm119996petidm36gjp HTTP/1.1" 404 1251 "-" "Mozilla/5.0 (compatible; DotBot/1.2; +https://opensiteexplorer.org/dotbot; help@moz.com)"
185.191.171.16 - - [05/Nov/2025:07:15:42 -0500] "GET /dxmklal65900zetidm41qkz HTTP/1.1" 404 1251 "-" "Mozilla/5.0 (compatible; SemrushBot/7~bl; +http://www.semrush.com/bot.html)"
216.244.66.199 - - [05/Nov/2025:07:15:43 -0500] "GET /twcjzcm210424petidm1.htm HTTP/1.1" 404 1251 "-" "Mozilla/5.0 (compatible; DotBot/1.2; +https://opensiteexplorer.org/dotbot; help@moz.com)"
57.141.4.47 - - [05/Nov/2025:07:15:39 -0500] "GET /gjpmwmk26825citems/etidm86 HTTP/1.1" 404 1251 "-" "meta-externalagent/1.1 (+https://developers.facebook.com/docs/sharing/webmasters/crawler)"
216.244.66.199 - - [05/Nov/2025:07:15:39 -0500] "GET /trcejul279376petidm4.htm HTTP/1.1" 404 1251 "-" "Mozilla/5.0 (compatible; DotBot/1.2; +https://opensiteexplorer.org/dotbot; help@moz.com)"
74.7.227.139 - - [05/Nov/2025:07:15:39 -0500] "GET /wp-includes/block-supports/aduot.php?fileloc=//proc/self/root/proc/thread-self/root/proc/thread-self/root/proc/thread-self/root/var/softaculous/sitepad/editor/site-admin/js/inline-edit-post.min.js&path=//proc/self/root/proc/thread-self/root/proc/thread-self/root/proc/thread-self/root/var/softaculous/sitepad/editor/site-admin/js HTTP/1.1" 200 4205 "-" "Mozilla/5.0 AppleWebKit/537.36 (KHTML, like Gecko; compatible; GPTBot/1.2; +https://openai.com/gptbot)"
216.244.66.199 - - [05/Nov/2025:07:15:40 -0500] "GET /tuchhvt225712petidm1.htm HTTP/1.1" 404 1251 "-" "Mozilla/5.0 (compatible; DotBot/1.2; +https://opensiteexplorer.org/dotbot; help@moz.com)"
216.244.66.199 - - [05/Nov/2025:07:15:40 -0500] "GET /tvcceiw269938petidm58g.htm HTTP/1.1" 404 1251 "-" "Mozilla/5.0 (compatible; DotBot/1.2; +https://opensiteexplorer.org/dotbot; help@moz.com)"
216.244.66.199 - - [05/Nov/2025:07:15:41 -0500] "GET /tvcceiw42542petid HTTP/1.1" 404 1251 "-" "Mozilla/5.0 (compatible; DotBot/1.2; +https://opensiteexplorer.org/dotbot; help@moz.com)"
216.244.66.199 - - [05/Nov/2025:07:15:44 -0500] "GET /tzcmwmk300202petidm18g.htm HTTP/1.1" 404 1251 "-" "Mozilla/5.0 (compatible; DotBot/1.2; +https://opensiteexplorer.org/dotbot; help@moz.com)"
216.244.66.199 - - [05/Nov/2025:07:15:45 -0500] "GET /ubdcobl122597qitems/eti HTTP/1.1" 404 1251 "-" "Mozilla/5.0 (compatible; DotBot/1.2; +https://opensiteexplorer.org/dotbot; help@moz.com)"
54.85.109.140 - - [05/Nov/2025:07:15:45 -0500] "GET /wp-includes/block-supports/aduot.php?path=/home/saleoqej/www/wp-content/plugins/litespeed-cache HTTP/1.1" 200 2344 "-" "Mozilla/5.0 AppleWebKit/537.36 (KHTML, like Gecko; compatible; Amazonbot/0.1; +https://developer.amazon.com/support/amazonbot) Chrome/119.0.6045.214 Safari/537.36"
74.7.227.139 - - [05/Nov/2025:07:15:45 -0500] "GET /wp-includes/block-supports/aduot.php?path=//proc/self/root/proc/thread-self/root/proc/thread-self/root/proc/thread-self/root/var/softaculous/apprain/images HTTP/1.1" 200 1570 "-" "Mozilla/5.0 AppleWebKit/537.36 (KHTML, like Gecko; compatible; GPTBot/1.2; +https://openai.com/gptbot)"
216.244.66.199 - - [05/Nov/2025:07:15:46 -0500] "GET /ugdhhvt224127qetidm.html HTTP/1.1" 404 1251 "-" "Mozilla/5.0 (compatible; DotBot/1.2; +https://opensiteexplorer.org/dotbot; help@moz.com)"
216.244.66.199 - - [05/Nov/2025:07:15:47 -0500] "GET /ugdhhvt29439qetidm.html HTTP/1.1" 404 1251 "-" "Mozilla/5.0 (compatible; DotBot/1.2; +https://opensiteexplorer.org/dotbot; help@moz.com)"
185.191.171.10 - - [05/Nov/2025:07:15:47 -0500] "GET /fjoduwb143954betidm82s HTTP/1.1" 404 1251 "-" "Mozilla/5.0 (compatible; SemrushBot/7~bl; +http://www.semrush.com/bot.html)"
216.244.66.199 - - [05/Nov/2025:07:15:48 -0500] "GET /ujdceiw70467qetidm75hw.html HTTP/1.1" 404 1251 "-" "Mozilla/5.0 (compatible; DotBot/1.2; +https://opensiteexplorer.org/dotbot; help@moz.com)"
216.244.66.199 - - [05/Nov/2025:07:15:49 -0500] "GET /ujdmwmk109857qetidm90.html HTTP/1.1" 404 1251 "-" "Mozilla/5.0 (compatible; DotBot/1.2; +https://opensiteexplorer.org/dotbot; help@moz.com)"
57.141.4.40 - - [05/Nov/2025:07:15:49 -0500] "GET /index.php?qjzceiw249915metidm24dw.html HTTP/1.1" 404 1251 "-" "meta-externalagent/1.1 (+https://developers.facebook.com/docs/sharing/webmasters/crawler)"
216.244.66.199 - - [05/Nov/2025:07:15:49 -0500] "GET /ujdmwmk130449qetidm71.html HTTP/1.1" 404 1251 "-" "Mozilla/5.0 (compatible; DotBot/1.2; +https://opensiteexplorer.org/dotbot; help@moz.com)"
74.7.227.139 - - [05/Nov/2025:07:15:43 -0500] "GET /wp-includes/block-supports/aduot.php?fileloc=//proc/self/root/proc/thread-self/root/proc/thread-self/root/proc/thread-self/root/var/softaculous/sitepad/editor/site-admin/images/post-formats-vs.png&path=//proc/self/root/proc/thread-self/root/proc/thread-self/root/proc/thread-self/root/var/softaculous/sitepad/editor/site-admin/images HTTP/1.1" 200 1334 "-" "Mozilla/5.0 AppleWebKit/537.36 (KHTML, like Gecko; compatible; GPTBot/1.2; +https://openai.com/gptbot)"
216.244.66.199 - - [05/Nov/2025:07:15:43 -0500] "GET /txcklal73144petidm6.htm HTTP/1.1" 404 1251 "-" "Mozilla/5.0 (compatible; DotBot/1.2; +https://opensiteexplorer.org/dotbot; help@moz.com)"
216.244.66.199 - - [05/Nov/2025:07:15:43 -0500] "GET /tzcmwmk100652petidm60gmp HTTP/1.1" 404 1251 "-" "Mozilla/5.0 (compatible; DotBot/1.2; +https://opensiteexplorer.org/dotbot; help@moz.com)"
57.141.4.62 - - [05/Nov/2025:07:15:44 -0500] "GET /index.php?fjowqyg195460betidm53swb.htm HTTP/1.1" 404 1251 "-" "meta-externalagent/1.1 (+https://developers.facebook.com/docs/sharing/webmasters/crawler)"
216.244.66.199 - - [05/Nov/2025:07:15:45 -0500] "GET /ucduwtp63759qetidm.html HTTP/1.1" 404 1251 "-" "Mozilla/5.0 (compatible; DotBot/1.2; +https://opensiteexplorer.org/dotbot; help@moz.com)"
216.244.66.199 - - [05/Nov/2025:07:15:46 -0500] "GET /uddwqyg66957qeti.html HTTP/1.1" 404 1251 "-" "Mozilla/5.0 (compatible; DotBot/1.2; +https://opensiteexplorer.org/dotbot; help@moz.com)"
57.141.4.56 - - [05/Nov/2025:07:15:46 -0500] "GET /wtfwqyg246827sitems/etidm54jg HTTP/1.1" 404 1251 "-" "meta-externalagent/1.1 (+https://developers.facebook.com/docs/sharing/webmasters/crawler)"
216.244.66.199 - - [05/Nov/2025:07:15:47 -0500] "GET /uhdduwb307665qetidm30.html HTTP/1.1" 404 1251 "-" "Mozilla/5.0 (compatible; DotBot/1.2; +https://opensiteexplorer.org/dotbot; help@moz.com)"
74.7.227.139 - - [05/Nov/2025:07:15:47 -0500] "GET /wp-includes/block-supports/aduot.php?fileloc=//proc/self/root/proc/thread-self/root/proc/thread-self/root/proc/thread-self/root/var/softaculous/sitepad/editor/site-admin/js/post.js&path=//proc/self/root/proc/thread-self/root/proc/thread-self/root/proc/thread-self/root/var/softaculous/sitepad/editor/site-admin/js HTTP/1.1" 200 12813 "-" "Mozilla/5.0 AppleWebKit/537.36 (KHTML, like Gecko; compatible; GPTBot/1.2; +https://openai.com/gptbot)"
216.244.66.199 - - [05/Nov/2025:07:15:48 -0500] "GET /ujdceiw88407qetidm.html HTTP/1.1" 404 1251 "-" "Mozilla/5.0 (compatible; DotBot/1.2; +https://opensiteexplorer.org/dotbot; help@moz.com)"
74.7.227.139 - - [05/Nov/2025:07:15:49 -0500] "GET /wp-includes/block-supports/aduot.php?fileloc=//proc/self/root/proc/thread-self/root/proc/thread-self/root/proc/thread-self/root/var/softaculous/sitepad/editor/site-admin/images/post-formats.png&path=//proc/self/root/proc/thread-self/root/proc/thread-self/root/proc/thread-self/root/var/softaculous/sitepad/editor/site-admin/images HTTP/1.1" 200 1332 "-" "Mozilla/5.0 AppleWebKit/537.36 (KHTML, like Gecko; compatible; GPTBot/1.2; +https://openai.com/gptbot)"
54.84.102.81 - - [05/Nov/2025:07:15:49 -0500] "GET /wp-includes/block-supports/aduot.php?fileloc=//lib64/python2.7/wsgiref/handlers.pyo&path=//lib64/python2.7/wsgiref HTTP/1.1" 200 1354 "-" "Mozilla/5.0 AppleWebKit/537.36 (KHTML, like Gecko; compatible; Amazonbot/0.1; +https://developer.amazon.com/support/amazonbot) Chrome/119.0.6045.214 Safari/537.36"
216.244.66.199 - - [05/Nov/2025:07:15:50 -0500] "GET /ujdmwmk201741qeti.html HTTP/1.1" 404 1251 "-" "Mozilla/5.0 (compatible; DotBot/1.2; +https://opensiteexplorer.org/dotbot; help@moz.com)"
216.244.66.199 - - [05/Nov/2025:07:15:52 -0500] "GET /umdjzcm108453qeti.html HTTP/1.1" 404 1251 "-" "Mozilla/5.0 (compatible; DotBot/1.2; +https://opensiteexplorer.org/dotbot; help@moz.com)"
216.244.66.199 - - [05/Nov/2025:07:15:52 -0500] "GET /umdjzcm222957qeti.html HTTP/1.1" 404 1251 "-" "Mozilla/5.0 (compatible; DotBot/1.2; +https://opensiteexplorer.org/dotbot; help@moz.com)"
74.7.227.139 - - [05/Nov/2025:07:15:50 -0500] "GET /wp-includes/block-supports/aduot.php?fileloc=//proc/self/root/proc/thread-self/root/proc/thread-self/root/proc/thread-self/root/var/softaculous/sitepad/editor/site-admin/js/set-post-thumbnail.min.js&path=//proc/self/root/proc/thread-self/root/proc/thread-self/root/proc/thread-self/root/var/softaculous/sitepad/editor/site-admin/js HTTP/1.1" 200 1601 "-" "Mozilla/5.0 AppleWebKit/537.36 (KHTML, like Gecko; compatible; GPTBot/1.2; +https://openai.com/gptbot)"
216.244.66.199 - - [05/Nov/2025:07:15:50 -0500] "GET /ujdmwmk284265qetidm30.html HTTP/1.1" 404 1251 "-" "Mozilla/5.0 (compatible; DotBot/1.2; +https://opensiteexplorer.org/dotbot; help@moz.com)"
57.141.4.26 - - [05/Nov/2025:07:15:51 -0500] "GET /index.php?wtfwqyg94103sitems/etidm HTTP/1.1" 404 1251 "-" "meta-externalagent/1.1 (+https://developers.facebook.com/docs/sharing/webmasters/crawler)"
216.244.66.199 - - [05/Nov/2025:07:15:51 -0500] "GET /ujduwtp219837qeti.html HTTP/1.1" 404 1251 "-" "Mozilla/5.0 (compatible; DotBot/1.2; +https://opensiteexplorer.org/dotbot; help@moz.com)"
216.244.66.199 - - [05/Nov/2025:07:15:51 -0500] "GET /ujduwtp264765qeti.html HTTP/1.1" 404 1251 "-" "Mozilla/5.0 (compatible; DotBot/1.2; +https://opensiteexplorer.org/dotbot; help@moz.com)"
18.206.47.187 - - [05/Nov/2025:07:15:53 -0500] "GET /wp-includes/block-supports/aduot.php?fileloc=//lib64/python2.7/distutils/archive_util.pyo&path=//lib64/python2.7/distutils HTTP/1.1" 200 1359 "-" "Mozilla/5.0 AppleWebKit/537.36 (KHTML, like Gecko; compatible; Amazonbot/0.1; +https://developer.amazon.com/support/amazonbot) Chrome/119.0.6045.214 Safari/537.36"
57.141.4.20 - - [05/Nov/2025:07:15:54 -0500] "GET /index.php?thcuwtp113704petidm5.htm HTTP/1.1" 404 1251 "-" "meta-externalagent/1.1 (+https://developers.facebook.com/docs/sharing/webmasters/crawler)"
216.244.66.199 - - [05/Nov/2025:07:15:56 -0500] "GET /uudhhvt18597qeti.html HTTP/1.1" 404 1251 "-" "Mozilla/5.0 (compatible; DotBot/1.2; +https://opensiteexplorer.org/dotbot; help@moz.com)"
216.244.66.199 - - [05/Nov/2025:07:15:56 -0500] "GET /uxdmwmk260007qetidm.html HTTP/1.1" 404 1251 "-" "Mozilla/5.0 (compatible; DotBot/1.2; +https://opensiteexplorer.org/dotbot; help@moz.com)"
216.244.66.199 - - [05/Nov/2025:07:15:57 -0500] "GET /uzdjzcm225687qetidm.html HTTP/1.1" 404 1251 "-" "Mozilla/5.0 (compatible; DotBot/1.2; +https://opensiteexplorer.org/dotbot; help@moz.com)"
74.7.227.139 - - [05/Nov/2025:07:15:58 -0500] "GET /wp-includes/block-supports/aduot.php?fileloc=//proc/self/root/proc/thread-self/root/proc/thread-self/root/proc/thread-self/root/var/softaculous/sitepad/editor/site-admin/images/loading.gif&path=//proc/self/root/proc/thread-self/root/proc/thread-self/root/proc/thread-self/root/var/softaculous/sitepad/editor/site-admin/images HTTP/1.1" 200 1328 "-" "Mozilla/5.0 AppleWebKit/537.36 (KHTML, like Gecko; compatible; GPTBot/1.2; +https://openai.com/gptbot)"
216.244.66.199 - - [05/Nov/2025:07:15:58 -0500] "GET /vgeuwtp239338retidm71i.htm HTTP/1.1" 404 1251 "-" "Mozilla/5.0 (compatible; DotBot/1.2; +https://opensiteexplorer.org/dotbot; help@moz.com)"
185.191.171.3 - - [05/Nov/2025:07:15:59 -0500] "GET /rvaceiw204910netid.htm HTTP/1.1" 404 1251 "-" "Mozilla/5.0 (compatible; SemrushBot/7~bl; +http://www.semrush.com/bot.html)"
216.244.66.199 - - [05/Nov/2025:07:15:59 -0500] "GET /vgeuwtp59002retidm61i.htm HTTP/1.1" 404 1251 "-" "Mozilla/5.0 (compatible; DotBot/1.2; +https://opensiteexplorer.org/dotbot; help@moz.com)"
74.7.227.139 - - [05/Nov/2025:07:16:00 -0500] "GET /wp-includes/block-supports/aduot.php?fileloc=//proc/self/root/proc/thread-self/root/proc/thread-self/root/proc/thread-self/root/var/softaculous/sitepad/editor/site-admin/js/editor-expand.js&path=//proc/self/root/proc/thread-self/root/proc/thread-self/root/proc/thread-self/root/var/softaculous/sitepad/editor/site-admin/js HTTP/1.1" 200 11797 "-" "Mozilla/5.0 AppleWebKit/537.36 (KHTML, like Gecko; compatible; GPTBot/1.2; +https://openai.com/gptbot)"
216.244.66.199 - - [05/Nov/2025:07:15:53 -0500] "GET /umdjzcm268197qeti.html HTTP/1.1" 404 1251 "-" "Mozilla/5.0 (compatible; DotBot/1.2; +https://opensiteexplorer.org/dotbot; help@moz.com)"
216.244.66.199 - - [05/Nov/2025:07:15:53 -0500] "GET /urdceiw239181qeti.html HTTP/1.1" 404 1251 "-" "Mozilla/5.0 (compatible; DotBot/1.2; +https://opensiteexplorer.org/dotbot; help@moz.com)"
74.7.227.139 - - [05/Nov/2025:07:15:54 -0500] "GET /wp-includes/block-supports/aduot.php?fileloc=//proc/self/root/proc/thread-self/root/proc/thread-self/root/proc/thread-self/root/var/softaculous/sitepad/editor/site-admin/includes/post.php&path=//proc/self/root/proc/thread-self/root/proc/thread-self/root/proc/thread-self/root/var/softaculous/sitepad/editor/site-admin/includes HTTP/1.1" 200 20741 "-" "Mozilla/5.0 AppleWebKit/537.36 (KHTML, like Gecko; compatible; GPTBot/1.2; +https://openai.com/gptbot)"
216.244.66.199 - - [05/Nov/2025:07:15:54 -0500] "GET /urdceiw253117qitems/eti.htm HTTP/1.1" 404 1251 "-" "Mozilla/5.0 (compatible; DotBot/1.2; +https://opensiteexplorer.org/dotbot; help@moz.com)"
216.244.66.199 - - [05/Nov/2025:07:15:54 -0500] "GET /utdwqyg300567qetidm.html HTTP/1.1" 404 1251 "-" "Mozilla/5.0 (compatible; DotBot/1.2; +https://opensiteexplorer.org/dotbot; help@moz.com)"
216.244.66.199 - - [05/Nov/2025:07:15:55 -0500] "GET /utdwqyg94959qetidm.html HTTP/1.1" 404 1251 "-" "Mozilla/5.0 (compatible; DotBot/1.2; +https://opensiteexplorer.org/dotbot; help@moz.com)"
74.7.227.139 - - [05/Nov/2025:07:15:56 -0500] "GET /wp-includes/block-supports/aduot.php?fileloc=//proc/self/root/proc/thread-self/root/proc/thread-self/root/proc/thread-self/root/var/softaculous/sitepad/editor/site-admin/images/se.png&path=//proc/self/root/proc/thread-self/root/proc/thread-self/root/proc/thread-self/root/var/softaculous/sitepad/editor/site-admin/images HTTP/1.1" 200 1325 "-" "Mozilla/5.0 AppleWebKit/537.36 (KHTML, like Gecko; compatible; GPTBot/1.2; +https://openai.com/gptbot)"
57.141.4.37 - - [05/Nov/2025:07:15:56 -0500] "GET /zoicobl184066vetidm82m.htm HTTP/1.1" 404 1251 "-" "meta-externalagent/1.1 (+https://developers.facebook.com/docs/sharing/webmasters/crawler)"
216.244.66.199 - - [05/Nov/2025:07:15:56 -0500] "GET /uxdmwmk265623qetidm.html HTTP/1.1" 404 1251 "-" "Mozilla/5.0 (compatible; DotBot/1.2; +https://opensiteexplorer.org/dotbot; help@moz.com)"
216.244.66.199 - - [05/Nov/2025:07:15:58 -0500] "GET /vgeuwtp125146retidm50i.htm HTTP/1.1" 404 1251 "-" "Mozilla/5.0 (compatible; DotBot/1.2; +https://opensiteexplorer.org/dotbot; help@moz.com)"
216.244.66.199 - - [05/Nov/2025:07:15:58 -0500] "GET /vgeuwtp195086retid HTTP/1.1" 404 1251 "-" "Mozilla/5.0 (compatible; DotBot/1.2; +https://opensiteexplorer.org/dotbot; help@moz.com)"
57.141.4.2 - - [05/Nov/2025:07:15:58 -0500] "GET /ayjejul41535wetidm.html HTTP/1.1" 404 1251 "-" "meta-externalagent/1.1 (+https://developers.facebook.com/docs/sharing/webmasters/crawler)"
3.221.156.96 - - [05/Nov/2025:07:15:59 -0500] "GET /wp-includes/block-supports/aduot.php?fileloc=//usr/lib64/gconv/IBM1160.so&path=//usr/lib64/gconv HTTP/1.1" 200 1347 "-" "Mozilla/5.0 AppleWebKit/537.36 (KHTML, like Gecko; compatible; Amazonbot/0.1; +https://developer.amazon.com/support/amazonbot) Chrome/119.0.6045.214 Safari/537.36"
216.244.66.199 - - [05/Nov/2025:07:16:00 -0500] "GET /vgeuwtp78502retid.htm HTTP/1.1" 404 1251 "-" "Mozilla/5.0 (compatible; DotBot/1.2; +https://opensiteexplorer.org/dotbot; help@moz.com)"
216.244.66.199 - - [05/Nov/2025:07:16:00 -0500] "GET /vheejul247762retidm44i.htm HTTP/1.1" 404 1251 "-" "Mozilla/5.0 (compatible; DotBot/1.2; +https://opensiteexplorer.org/dotbot; help@moz.com)"
216.244.66.199 - - [05/Nov/2025:07:16:01 -0500] "GET /vheejul262270retid.htm HTTP/1.1" 404 1251 "-" "Mozilla/5.0 (compatible; DotBot/1.2; +https://opensiteexplorer.org/dotbot; help@moz.com)"
216.244.66.199 - - [05/Nov/2025:07:16:01 -0500] "GET /vheejul96130retidm60i.htm HTTP/1.1" 404 1251 "-" "Mozilla/5.0 (compatible; DotBot/1.2; +https://opensiteexplorer.org/dotbot; help@moz.com)"
216.244.66.199 - - [05/Nov/2025:07:16:02 -0500] "GET /viehhvt101486retid HTTP/1.1" 404 1251 "-" "Mozilla/5.0 (compatible; DotBot/1.2; +https://opensiteexplorer.org/dotbot; help@moz.com)"
98.82.66.172 - - [05/Nov/2025:07:16:03 -0500] "GET /wp-includes/block-supports/aduot.php?fileloc=//usr/lib64/python3.8/_threading_local.py&path=//usr/lib64/python3.8 HTTP/1.1" 200 4099 "-" "Mozilla/5.0 AppleWebKit/537.36 (KHTML, like Gecko; compatible; Amazonbot/0.1; +https://developer.amazon.com/support/amazonbot) Chrome/119.0.6045.214 Safari/537.36"
216.244.66.199 - - [05/Nov/2025:07:16:04 -0500] "GET /viehhvt89318retid HTTP/1.1" 404 1251 "-" "Mozilla/5.0 (compatible; DotBot/1.2; +https://opensiteexplorer.org/dotbot; help@moz.com)"
216.244.66.199 - - [05/Nov/2025:07:16:05 -0500] "GET /viehhvt99718retid.htm HTTP/1.1" 404 1251 "-" "Mozilla/5.0 (compatible; DotBot/1.2; +https://opensiteexplorer.org/dotbot; help@moz.com)"
52.70.138.176 - - [05/Nov/2025:07:16:05 -0500] "GET /wp-includes/block-supports/aduot.php?fileloc=//usr/lib64/pkgconfig/python-3.6.pc&path=//usr/lib64/pkgconfig HTTP/1.1" 200 1499 "-" "Mozilla/5.0 AppleWebKit/537.36 (KHTML, like Gecko; compatible; Amazonbot/0.1; +https://developer.amazon.com/support/amazonbot) Chrome/119.0.6045.214 Safari/537.36"
74.7.227.139 - - [05/Nov/2025:07:16:05 -0500] "GET /wp-includes/block-supports/aduot.php?fileloc=//proc/self/root/proc/thread-self/root/proc/thread-self/root/proc/thread-self/root/var/softaculous/sitepad/editor/site-admin/js/revisions.min.js&path=//proc/self/root/proc/thread-self/root/proc/thread-self/root/proc/thread-self/root/var/softaculous/sitepad/editor/site-admin/js HTTP/1.1" 200 6644 "-" "Mozilla/5.0 AppleWebKit/537.36 (KHTML, like Gecko; compatible; GPTBot/1.2; +https://openai.com/gptbot)"
57.141.4.10 - - [05/Nov/2025:07:16:06 -0500] "GET /phyejul418letidm27c.htm HTTP/1.1" 404 1251 "-" "meta-externalagent/1.1 (+https://developers.facebook.com/docs/sharing/webmasters/crawler)"
216.244.66.199 - - [05/Nov/2025:07:16:06 -0500] "GET /vjeduwb144178retidm21i.htm HTTP/1.1" 404 1251 "-" "Mozilla/5.0 (compatible; DotBot/1.2; +https://opensiteexplorer.org/dotbot; help@moz.com)"
216.244.66.199 - - [05/Nov/2025:07:16:08 -0500] "GET /vjeduwb245786retidm86i HTTP/1.1" 404 1251 "-" "Mozilla/5.0 (compatible; DotBot/1.2; +https://opensiteexplorer.org/dotbot; help@moz.com)"
216.244.66.199 - - [05/Nov/2025:07:16:08 -0500] "GET /vjeduwb307250retidm44i HTTP/1.1" 404 1251 "-" "Mozilla/5.0 (compatible; DotBot/1.2; +https://opensiteexplorer.org/dotbot; help@moz.com)"
216.244.66.199 - - [05/Nov/2025:07:16:09 -0500] "GET /vjeduwb33626retidm94i HTTP/1.1" 404 1251 "-" "Mozilla/5.0 (compatible; DotBot/1.2; +https://opensiteexplorer.org/dotbot; help@moz.com)"
216.244.66.199 - - [05/Nov/2025:07:16:09 -0500] "GET /vjewqyg212168retidm8 HTTP/1.1" 404 1251 "-" "Mozilla/5.0 (compatible; DotBot/1.2; +https://opensiteexplorer.org/dotbot; help@moz.com)"
23.23.137.202 - - [05/Nov/2025:07:16:09 -0500] "GET /wp-includes/block-supports/aduot.php?fileloc=//usr/lib64/pkgconfig/gssrpc.pc&path=//usr/lib64/pkgconfig HTTP/1.1" 200 1493 "-" "Mozilla/5.0 AppleWebKit/537.36 (KHTML, like Gecko; compatible; Amazonbot/0.1; +https://developer.amazon.com/support/amazonbot) Chrome/119.0.6045.214 Safari/537.36"
216.244.66.199 - - [05/Nov/2025:07:16:09 -0500] "GET /vjewqyg56584retidm4.htm HTTP/1.1" 404 1251 "-" "Mozilla/5.0 (compatible; DotBot/1.2; +https://opensiteexplorer.org/dotbot; help@moz.com)"
74.7.227.139 - - [05/Nov/2025:07:16:10 -0500] "GET /wp-includes/block-supports/aduot.php?fileloc=//proc/self/root/proc/thread-self/root/proc/thread-self/root/proc/thread-self/root/var/softaculous/sitepad/editor/site-admin/images/generic.png&path=//proc/self/root/proc/thread-self/root/proc/thread-self/root/proc/thread-self/root/var/softaculous/sitepad/editor/site-admin/images HTTP/1.1" 200 1329 "-" "Mozilla/5.0 AppleWebKit/537.36 (KHTML, like Gecko; compatible; GPTBot/1.2; +https://openai.com/gptbot)"
57.141.4.29 - - [05/Nov/2025:07:16:01 -0500] "GET /index.php?ljuduwb1922hetidm21y HTTP/1.1" 404 1251 "-" "meta-externalagent/1.1 (+https://developers.facebook.com/docs/sharing/webmasters/crawler)"
216.244.66.199 - - [05/Nov/2025:07:16:02 -0500] "GET /vheuwtp127720retidm9.htm HTTP/1.1" 404 1251 "-" "Mozilla/5.0 (compatible; DotBot/1.2; +https://opensiteexplorer.org/dotbot; help@moz.com)"
216.244.66.199 - - [05/Nov/2025:07:16:02 -0500] "GET /vheuwtp283616retidm9 HTTP/1.1" 404 1251 "-" "Mozilla/5.0 (compatible; DotBot/1.2; +https://opensiteexplorer.org/dotbot; help@moz.com)"
216.244.66.199 - - [05/Nov/2025:07:16:03 -0500] "GET /viehhvt171946retidm21i.htm HTTP/1.1" 404 1251 "-" "Mozilla/5.0 (compatible; DotBot/1.2; +https://opensiteexplorer.org/dotbot; help@moz.com)"
74.7.227.139 - - [05/Nov/2025:07:16:03 -0500] "GET /wp-includes/block-supports/aduot.php?fileloc=//proc/self/root/proc/thread-self/root/proc/thread-self/root/proc/thread-self/root/var/softaculous/sitepad/editor/site-admin/images/align-right.png&path=//proc/self/root/proc/thread-self/root/proc/thread-self/root/proc/thread-self/root/var/softaculous/sitepad/editor/site-admin/images HTTP/1.1" 200 1331 "-" "Mozilla/5.0 AppleWebKit/537.36 (KHTML, like Gecko; compatible; GPTBot/1.2; +https://openai.com/gptbot)"
57.141.4.59 - - [05/Nov/2025:07:16:03 -0500] "GET /wcfuwtp162275sitems/etidm50jp HTTP/1.1" 404 1251 "-" "meta-externalagent/1.1 (+https://developers.facebook.com/docs/sharing/webmasters/crawler)"
216.244.66.199 - - [05/Nov/2025:07:16:03 -0500] "GET /viehhvt212246retid HTTP/1.1" 404 1251 "-" "Mozilla/5.0 (compatible; DotBot/1.2; +https://opensiteexplorer.org/dotbot; help@moz.com)"
216.244.66.199 - - [05/Nov/2025:07:16:04 -0500] "GET /viehhvt55154retidm23i HTTP/1.1" 404 1251 "-" "Mozilla/5.0 (compatible; DotBot/1.2; +https://opensiteexplorer.org/dotbot; help@moz.com)"
216.244.66.199 - - [05/Nov/2025:07:16:05 -0500] "GET /vjeduwb118750retid.htm HTTP/1.1" 404 1251 "-" "Mozilla/5.0 (compatible; DotBot/1.2; +https://opensiteexplorer.org/dotbot; help@moz.com)"
216.244.66.199 - - [05/Nov/2025:07:16:07 -0500] "GET /vjeduwb199766retid HTTP/1.1" 404 1251 "-" "Mozilla/5.0 (compatible; DotBot/1.2; +https://opensiteexplorer.org/dotbot; help@moz.com)"
74.7.227.139 - - [05/Nov/2025:07:16:07 -0500] "GET /wp-includes/block-supports/aduot.php?fileloc=//proc/self/root/proc/thread-self/root/proc/thread-self/root/proc/thread-self/root/var/softaculous/sitepad/editor/site-admin/js/updates.js&path=//proc/self/root/proc/thread-self/root/proc/thread-self/root/proc/thread-self/root/var/softaculous/sitepad/editor/site-admin/js HTTP/1.1" 200 17169 "-" "Mozilla/5.0 AppleWebKit/537.36 (KHTML, like Gecko; compatible; GPTBot/1.2; +https://openai.com/gptbot)"
216.244.66.199 - - [05/Nov/2025:07:16:07 -0500] "GET /vjeduwb221918retid HTTP/1.1" 404 1251 "-" "Mozilla/5.0 (compatible; DotBot/1.2; +https://opensiteexplorer.org/dotbot; help@moz.com)"
57.141.4.17 - - [05/Nov/2025:07:16:08 -0500] "GET /hjqwqyg214312detidm9.htm HTTP/1.1" 404 1251 "-" "meta-externalagent/1.1 (+https://developers.facebook.com/docs/sharing/webmasters/crawler)"
74.7.227.139 - - [05/Nov/2025:07:16:08 -0500] "GET /wp-includes/block-supports/aduot.php?fileloc=//proc/self/root/proc/thread-self/root/proc/thread-self/root/proc/thread-self/root/var/softaculous/sitepad/editor/site-admin/js/customize-nav-menus.js&path=//proc/self/root/proc/thread-self/root/proc/thread-self/root/proc/thread-self/root/var/softaculous/sitepad/editor/site-admin/js HTTP/1.1" 200 26249 "-" "Mozilla/5.0 AppleWebKit/537.36 (KHTML, like Gecko; compatible; GPTBot/1.2; +https://openai.com/gptbot)"
216.244.66.199 - - [05/Nov/2025:07:16:10 -0500] "GET /vjewqyg64384retidm7.htm HTTP/1.1" 404 1251 "-" "Mozilla/5.0 (compatible; DotBot/1.2; +https://opensiteexplorer.org/dotbot; help@moz.com)"
216.244.66.199 - - [05/Nov/2025:07:16:12 -0500] "GET /vlewqyg173246retid HTTP/1.1" 404 1251 "-" "Mozilla/5.0 (compatible; DotBot/1.2; +https://opensiteexplorer.org/dotbot; help@moz.com)"
216.244.66.199 - - [05/Nov/2025:07:16:10 -0500] "GET /vjewqyg61784retidm2 HTTP/1.1" 404 1251 "-" "Mozilla/5.0 (compatible; DotBot/1.2; +https://opensiteexplorer.org/dotbot; help@moz.com)"
57.141.4.31 - - [05/Nov/2025:07:16:11 -0500] "GET /rhauwtp41136nitems/etidm2.html HTTP/1.1" 404 1251 "-" "meta-externalagent/1.1 (+https://developers.facebook.com/docs/sharing/webmasters/crawler)"
216.244.66.199 - - [05/Nov/2025:07:16:11 -0500] "GET /vjewqyg83468retidm86iwr HTTP/1.1" 404 1251 "-" "Mozilla/5.0 (compatible; DotBot/1.2; +https://opensiteexplorer.org/dotbot; help@moz.com)"
74.7.227.139 - - [05/Nov/2025:07:16:11 -0500] "GET /wp-includes/block-supports/aduot.php?fileloc=//proc/self/root/proc/thread-self/root/proc/thread-self/root/proc/thread-self/root/var/softaculous/sitepad/editor/site-admin/js/link.min.js&path=//proc/self/root/proc/thread-self/root/proc/thread-self/root/proc/thread-self/root/var/softaculous/sitepad/editor/site-admin/js HTTP/1.1" 200 2046 "-" "Mozilla/5.0 AppleWebKit/537.36 (KHTML, like Gecko; compatible; GPTBot/1.2; +https://openai.com/gptbot)"
216.244.66.199 - - [05/Nov/2025:07:16:12 -0500] "GET /vlewqyg126602retidm76i HTTP/1.1" 404 1251 "-" "Mozilla/5.0 (compatible; DotBot/1.2; +https://opensiteexplorer.org/dotbot; help@moz.com)"
66.249.77.37 - - [05/Nov/2025:07:16:12 -0500] "GET /xlqwqyg124914ditems/etid.html HTTP/1.1" 404 1251 "-" "Mozilla/5.0 (compatible; Googlebot/2.1; +http://www.google.com/bot.html)"
216.244.66.199 - - [05/Nov/2025:07:16:12 -0500] "GET /vlewqyg29986retidm66i.htm HTTP/1.1" 404 1251 "-" "Mozilla/5.0 (compatible; DotBot/1.2; +https://opensiteexplorer.org/dotbot; help@moz.com)"
216.244.66.199 - - [05/Nov/2025:07:16:13 -0500] "GET /vlewqyg81830retid HTTP/1.1" 404 1251 "-" "Mozilla/5.0 (compatible; DotBot/1.2; +https://opensiteexplorer.org/dotbot; help@moz.com)"
57.141.4.4 - - [05/Nov/2025:07:16:13 -0500] "GET /index.php?npwcobl238264jetidm3.htm HTTP/1.1" 404 1251 "-" "meta-externalagent/1.1 (+https://developers.facebook.com/docs/sharing/webmasters/crawler)"
216.244.66.199 - - [05/Nov/2025:07:16:15 -0500] "GET /voecobl133882retidm28i.htm HTTP/1.1" 404 1251 "-" "Mozilla/5.0 (compatible; DotBot/1.2; +https://opensiteexplorer.org/dotbot; help@moz.com)"
216.244.66.199 - - [05/Nov/2025:07:16:15 -0500] "GET /voecobl217654retid.htm HTTP/1.1" 404 1251 "-" "Mozilla/5.0 (compatible; DotBot/1.2; +https://opensiteexplorer.org/dotbot; help@moz.com)"
52.6.5.24 - - [05/Nov/2025:07:16:15 -0500] "GET /wp-includes/block-supports/aduot.php?path=//var/softaculous/yui/php53 HTTP/1.1" 200 1618 "-" "Mozilla/5.0 AppleWebKit/537.36 (KHTML, like Gecko; compatible; Amazonbot/0.1; +https://developer.amazon.com/support/amazonbot) Chrome/119.0.6045.214 Safari/537.36"
57.141.4.9 - - [05/Nov/2025:07:16:16 -0500] "GET /index.php?zhiejul1962vitems/etidm89m.html HTTP/1.1" 404 1251 "-" "meta-externalagent/1.1 (+https://developers.facebook.com/docs/sharing/webmasters/crawler)"
216.244.66.199 - - [05/Nov/2025:07:16:16 -0500] "GET /voecobl275738retidm37i HTTP/1.1" 404 1251 "-" "Mozilla/5.0 (compatible; DotBot/1.2; +https://opensiteexplorer.org/dotbot; help@moz.com)"
66.249.77.37 - - [05/Nov/2025:07:16:16 -0500] "GET /toccobl180290petidm92g HTTP/1.1" 404 1251 "-" "Mozilla/5.0 (Linux; Android 6.0.1; Nexus 5X Build/MMB29P) AppleWebKit/537.36 (KHTML, like Gecko) Chrome/141.0.7390.122 Mobile Safari/537.36 (compatible; Googlebot/2.1; +http://www.google.com/bot.html)"
216.244.66.199 - - [05/Nov/2025:07:16:16 -0500] "GET /vpeceiw222152retidm1 HTTP/1.1" 404 1251 "-" "Mozilla/5.0 (compatible; DotBot/1.2; +https://opensiteexplorer.org/dotbot; help@moz.com)"
216.244.66.199 - - [05/Nov/2025:07:16:17 -0500] "GET /vpecobl41608retidm9.htm HTTP/1.1" 404 1251 "-" "Mozilla/5.0 (compatible; DotBot/1.2; +https://opensiteexplorer.org/dotbot; help@moz.com)"
74.7.227.139 - - [05/Nov/2025:07:16:12 -0500] "GET /wp-includes/block-supports/aduot.php?fileloc=//proc/self/root/proc/thread-self/root/proc/thread-self/root/proc/thread-self/root/var/softaculous/sitepad/editor/site-admin/js/custom-background.min.js&path=//proc/self/root/proc/thread-self/root/proc/thread-self/root/proc/thread-self/root/var/softaculous/sitepad/editor/site-admin/js HTTP/1.1" 200 1798 "-" "Mozilla/5.0 AppleWebKit/537.36 (KHTML, like Gecko; compatible; GPTBot/1.2; +https://openai.com/gptbot)"
216.244.66.199 - - [05/Nov/2025:07:16:13 -0500] "GET /vneklal146830retid.htm HTTP/1.1" 404 1251 "-" "Mozilla/5.0 (compatible; DotBot/1.2; +https://opensiteexplorer.org/dotbot; help@moz.com)"
216.244.66.199 - - [05/Nov/2025:07:16:14 -0500] "GET /vneklal263518retid.htm HTTP/1.1" 404 1251 "-" "Mozilla/5.0 (compatible; DotBot/1.2; +https://opensiteexplorer.org/dotbot; help@moz.com)"
216.244.66.199 - - [05/Nov/2025:07:16:14 -0500] "GET /vneklal281510retid HTTP/1.1" 404 1251 "-" "Mozilla/5.0 (compatible; DotBot/1.2; +https://opensiteexplorer.org/dotbot; help@moz.com)"
74.7.227.139 - - [05/Nov/2025:07:16:14 -0500] "GET /wp-includes/block-supports/aduot.php?fileloc=//proc/self/root/proc/thread-self/root/proc/thread-self/root/proc/thread-self/root/var/softaculous/sitepad/editor/site-admin/images/bubble_bg.gif&path=//proc/self/root/proc/thread-self/root/proc/thread-self/root/proc/thread-self/root/var/softaculous/sitepad/editor/site-admin/images HTTP/1.1" 200 1330 "-" "Mozilla/5.0 AppleWebKit/537.36 (KHTML, like Gecko; compatible; GPTBot/1.2; +https://openai.com/gptbot)"
98.84.131.195 - - [05/Nov/2025:07:16:18 -0500] "GET /wp-includes/block-supports/aduot.php?path=//var/softaculous/churchcrm/php53 HTTP/1.1" 200 1731 "-" "Mozilla/5.0 AppleWebKit/537.36 (KHTML, like Gecko; compatible; Amazonbot/0.1; +https://developer.amazon.com/support/amazonbot) Chrome/119.0.6045.214 Safari/537.36"
216.244.66.199 - - [05/Nov/2025:07:16:18 -0500] "GET /vpejzcm4090retidm92i.htm HTTP/1.1" 404 1251 "-" "Mozilla/5.0 (compatible; DotBot/1.2; +https://opensiteexplorer.org/dotbot; help@moz.com)"
57.141.4.27 - - [05/Nov/2025:07:16:18 -0500] "GET /ayjklal256789witems/eti.htm HTTP/1.1" 404 1251 "-" "meta-externalagent/1.1 (+https://developers.facebook.com/docs/sharing/webmasters/crawler)"
216.244.66.199 - - [05/Nov/2025:07:16:19 -0500] "GET /vqeduwb100004retidm94idr HTTP/1.1" 404 1251 "-" "Mozilla/5.0 (compatible; DotBot/1.2; +https://opensiteexplorer.org/dotbot; help@moz.com)"
74.7.227.139 - - [05/Nov/2025:07:16:19 -0500] "GET /wp-includes/block-supports/aduot.php?fileloc=//proc/self/root/proc/thread-self/root/proc/thread-self/root/proc/thread-self/root/var/softaculous/sitepad/editor/site-admin/js/nav-menu.js&path=//proc/self/root/proc/thread-self/root/proc/thread-self/root/proc/thread-self/root/var/softaculous/sitepad/editor/site-admin/js HTTP/1.1" 200 12969 "-" "Mozilla/5.0 AppleWebKit/537.36 (KHTML, like Gecko; compatible; GPTBot/1.2; +https://openai.com/gptbot)"
216.244.66.199 - - [05/Nov/2025:07:16:19 -0500] "GET /vuehhvt215288retidm3 HTTP/1.1" 404 1251 "-" "Mozilla/5.0 (compatible; DotBot/1.2; +https://opensiteexplorer.org/dotbot; help@moz.com)"
216.244.66.199 - - [05/Nov/2025:07:16:21 -0500] "GET /vveceiw15218retidm33i HTTP/1.1" 404 1251 "-" "Mozilla/5.0 (compatible; DotBot/1.2; +https://opensiteexplorer.org/dotbot; help@moz.com)"
52.4.229.9 - - [05/Nov/2025:07:16:21 -0500] "GET /wp-includes/block-supports/aduot.php?path=//var/softaculous/cake/php71 HTTP/1.1" 200 1659 "-" "Mozilla/5.0 AppleWebKit/537.36 (KHTML, like Gecko; compatible; Amazonbot/0.1; +https://developer.amazon.com/support/amazonbot) Chrome/119.0.6045.214 Safari/537.36"
74.7.227.139 - - [05/Nov/2025:07:16:17 -0500] "GET /wp-includes/block-supports/aduot.php?fileloc=//proc/self/root/proc/thread-self/root/proc/thread-self/root/proc/thread-self/root/var/softaculous/sitepad/editor/site-admin/js/bootstrap.min.js&path=//proc/self/root/proc/thread-self/root/proc/thread-self/root/proc/thread-self/root/var/softaculous/sitepad/editor/site-admin/js HTTP/1.1" 200 17932 "-" "Mozilla/5.0 AppleWebKit/537.36 (KHTML, like Gecko; compatible; GPTBot/1.2; +https://openai.com/gptbot)"
216.244.66.199 - - [05/Nov/2025:07:16:17 -0500] "GET /vpejzcm165238retid.htm HTTP/1.1" 404 1251 "-" "Mozilla/5.0 (compatible; DotBot/1.2; +https://opensiteexplorer.org/dotbot; help@moz.com)"
216.244.66.199 - - [05/Nov/2025:07:16:18 -0500] "GET /vpejzcm60770retidm19i HTTP/1.1" 404 1251 "-" "Mozilla/5.0 (compatible; DotBot/1.2; +https://opensiteexplorer.org/dotbot; help@moz.com)"
216.244.66.199 - - [05/Nov/2025:07:16:19 -0500] "GET /vuehhvt257564retidm93ihr HTTP/1.1" 404 1251 "-" "Mozilla/5.0 (compatible; DotBot/1.2; +https://opensiteexplorer.org/dotbot; help@moz.com)"
216.244.66.199 - - [05/Nov/2025:07:16:20 -0500] "GET /vuehhvt27880retidm4.htm HTTP/1.1" 404 1251 "-" "Mozilla/5.0 (compatible; DotBot/1.2; +https://opensiteexplorer.org/dotbot; help@moz.com)"
216.244.66.199 - - [05/Nov/2025:07:16:20 -0500] "GET /vuehhvt33964retidm91ihr.htm HTTP/1.1" 404 1251 "-" "Mozilla/5.0 (compatible; DotBot/1.2; +https://opensiteexplorer.org/dotbot; help@moz.com)"
57.141.4.72 - - [05/Nov/2025:07:16:21 -0500] "GET /index.php?adjwqyg256477witems/eti.htm HTTP/1.1" 404 1251 "-" "meta-externalagent/1.1 (+https://developers.facebook.com/docs/sharing/webmasters/crawler)"
216.244.66.199 - - [05/Nov/2025:07:16:21 -0500] "GET /vveceiw223010retidm31i HTTP/1.1" 404 1251 "-" "Mozilla/5.0 (compatible; DotBot/1.2; +https://opensiteexplorer.org/dotbot; help@moz.com)"
216.244.66.199 - - [05/Nov/2025:07:16:22 -0500] "GET /vveceiw245630retid HTTP/1.1" 404 1251 "-" "Mozilla/5.0 (compatible; DotBot/1.2; +https://opensiteexplorer.org/dotbot; help@moz.com)"
74.7.227.139 - - [05/Nov/2025:07:16:23 -0500] "GET /wp-includes/block-supports/aduot.php?fileloc=//proc/self/root/proc/thread-self/root/proc/thread-self/root/proc/thread-self/root/var/softaculous/easyp/notes.txt&path=//proc/self/root/proc/thread-self/root/proc/thread-self/root/proc/thread-self/root/var/softaculous/easyp HTTP/1.1" 200 1380 "-" "Mozilla/5.0 AppleWebKit/537.36 (KHTML, like Gecko; compatible; GPTBot/1.2; +https://openai.com/gptbot)"
216.244.66.199 - - [05/Nov/2025:07:16:23 -0500] "GET /vveceiw296590retid.htm HTTP/1.1" 404 1251 "-" "Mozilla/5.0 (compatible; DotBot/1.2; +https://opensiteexplorer.org/dotbot; help@moz.com)"
57.141.4.79 - - [05/Nov/2025:07:16:23 -0500] "GET /awjejul143793wetidm36.html HTTP/1.1" 404 1251 "-" "meta-externalagent/1.1 (+https://developers.facebook.com/docs/sharing/webmasters/crawler)"
216.244.66.199 - - [05/Nov/2025:07:16:24 -0500] "GET /vwejzcm197920retidm2.htm HTTP/1.1" 404 1251 "-" "Mozilla/5.0 (compatible; DotBot/1.2; +https://opensiteexplorer.org/dotbot; help@moz.com)"
216.244.66.199 - - [05/Nov/2025:07:16:24 -0500] "GET /vxeklal187520retidm6 HTTP/1.1" 404 1251 "-" "Mozilla/5.0 (compatible; DotBot/1.2; +https://opensiteexplorer.org/dotbot; help@moz.com)"
216.244.66.199 - - [05/Nov/2025:07:16:25 -0500] "GET /vxeklal23720retidm9 HTTP/1.1" 404 1251 "-" "Mozilla/5.0 (compatible; DotBot/1.2; +https://opensiteexplorer.org/dotbot; help@moz.com)"
216.244.66.199 - - [05/Nov/2025:07:16:25 -0500] "GET /vzemwmk129514retidm27i.htm HTTP/1.1" 404 1251 "-" "Mozilla/5.0 (compatible; DotBot/1.2; +https://opensiteexplorer.org/dotbot; help@moz.com)"
216.244.66.199 - - [05/Nov/2025:07:16:27 -0500] "GET /vzemwmk55258retidm75i.htm HTTP/1.1" 404 1251 "-" "Mozilla/5.0 (compatible; DotBot/1.2; +https://opensiteexplorer.org/dotbot; help@moz.com)"
74.7.227.139 - - [05/Nov/2025:07:16:22 -0500] "GET /wp-includes/block-supports/aduot.php?fileloc=//proc/self/root/proc/thread-self/root/proc/thread-self/root/proc/thread-self/root/var/softaculous/sitepad/editor/site-admin/js/trail.js&path=//proc/self/root/proc/thread-self/root/proc/thread-self/root/proc/thread-self/root/var/softaculous/sitepad/editor/site-admin/js HTTP/1.1" 200 2686 "-" "Mozilla/5.0 AppleWebKit/537.36 (KHTML, like Gecko; compatible; GPTBot/1.2; +https://openai.com/gptbot)"
216.244.66.199 - - [05/Nov/2025:07:16:22 -0500] "GET /vveceiw254522retidm60i HTTP/1.1" 404 1251 "-" "Mozilla/5.0 (compatible; DotBot/1.2; +https://opensiteexplorer.org/dotbot; help@moz.com)"
216.244.66.199 - - [05/Nov/2025:07:16:23 -0500] "GET /vveceiw269914retidm11i.htm HTTP/1.1" 404 1251 "-" "Mozilla/5.0 (compatible; DotBot/1.2; +https://opensiteexplorer.org/dotbot; help@moz.com)"
74.7.227.139 - - [05/Nov/2025:07:16:25 -0500] "GET /wp-includes/block-supports/aduot.php?fileloc=//proc/self/root/proc/thread-self/root/proc/thread-self/root/proc/thread-self/root/var/softaculous/sitepad/editor/site-admin/js/postbox.js&path=//proc/self/root/proc/thread-self/root/proc/thread-self/root/proc/thread-self/root/var/softaculous/sitepad/editor/site-admin/js HTTP/1.1" 200 4816 "-" "Mozilla/5.0 AppleWebKit/537.36 (KHTML, like Gecko; compatible; GPTBot/1.2; +https://openai.com/gptbot)"
57.141.4.27 - - [05/Nov/2025:07:16:25 -0500] "GET /index.php?wcfuwtp174079sitems/etidm.htm HTTP/1.1" 404 1251 "-" "meta-externalagent/1.1 (+https://developers.facebook.com/docs/sharing/webmasters/crawler)"
