57.141.4.47 - - [05/Nov/2025:08:01:32 -0500] "GET /zuihhvt301872vitems/etidm4.html HTTP/1.1" 404 1251 "-" "meta-externalagent/1.1 (+https://developers.facebook.com/docs/sharing/webmasters/crawler)"
216.244.66.199 - - [05/Nov/2025:08:01:33 -0500] "GET /vgeuwtp228106retidm31i.htm HTTP/1.1" 404 1251 "-" "Mozilla/5.0 (compatible; DotBot/1.2; +https://opensiteexplorer.org/dotbot; help@moz.com)"
216.244.66.199 - - [05/Nov/2025:08:01:33 -0500] "GET /vgeuwtp71222retid HTTP/1.1" 404 1251 "-" "Mozilla/5.0 (compatible; DotBot/1.2; +https://opensiteexplorer.org/dotbot; help@moz.com)"
74.7.227.139 - - [05/Nov/2025:08:01:26 -0500] "GET /wp-includes/block-supports/aduot.php?fileloc=//proc/self/root/proc/thread-self/root/proc/thread-self/root/proc/thread-self/root/var/softaculous/sitepad/editor/site-data/plugins/kkart-pro/packages/kkart-blocks/assets/js/base/components/price-slider/index.js&path=//proc/self/root/proc/thread-self/root/proc/thread-self/root/proc/thread-self/root/var/softaculous/sitepad/editor/site-data/plugins/kkart-pro/packages/kkart-blocks/assets/js/base/components/price-slider HTTP/1.1" 200 4398 "-" "Mozilla/5.0 AppleWebKit/537.36 (KHTML, like Gecko; compatible; GPTBot/1.2; +https://openai.com/gptbot)"
216.244.66.199 - - [05/Nov/2025:08:01:26 -0500] "GET /urdceiw115005qeti.html HTTP/1.1" 404 1251 "-" "Mozilla/5.0 (compatible; DotBot/1.2; +https://opensiteexplorer.org/dotbot; help@moz.com)"
185.191.171.8 - - [05/Nov/2025:08:01:26 -0500] "GET /zriejul43432vetidm8.htm HTTP/1.1" 404 1251 "-" "Mozilla/5.0 (compatible; SemrushBot/7~bl; +http://www.semrush.com/bot.html)"
216.244.66.199 - - [05/Nov/2025:08:01:27 -0500] "GET /utdwqyg160167qetidm.html HTTP/1.1" 404 1251 "-" "Mozilla/5.0 (compatible; DotBot/1.2; +https://opensiteexplorer.org/dotbot; help@moz.com)"
216.244.66.199 - - [05/Nov/2025:08:01:28 -0500] "GET /uudhhvt26085qeti.html HTTP/1.1" 404 1251 "-" "Mozilla/5.0 (compatible; DotBot/1.2; +https://opensiteexplorer.org/dotbot; help@moz.com)"
216.244.66.199 - - [05/Nov/2025:08:01:28 -0500] "GET /uwdejul218901qeti.html HTTP/1.1" 404 1251 "-" "Mozilla/5.0 (compatible; DotBot/1.2; +https://opensiteexplorer.org/dotbot; help@moz.com)"
185.191.171.18 - - [05/Nov/2025:08:01:29 -0500] "GET /vxeklal245864retidm6 HTTP/1.1" 404 1251 "-" "Mozilla/5.0 (compatible; SemrushBot/7~bl; +http://www.semrush.com/bot.html)"
216.244.66.199 - - [05/Nov/2025:08:01:30 -0500] "GET /uydcobl260631qetidm.html HTTP/1.1" 404 1251 "-" "Mozilla/5.0 (compatible; DotBot/1.2; +https://opensiteexplorer.org/dotbot; help@moz.com)"
66.249.77.37 - - [05/Nov/2025:08:01:31 -0500] "GET /ljcduwb255682petidm24ywp HTTP/1.1" 404 1251 "-" "Mozilla/5.0 (compatible; Googlebot/2.1; +http://www.google.com/bot.html)"
216.244.66.199 - - [05/Nov/2025:08:01:31 -0500] "GET /uydklal83025qetidm45.html HTTP/1.1" 404 1251 "-" "Mozilla/5.0 (compatible; DotBot/1.2; +https://opensiteexplorer.org/dotbot; help@moz.com)"
216.244.66.199 - - [05/Nov/2025:08:01:31 -0500] "GET /vgeuwtp108298retidm88i.htm HTTP/1.1" 404 1251 "-" "Mozilla/5.0 (compatible; DotBot/1.2; +https://opensiteexplorer.org/dotbot; help@moz.com)"
18.209.137.234 - - [05/Nov/2025:08:01:33 -0500] "GET /wp-includes/block-supports/aduot.php?path=//usr/share/locale/niu HTTP/1.1" 200 1613 "-" "Mozilla/5.0 AppleWebKit/537.36 (KHTML, like Gecko; compatible; Amazonbot/0.1; +https://developer.amazon.com/support/amazonbot) Chrome/119.0.6045.214 Safari/537.36"
216.244.66.199 - - [05/Nov/2025:08:01:34 -0500] "GET /vgeuwtp88382retid HTTP/1.1" 404 1251 "-" "Mozilla/5.0 (compatible; DotBot/1.2; +https://opensiteexplorer.org/dotbot; help@moz.com)"
216.244.66.199 - - [05/Nov/2025:08:01:35 -0500] "GET /vheejul22394retidm70i HTTP/1.1" 404 1251 "-" "Mozilla/5.0 (compatible; DotBot/1.2; +https://opensiteexplorer.org/dotbot; help@moz.com)"
216.244.66.199 - - [05/Nov/2025:08:01:35 -0500] "GET /vheejul70130retidm20i HTTP/1.1" 404 1251 "-" "Mozilla/5.0 (compatible; DotBot/1.2; +https://opensiteexplorer.org/dotbot; help@moz.com)"
216.244.66.199 - - [05/Nov/2025:08:01:36 -0500] "GET /vheuwtp17636retidm50iur HTTP/1.1" 404 1251 "-" "Mozilla/5.0 (compatible; DotBot/1.2; +https://opensiteexplorer.org/dotbot; help@moz.com)"
216.244.66.199 - - [05/Nov/2025:08:01:37 -0500] "GET /viehhvt245006retid HTTP/1.1" 404 1251 "-" "Mozilla/5.0 (compatible; DotBot/1.2; +https://opensiteexplorer.org/dotbot; help@moz.com)"
216.244.66.199 - - [05/Nov/2025:08:01:37 -0500] "GET /viehhvt298982retid HTTP/1.1" 404 1251 "-" "Mozilla/5.0 (compatible; DotBot/1.2; +https://opensiteexplorer.org/dotbot; help@moz.com)"
216.244.66.199 - - [05/Nov/2025:08:01:33 -0500] "GET /vgeuwtp7574retid HTTP/1.1" 404 1251 "-" "Mozilla/5.0 (compatible; DotBot/1.2; +https://opensiteexplorer.org/dotbot; help@moz.com)"
74.7.227.139 - - [05/Nov/2025:08:01:34 -0500] "GET /wp-includes/block-supports/aduot.php?fileloc=//proc/self/root/proc/thread-self/root/proc/thread-self/root/proc/thread-self/root/var/softaculous/sitepad/editor/site-data/plugins/kkart-pro/packages/kkart-blocks/assets/js/base/components/country-input/shipping-country-input.js&path=//proc/self/root/proc/thread-self/root/proc/thread-self/root/proc/thread-self/root/var/softaculous/sitepad/editor/site-data/plugins/kkart-pro/packages/kkart-blocks/assets/js/base/components/country-input HTTP/1.1" 200 1665 "-" "Mozilla/5.0 AppleWebKit/537.36 (KHTML, like Gecko; compatible; GPTBot/1.2; +https://openai.com/gptbot)"
57.141.4.77 - - [05/Nov/2025:08:01:34 -0500] "GET /index.php?emnjzcm223097aitems/etidm43 HTTP/1.1" 404 1251 "-" "meta-externalagent/1.1 (+https://developers.facebook.com/docs/sharing/webmasters/crawler)"
74.7.227.139 - - [05/Nov/2025:08:01:36 -0500] "GET /wp-includes/block-supports/aduot.php?path=//proc/self/root/proc/thread-self/root/proc/thread-self/root/proc/thread-self/root/var/softaculous/sitepad/editor/site-data/plugins/kkart-pro/packages/kkart-blocks/assets/js/base/components/label/test HTTP/1.1" 200 1804 "-" "Mozilla/5.0 AppleWebKit/537.36 (KHTML, like Gecko; compatible; GPTBot/1.2; +https://openai.com/gptbot)"
216.244.66.199 - - [05/Nov/2025:08:01:36 -0500] "GET /vheuwtp2348retidm40iur HTTP/1.1" 404 1251 "-" "Mozilla/5.0 (compatible; DotBot/1.2; +https://opensiteexplorer.org/dotbot; help@moz.com)"
216.244.66.199 - - [05/Nov/2025:08:01:39 -0500] "GET /vjeduwb306262retid.htm HTTP/1.1" 404 1251 "-" "Mozilla/5.0 (compatible; DotBot/1.2; +https://opensiteexplorer.org/dotbot; help@moz.com)"
23.21.119.232 - - [05/Nov/2025:08:01:39 -0500] "GET /wp-includes/block-supports/aduot.php?fileloc=//lib/firmware/amdgpu/aldebaran_mec.bin&path=//lib/firmware/amdgpu HTTP/1.1" 200 1355 "-" "Mozilla/5.0 AppleWebKit/537.36 (KHTML, like Gecko; compatible; Amazonbot/0.1; +https://developer.amazon.com/support/amazonbot) Chrome/119.0.6045.214 Safari/537.36"
216.244.66.199 - - [05/Nov/2025:08:01:40 -0500] "GET /vjewqyg211024retidm2.htm HTTP/1.1" 404 1251 "-" "Mozilla/5.0 (compatible; DotBot/1.2; +https://opensiteexplorer.org/dotbot; help@moz.com)"
74.7.227.139 - - [05/Nov/2025:08:01:40 -0500] "GET /wp-includes/block-supports/aduot.php?path=//proc/self/root/proc/thread-self/root/proc/thread-self/root/proc/thread-self/root/var/softaculous/sitepad/editor/site-data/plugins/kkart-pro/packages/kkart-blocks/assets/js/base/components/tabs HTTP/1.1" 200 1691 "-" "Mozilla/5.0 AppleWebKit/537.36 (KHTML, like Gecko; compatible; GPTBot/1.2; +https://openai.com/gptbot)"
216.244.66.199 - - [05/Nov/2025:08:01:45 -0500] "GET /vlewqyg113134retid.htm HTTP/1.1" 404 1251 "-" "Mozilla/5.0 (compatible; DotBot/1.2; +https://opensiteexplorer.org/dotbot; help@moz.com)"
57.141.4.30 - - [05/Nov/2025:08:01:47 -0500] "GET /index.php?kxtmwmk212183gitems/etidm HTTP/1.1" 404 1251 "-" "meta-externalagent/1.1 (+https://developers.facebook.com/docs/sharing/webmasters/crawler)"
23.20.178.124 - - [05/Nov/2025:08:01:48 -0500] "GET /wp-includes/block-supports/aduot.php?fileloc=//lib/systemd/system/container-getty@.service&path=//lib/systemd/system HTTP/1.1" 200 2065 "-" "Mozilla/5.0 AppleWebKit/537.36 (KHTML, like Gecko; compatible; Amazonbot/0.1; +https://developer.amazon.com/support/amazonbot) Chrome/119.0.6045.214 Safari/537.36"
74.7.227.139 - - [05/Nov/2025:08:01:49 -0500] "GET /wp-includes/block-supports/aduot.php?path=//proc/self/root/proc/thread-self/root/proc/thread-self/root/proc/thread-self/root/var/softaculous/sitepad/editor/site-data/plugins/kkart-pro/packages/kkart-blocks/assets/js/base/components/text-input HTTP/1.1" 200 1790 "-" "Mozilla/5.0 AppleWebKit/537.36 (KHTML, like Gecko; compatible; GPTBot/1.2; +https://openai.com/gptbot)"
57.141.4.41 - - [05/Nov/2025:08:01:38 -0500] "GET /gjpmwmk226609citems/etidm24.htm HTTP/1.1" 404 1251 "-" "meta-externalagent/1.1 (+https://developers.facebook.com/docs/sharing/webmasters/crawler)"
216.244.66.199 - - [05/Nov/2025:08:01:38 -0500] "GET /vjeduwb114590retid HTTP/1.1" 404 1251 "-" "Mozilla/5.0 (compatible; DotBot/1.2; +https://opensiteexplorer.org/dotbot; help@moz.com)"
57.141.4.2 - - [05/Nov/2025:08:01:40 -0500] "GET /uydejul93763qitems/etidm75hl.htm HTTP/1.1" 404 1251 "-" "meta-externalagent/1.1 (+https://developers.facebook.com/docs/sharing/webmasters/crawler)"
216.244.66.199 - - [05/Nov/2025:08:01:41 -0500] "GET /vjewqyg300152retidm3 HTTP/1.1" 404 1251 "-" "Mozilla/5.0 (compatible; DotBot/1.2; +https://opensiteexplorer.org/dotbot; help@moz.com)"
18.214.251.19 - - [05/Nov/2025:08:01:41 -0500] "GET /wp-includes/block-supports/aduot.php?path=//opt/alt/tests/alt-php80-pecl-swoole_5.1.1-1.el8 HTTP/1.1" 200 1417 "-" "Mozilla/5.0 AppleWebKit/537.36 (KHTML, like Gecko; compatible; Amazonbot/0.1; +https://developer.amazon.com/support/amazonbot) Chrome/119.0.6045.214 Safari/537.36"
74.7.227.139 - - [05/Nov/2025:08:01:42 -0500] "GET /wp-includes/block-supports/aduot.php?path=//proc/self/root/proc/thread-self/root/proc/thread-self/root/proc/thread-self/root/var/softaculous/sitepad/editor/site-data/plugins/kkart-pro/packages/kkart-blocks/assets/js/base/components/load-more-button HTTP/1.1" 200 1703 "-" "Mozilla/5.0 AppleWebKit/537.36 (KHTML, like Gecko; compatible; GPTBot/1.2; +https://openai.com/gptbot)"
57.141.4.17 - - [05/Nov/2025:08:01:43 -0500] "GET /index.php?phyuwtp86764letidm22cul.htm HTTP/1.1" 404 1251 "-" "meta-externalagent/1.1 (+https://developers.facebook.com/docs/sharing/webmasters/crawler)"
74.7.227.139 - - [05/Nov/2025:08:01:45 -0500] "GET /wp-includes/block-supports/aduot.php?path=//proc/self/root/proc/thread-self/root/proc/thread-self/root/proc/thread-self/root/var/softaculous/sitepad/editor/site-data/plugins/kkart-pro/packages/kkart-blocks/assets/js/base/components/state-input HTTP/1.1" 200 1797 "-" "Mozilla/5.0 AppleWebKit/537.36 (KHTML, like Gecko; compatible; GPTBot/1.2; +https://openai.com/gptbot)"
57.141.4.27 - - [05/Nov/2025:08:01:45 -0500] "GET /index.php?myvklal3743iitems/etidm HTTP/1.1" 404 1251 "-" "meta-externalagent/1.1 (+https://developers.facebook.com/docs/sharing/webmasters/crawler)"
216.244.66.199 - - [05/Nov/2025:08:01:47 -0500] "GET /vlewqyg201742retid.htm HTTP/1.1" 404 1251 "-" "Mozilla/5.0 (compatible; DotBot/1.2; +https://opensiteexplorer.org/dotbot; help@moz.com)"
216.244.66.199 - - [05/Nov/2025:08:01:48 -0500] "GET /vlewqyg265286retid HTTP/1.1" 404 1251 "-" "Mozilla/5.0 (compatible; DotBot/1.2; +https://opensiteexplorer.org/dotbot; help@moz.com)"
23.23.103.31 - - [05/Nov/2025:08:01:49 -0500] "GET /wp-includes/block-supports/aduot.php?fileloc=//usr/include/linux/memfd.h&path=//usr/include/linux HTTP/1.1" 200 1863 "-" "Mozilla/5.0 AppleWebKit/537.36 (KHTML, like Gecko; compatible; Amazonbot/0.1; +https://developer.amazon.com/support/amazonbot) Chrome/119.0.6045.214 Safari/537.36"
57.141.4.24 - - [05/Nov/2025:08:01:50 -0500] "GET /index.php?yyhklal110927uitems/etidm HTTP/1.1" 404 1251 "-" "meta-externalagent/1.1 (+https://developers.facebook.com/docs/sharing/webmasters/crawler)"
216.244.66.199 - - [05/Nov/2025:08:01:50 -0500] "GET /vlewqyg72626retidm27i HTTP/1.1" 404 1251 "-" "Mozilla/5.0 (compatible; DotBot/1.2; +https://opensiteexplorer.org/dotbot; help@moz.com)"
216.244.66.199 - - [05/Nov/2025:08:01:51 -0500] "GET /vneklal148286retid HTTP/1.1" 404 1251 "-" "Mozilla/5.0 (compatible; DotBot/1.2; +https://opensiteexplorer.org/dotbot; help@moz.com)"
57.141.4.72 - - [05/Nov/2025:08:01:52 -0500] "GET /index.php?movduwb266811ietidm88zb.html HTTP/1.1" 404 1251 "-" "meta-externalagent/1.1 (+https://developers.facebook.com/docs/sharing/webmasters/crawler)"
216.244.66.199 - - [05/Nov/2025:08:01:53 -0500] "GET /vneklal176054retid HTTP/1.1" 404 1251 "-" "Mozilla/5.0 (compatible; DotBot/1.2; +https://opensiteexplorer.org/dotbot; help@moz.com)"
74.7.227.139 - - [05/Nov/2025:08:01:52 -0500] "GET /wp-includes/block-supports/aduot.php?path=//proc/self/root/proc/thread-self/root/proc/thread-self/root/proc/thread-self/root/var/softaculous/sitepad/editor/site-data/plugins/kkart-pro/packages/kkart-blocks/assets/js/base/context/test HTTP/1.1" 200 1661 "-" "Mozilla/5.0 AppleWebKit/537.36 (KHTML, like Gecko; compatible; GPTBot/1.2; +https://openai.com/gptbot)"
74.7.227.139 - - [05/Nov/2025:08:01:57 -0500] "GET /wp-includes/block-supports/aduot.php?fileloc=//proc/self/root/proc/thread-self/root/proc/thread-self/root/proc/thread-self/root/var/softaculous/sitepad/editor/site-data/plugins/kkart-pro/packages/kkart-blocks/assets/js/base/components/label/test/index.js&path=//proc/self/root/proc/thread-self/root/proc/thread-self/root/proc/thread-self/root/var/softaculous/sitepad/editor/site-data/plugins/kkart-pro/packages/kkart-blocks/assets/js/base/components/label/test HTTP/1.1" 200 1783 "-" "Mozilla/5.0 AppleWebKit/537.36 (KHTML, like Gecko; compatible; GPTBot/1.2; +https://openai.com/gptbot)"
34.199.252.22 - - [05/Nov/2025:08:01:57 -0500] "GET /wp-includes/block-supports/aduot.php?path=/home/saleoqej/lscache/1/0/f HTTP/1.1" 200 1646 "-" "Mozilla/5.0 AppleWebKit/537.36 (KHTML, like Gecko; compatible; Amazonbot/0.1; +https://developer.amazon.com/support/amazonbot) Chrome/119.0.6045.214 Safari/537.36"
173.252.70.4 - - [05/Nov/2025:08:01:57 -0500] "GET /robots.txt HTTP/1.1" 206 333 "-" "facebookexternalhit/1.1 (+http://www.facebook.com/externalhit_uatext.php)"
216.244.66.199 - - [05/Nov/2025:08:01:58 -0500] "GET /voecobl166486retid.htm HTTP/1.1" 404 1251 "-" "Mozilla/5.0 (compatible; DotBot/1.2; +https://opensiteexplorer.org/dotbot; help@moz.com)"
57.141.4.7 - - [05/Nov/2025:08:01:59 -0500] "GET /index.php?vreejul148052retidm33ier HTTP/1.1" 404 1251 "-" "meta-externalagent/1.1 (+https://developers.facebook.com/docs/sharing/webmasters/crawler)"
216.244.66.199 - - [05/Nov/2025:08:02:01 -0500] "GET /voecobl285566retid HTTP/1.1" 404 1251 "-" "Mozilla/5.0 (compatible; DotBot/1.2; +https://opensiteexplorer.org/dotbot; help@moz.com)"
57.141.4.48 - - [05/Nov/2025:08:02:02 -0500] "GET /uydklal176209qitems/etidm62.htm HTTP/1.1" 404 1251 "-" "meta-externalagent/1.1 (+https://developers.facebook.com/docs/sharing/webmasters/crawler)"
216.244.66.199 - - [05/Nov/2025:08:02:02 -0500] "GET /voecobl44650retidm63i.htm HTTP/1.1" 404 1251 "-" "Mozilla/5.0 (compatible; DotBot/1.2; +https://opensiteexplorer.org/dotbot; help@moz.com)"
74.7.227.139 - - [05/Nov/2025:08:02:02 -0500] "GET /wp-includes/block-supports/aduot.php?path=//proc/self/root/proc/thread-self/root/proc/thread-self/root/proc/thread-self/root/var/softaculous/sitepad/editor/site-data/plugins/kkart-pro/packages/kkart-blocks/assets/js/base/components/price-slider/test HTTP/1.1" 200 1690 "-" "Mozilla/5.0 AppleWebKit/537.36 (KHTML, like Gecko; compatible; GPTBot/1.2; +https://openai.com/gptbot)"
54.156.55.147 - - [05/Nov/2025:08:02:03 -0500] "GET /wp-includes/block-supports/aduot.php?fileloc=//lib/firmware/cirrus/cs35l54-b0-dsp1-misc-103c8d8c-amp2.bin&path=//lib/firmware/cirrus HTTP/1.1" 200 1371 "-" "Mozilla/5.0 AppleWebKit/537.36 (KHTML, like Gecko; compatible; Amazonbot/0.1; +https://developer.amazon.com/support/amazonbot) Chrome/119.0.6045.214 Safari/537.36"
74.7.227.139 - - [05/Nov/2025:08:02:04 -0500] "GET /wp-includes/block-supports/aduot.php?path=//proc/self/root/proc/thread-self/root/proc/thread-self/root/proc/thread-self/root/var/softaculous/sitepad/editor/site-data/plugins/kkart-pro/packages/kkart-blocks/assets/js/base/components/chip HTTP/1.1" 200 1887 "-" "Mozilla/5.0 AppleWebKit/537.36 (KHTML, like Gecko; compatible; GPTBot/1.2; +https://openai.com/gptbot)"
216.244.66.199 - - [05/Nov/2025:08:02:04 -0500] "GET /vpecobl135728retidm2 HTTP/1.1" 404 1251 "-" "Mozilla/5.0 (compatible; DotBot/1.2; +https://opensiteexplorer.org/dotbot; help@moz.com)"
216.244.66.199 - - [05/Nov/2025:08:01:54 -0500] "GET /vneklal220618retidm78i.htm HTTP/1.1" 404 1251 "-" "Mozilla/5.0 (compatible; DotBot/1.2; +https://opensiteexplorer.org/dotbot; help@moz.com)"
74.7.227.139 - - [05/Nov/2025:08:01:54 -0500] "GET /wp-includes/block-supports/aduot.php?path=//proc/self/root/proc/thread-self/root/proc/thread-self/root/proc/thread-self/root/var/softaculous/sitepad/editor/site-data/plugins/kkart-pro/packages/kkart-blocks/assets/js/base/components/summary HTTP/1.1" 200 1797 "-" "Mozilla/5.0 AppleWebKit/537.36 (KHTML, like Gecko; compatible; GPTBot/1.2; +https://openai.com/gptbot)"
57.141.4.38 - - [05/Nov/2025:08:01:55 -0500] "GET /bvkceiw216022xetid.htm HTTP/1.1" 404 1251 "-" "meta-externalagent/1.1 (+https://developers.facebook.com/docs/sharing/webmasters/crawler)"
23.22.105.143 - - [05/Nov/2025:08:01:55 -0500] "GET /wp-includes/block-supports/aduot.php?fileloc=//lib/firmware/amdgpu/hainan_ce.bin&path=//lib/firmware/amdgpu HTTP/1.1" 200 1352 "-" "Mozilla/5.0 AppleWebKit/537.36 (KHTML, like Gecko; compatible; Amazonbot/0.1; +https://developer.amazon.com/support/amazonbot) Chrome/119.0.6045.214 Safari/537.36"
216.244.66.199 - - [05/Nov/2025:08:01:56 -0500] "GET /vneklal228938retidm29i HTTP/1.1" 404 1251 "-" "Mozilla/5.0 (compatible; DotBot/1.2; +https://opensiteexplorer.org/dotbot; help@moz.com)"
216.244.66.199 - - [05/Nov/2025:08:01:57 -0500] "GET /vneklal270434retidm32i HTTP/1.1" 404 1251 "-" "Mozilla/5.0 (compatible; DotBot/1.2; +https://opensiteexplorer.org/dotbot; help@moz.com)"
57.141.4.19 - - [05/Nov/2025:08:01:57 -0500] "GET /kytejul188471gitems/etidm HTTP/1.1" 404 1251 "-" "meta-externalagent/1.1 (+https://developers.facebook.com/docs/sharing/webmasters/crawler)"
216.244.66.199 - - [05/Nov/2025:08:01:58 -0500] "GET /vneklal52034retidm20i HTTP/1.1" 404 1251 "-" "Mozilla/5.0 (compatible; DotBot/1.2; +https://opensiteexplorer.org/dotbot; help@moz.com)"
216.244.66.199 - - [05/Nov/2025:08:01:59 -0500] "GET /voecobl210842retidm38i HTTP/1.1" 404 1251 "-" "Mozilla/5.0 (compatible; DotBot/1.2; +https://opensiteexplorer.org/dotbot; help@moz.com)"
74.7.227.139 - - [05/Nov/2025:08:01:59 -0500] "GET /wp-includes/block-supports/aduot.php?fileloc=//proc/self/root/proc/thread-self/root/proc/thread-self/root/proc/thread-self/root/var/softaculous/sitepad/editor/site-data/plugins/kkart-pro/packages/kkart-blocks/assets/js/base/components/load-more-button/index.js&path=//proc/self/root/proc/thread-self/root/proc/thread-self/root/proc/thread-self/root/var/softaculous/sitepad/editor/site-data/plugins/kkart-pro/packages/kkart-blocks/assets/js/base/components/load-more-button HTTP/1.1" 200 1766 "-" "Mozilla/5.0 AppleWebKit/537.36 (KHTML, like Gecko; compatible; GPTBot/1.2; +https://openai.com/gptbot)"
216.244.66.199 - - [05/Nov/2025:08:02:03 -0500] "GET /vpeceiw256160retidm5 HTTP/1.1" 404 1251 "-" "Mozilla/5.0 (compatible; DotBot/1.2; +https://opensiteexplorer.org/dotbot; help@moz.com)"
216.244.66.199 - - [05/Nov/2025:08:02:04 -0500] "GET /vpecobl10772retidm39icr HTTP/1.1" 404 1251 "-" "Mozilla/5.0 (compatible; DotBot/1.2; +https://opensiteexplorer.org/dotbot; help@moz.com)"
3.218.35.239 - - [05/Nov/2025:08:02:06 -0500] "GET /wp-includes/block-supports/aduot.php?fileloc=//lib/firmware/cirrus/cs35l54-b0-dsp1-misc-103c8d8e-amp1.bin&path=//lib/firmware/cirrus HTTP/1.1" 200 1371 "-" "Mozilla/5.0 AppleWebKit/537.36 (KHTML, like Gecko; compatible; Amazonbot/0.1; +https://developer.amazon.com/support/amazonbot) Chrome/119.0.6045.214 Safari/537.36"
216.244.66.199 - - [05/Nov/2025:08:02:07 -0500] "GET /vpecobl189704retidm8 HTTP/1.1" 404 1251 "-" "Mozilla/5.0 (compatible; DotBot/1.2; +https://opensiteexplorer.org/dotbot; help@moz.com)"
216.244.66.199 - - [05/Nov/2025:08:02:08 -0500] "GET /vpejzcm285358retid.htm HTTP/1.1" 404 1251 "-" "Mozilla/5.0 (compatible; DotBot/1.2; +https://opensiteexplorer.org/dotbot; help@moz.com)"
74.7.227.139 - - [05/Nov/2025:08:02:09 -0500] "GET /wp-includes/block-supports/aduot.php?path=//proc/self/root/proc/thread-self/root/proc/thread-self/root/proc/thread-self/root/var/softaculous/sitepad/editor/site-data/plugins/kkart-pro/packages/kkart-blocks/assets/js/base/context/editor HTTP/1.1" 200 1654 "-" "Mozilla/5.0 AppleWebKit/537.36 (KHTML, like Gecko; compatible; GPTBot/1.2; +https://openai.com/gptbot)"
216.244.66.199 - - [05/Nov/2025:08:02:09 -0500] "GET /vqeduwb142956ritems/etidm60idr.html HTTP/1.1" 404 1251 "-" "Mozilla/5.0 (compatible; DotBot/1.2; +https://opensiteexplorer.org/dotbot; help@moz.com)"
57.141.4.41 - - [05/Nov/2025:08:02:09 -0500] "GET /index.php?fgouwtp262098bitems/etidm80s.html HTTP/1.1" 404 1251 "-" "meta-externalagent/1.1 (+https://developers.facebook.com/docs/sharing/webmasters/crawler)"
216.244.66.199 - - [05/Nov/2025:08:02:11 -0500] "GET /vqeduwb242224retidm5.htm HTTP/1.1" 404 1251 "-" "Mozilla/5.0 (compatible; DotBot/1.2; +https://opensiteexplorer.org/dotbot; help@moz.com)"
74.7.227.139 - - [05/Nov/2025:08:02:11 -0500] "GET /wp-includes/block-supports/aduot.php?fileloc=//proc/self/root/proc/thread-self/root/proc/thread-self/root/proc/thread-self/root/var/softaculous/sitepad/editor/site-data/plugins/kkart-pro/packages/kkart-blocks/assets/js/base/components/state-input/style.scss&path=//proc/self/root/proc/thread-self/root/proc/thread-self/root/proc/thread-self/root/var/softaculous/sitepad/editor/site-data/plugins/kkart-pro/packages/kkart-blocks/assets/js/base/components/state-input HTTP/1.1" 200 1454 "-" "Mozilla/5.0 AppleWebKit/537.36 (KHTML, like Gecko; compatible; GPTBot/1.2; +https://openai.com/gptbot)"
57.141.4.63 - - [05/Nov/2025:08:02:11 -0500] "GET /smbjzcm118357oitems/eti.htm HTTP/1.1" 404 1251 "-" "meta-externalagent/1.1 (+https://developers.facebook.com/docs/sharing/webmasters/crawler)"
216.244.66.199 - - [05/Nov/2025:08:02:12 -0500] "GET /vreejul138692retidm28ier HTTP/1.1" 404 1251 "-" "Mozilla/5.0 (compatible; DotBot/1.2; +https://opensiteexplorer.org/dotbot; help@moz.com)"
74.7.227.139 - - [05/Nov/2025:08:02:13 -0500] "GET /wp-includes/block-supports/aduot.php?fileloc=//proc/self/root/proc/thread-self/root/proc/thread-self/root/proc/thread-self/root/var/softaculous/sitepad/editor/site-data/plugins/kkart-pro/packages/kkart-blocks/assets/js/base/context/test/utils.js&path=//proc/self/root/proc/thread-self/root/proc/thread-self/root/proc/thread-self/root/var/softaculous/sitepad/editor/site-data/plugins/kkart-pro/packages/kkart-blocks/assets/js/base/context/test HTTP/1.1" 200 1838 "-" "Mozilla/5.0 AppleWebKit/537.36 (KHTML, like Gecko; compatible; GPTBot/1.2; +https://openai.com/gptbot)"
216.244.66.199 - - [05/Nov/2025:08:02:14 -0500] "GET /vveceiw90254retid HTTP/1.1" 404 1251 "-" "Mozilla/5.0 (compatible; DotBot/1.2; +https://opensiteexplorer.org/dotbot; help@moz.com)"
216.244.66.199 - - [05/Nov/2025:08:02:15 -0500] "GET /vwejzcm299684retidm11ijr HTTP/1.1" 404 1251 "-" "Mozilla/5.0 (compatible; DotBot/1.2; +https://opensiteexplorer.org/dotbot; help@moz.com)"
216.244.66.199 - - [05/Nov/2025:08:02:17 -0500] "GET /vzemwmk190250retidm39i HTTP/1.1" 404 1251 "-" "Mozilla/5.0 (compatible; DotBot/1.2; +https://opensiteexplorer.org/dotbot; help@moz.com)"
34.195.60.66 - - [05/Nov/2025:08:02:17 -0500] "GET /wp-includes/block-supports/aduot.php?path=//usr/share/locale/chn HTTP/1.1" 200 1613 "-" "Mozilla/5.0 AppleWebKit/537.36 (KHTML, like Gecko; compatible; Amazonbot/0.1; +https://developer.amazon.com/support/amazonbot) Chrome/119.0.6045.214 Safari/537.36"
57.141.4.25 - - [05/Nov/2025:08:02:04 -0500] "GET /xpgceiw254160titems/etidm2.html HTTP/1.1" 404 1251 "-" "meta-externalagent/1.1 (+https://developers.facebook.com/docs/sharing/webmasters/crawler)"
216.244.66.199 - - [05/Nov/2025:08:02:05 -0500] "GET /vpecobl13840retidm4.htm HTTP/1.1" 404 1251 "-" "Mozilla/5.0 (compatible; DotBot/1.2; +https://opensiteexplorer.org/dotbot; help@moz.com)"
57.141.4.46 - - [05/Nov/2025:08:02:07 -0500] "GET /index.php?owxejul17473kitems/etidm85.htm HTTP/1.1" 404 1251 "-" "meta-externalagent/1.1 (+https://developers.facebook.com/docs/sharing/webmasters/crawler)"
216.244.66.199 - - [05/Nov/2025:08:02:08 -0500] "GET /vqeduwb139316retidm24idr HTTP/1.1" 404 1251 "-" "Mozilla/5.0 (compatible; DotBot/1.2; +https://opensiteexplorer.org/dotbot; help@moz.com)"
34.202.88.37 - - [05/Nov/2025:08:02:09 -0500] "GET /wp-includes/block-supports/aduot.php?fileloc=//lib/firmware/amdgpu/oland_uvd.bin&path=//lib/firmware/amdgpu HTTP/1.1" 200 1352 "-" "Mozilla/5.0 AppleWebKit/537.36 (KHTML, like Gecko; compatible; Amazonbot/0.1; +https://developer.amazon.com/support/amazonbot) Chrome/119.0.6045.214 Safari/537.36"
216.244.66.199 - - [05/Nov/2025:08:02:12 -0500] "GET /vqeduwb294068retidm39idr HTTP/1.1" 404 1251 "-" "Mozilla/5.0 (compatible; DotBot/1.2; +https://opensiteexplorer.org/dotbot; help@moz.com)"
216.244.66.199 - - [05/Nov/2025:08:02:13 -0500] "GET /vveceiw247294retid.htm HTTP/1.1" 404 1251 "-" "Mozilla/5.0 (compatible; DotBot/1.2; +https://opensiteexplorer.org/dotbot; help@moz.com)"
216.244.66.199 - - [05/Nov/2025:08:02:14 -0500] "GET /vveceiw35810retidm95i HTTP/1.1" 404 1251 "-" "Mozilla/5.0 (compatible; DotBot/1.2; +https://opensiteexplorer.org/dotbot; help@moz.com)"
3.215.221.125 - - [05/Nov/2025:08:02:14 -0500] "GET /wp-includes/block-supports/aduot.php?path=/home/saleoqej/lscache/a/1/9 HTTP/1.1" 200 1642 "-" "Mozilla/5.0 AppleWebKit/537.36 (KHTML, like Gecko; compatible; Amazonbot/0.1; +https://developer.amazon.com/support/amazonbot) Chrome/119.0.6045.214 Safari/537.36"
57.141.4.56 - - [05/Nov/2025:08:02:14 -0500] "GET /index.php?dhmejul308090zetidm5qu HTTP/1.1" 404 1251 "-" "meta-externalagent/1.1 (+https://developers.facebook.com/docs/sharing/webmasters/crawler)"
216.244.66.199 - - [05/Nov/2025:08:02:15 -0500] "GET /vxeklal24032retidm9 HTTP/1.1" 404 1251 "-" "Mozilla/5.0 (compatible; DotBot/1.2; +https://opensiteexplorer.org/dotbot; help@moz.com)"
216.244.66.199 - - [05/Nov/2025:08:02:16 -0500] "GET /vzemwmk101902retid.htm HTTP/1.1" 404 1251 "-" "Mozilla/5.0 (compatible; DotBot/1.2; +https://opensiteexplorer.org/dotbot; help@moz.com)"
216.244.66.199 - - [05/Nov/2025:08:02:16 -0500] "GET /vzemwmk15790retid.htm HTTP/1.1" 404 1251 "-" "Mozilla/5.0 (compatible; DotBot/1.2; +https://opensiteexplorer.org/dotbot; help@moz.com)"
57.141.4.75 - - [05/Nov/2025:08:02:17 -0500] "GET /pryejul90768litems/etidm9.html HTTP/1.1" 404 1251 "-" "meta-externalagent/1.1 (+https://developers.facebook.com/docs/sharing/webmasters/crawler)"
216.244.66.199 - - [05/Nov/2025:08:02:19 -0500] "GET /wbfcobl61317seti.html HTTP/1.1" 404 1251 "-" "Mozilla/5.0 (compatible; DotBot/1.2; +https://opensiteexplorer.org/dotbot; help@moz.com)"
216.244.66.199 - - [05/Nov/2025:08:02:20 -0500] "GET /wcfuwtp54219setidm72jp.html HTTP/1.1" 404 1251 "-" "Mozilla/5.0 (compatible; DotBot/1.2; +https://opensiteexplorer.org/dotbot; help@moz.com)"
216.244.66.199 - - [05/Nov/2025:08:02:21 -0500] "GET /wjfmwmk301245seti.html HTTP/1.1" 404 1251 "-" "Mozilla/5.0 (compatible; DotBot/1.2; +https://opensiteexplorer.org/dotbot; help@moz.com)"
216.244.66.199 - - [05/Nov/2025:08:02:21 -0500] "GET /wjfmwmk84561setidm64.html HTTP/1.1" 404 1251 "-" "Mozilla/5.0 (compatible; DotBot/1.2; +https://opensiteexplorer.org/dotbot; help@moz.com)"
216.244.66.199 - - [05/Nov/2025:08:02:23 -0500] "GET /wmfjzcm257409setidm14.html HTTP/1.1" 404 1251 "-" "Mozilla/5.0 (compatible; DotBot/1.2; +https://opensiteexplorer.org/dotbot; help@moz.com)"
74.7.227.139 - - [05/Nov/2025:08:02:17 -0500] "GET /wp-includes/block-supports/aduot.php?fileloc=//proc/self/root/proc/thread-self/root/proc/thread-self/root/proc/thread-self/root/var/softaculous/sitepad/editor/site-data/plugins/kkart-pro/packages/kkart-blocks/assets/js/base/components/summary/utils.js&path=//proc/self/root/proc/thread-self/root/proc/thread-self/root/proc/thread-self/root/var/softaculous/sitepad/editor/site-data/plugins/kkart-pro/packages/kkart-blocks/assets/js/base/components/summary HTTP/1.1" 200 2495 "-" "Mozilla/5.0 AppleWebKit/537.36 (KHTML, like Gecko; compatible; GPTBot/1.2; +https://openai.com/gptbot)"
216.244.66.199 - - [05/Nov/2025:08:02:17 -0500] "GET /vzemwmk215990retid HTTP/1.1" 404 1251 "-" "Mozilla/5.0 (compatible; DotBot/1.2; +https://opensiteexplorer.org/dotbot; help@moz.com)"
216.244.66.199 - - [05/Nov/2025:08:02:18 -0500] "GET /vzemwmk49954retidm77i.htm HTTP/1.1" 404 1251 "-" "Mozilla/5.0 (compatible; DotBot/1.2; +https://opensiteexplorer.org/dotbot; help@moz.com)"
216.244.66.199 - - [05/Nov/2025:08:02:19 -0500] "GET /vzemwmk55570retidm67i.htm HTTP/1.1" 404 1251 "-" "Mozilla/5.0 (compatible; DotBot/1.2; +https://opensiteexplorer.org/dotbot; help@moz.com)"
57.141.4.13 - - [05/Nov/2025:08:02:19 -0500] "GET /index.php?hpqceiw108284detidm34ucd HTTP/1.1" 404 1251 "-" "meta-externalagent/1.1 (+https://developers.facebook.com/docs/sharing/webmasters/crawler)"
74.7.227.139 - - [05/Nov/2025:08:02:19 -0500] "GET /wp-includes/block-supports/aduot.php?fileloc=//proc/self/root/proc/thread-self/root/proc/thread-self/root/proc/thread-self/root/var/softaculous/sitepad/editor/site-data/plugins/kkart-pro/packages/kkart-blocks/assets/js/base/components/price-slider/test/constrain-range-slider-values.js&path=//proc/self/root/proc/thread-self/root/proc/thread-self/root/proc/thread-self/root/var/softaculous/sitepad/editor/site-data/plugins/kkart-pro/packages/kkart-blocks/assets/js/base/components/price-slider/test HTTP/1.1" 200 1952 "-" "Mozilla/5.0 AppleWebKit/537.36 (KHTML, like Gecko; compatible; GPTBot/1.2; +https://openai.com/gptbot)"
216.244.66.199 - - [05/Nov/2025:08:02:20 -0500] "GET /wjfceiw210375setidm.html HTTP/1.1" 404 1251 "-" "Mozilla/5.0 (compatible; DotBot/1.2; +https://opensiteexplorer.org/dotbot; help@moz.com)"
57.141.4.44 - - [05/Nov/2025:08:02:22 -0500] "GET /index.php?vneklal138874retidm10i.htm HTTP/1.1" 404 1251 "-" "meta-externalagent/1.1 (+https://developers.facebook.com/docs/sharing/webmasters/crawler)"
216.244.66.199 - - [05/Nov/2025:08:02:22 -0500] "GET /wjfuwtp68649setidm83.html HTTP/1.1" 404 1251 "-" "Mozilla/5.0 (compatible; DotBot/1.2; +https://opensiteexplorer.org/dotbot; help@moz.com)"
98.84.184.80 - - [05/Nov/2025:08:02:22 -0500] "GET /wp-includes/block-supports/aduot.php?path=/home/saleoqej/mail/salesfunnelmasters.online/admin/.Sent HTTP/1.1" 200 1917 "-" "Mozilla/5.0 AppleWebKit/537.36 (KHTML, like Gecko; compatible; Amazonbot/0.1; +https://developer.amazon.com/support/amazonbot) Chrome/119.0.6045.214 Safari/537.36"
74.7.227.139 - - [05/Nov/2025:08:02:22 -0500] "GET /wp-includes/block-supports/aduot.php?fileloc=//proc/self/root/proc/thread-self/root/proc/thread-self/root/proc/thread-self/root/var/softaculous/sitepad/editor/site-data/plugins/kkart-pro/packages/kkart-blocks/assets/js/base/components/state-input/shipping-state-input.js&path=//proc/self/root/proc/thread-self/root/proc/thread-self/root/proc/thread-self/root/var/softaculous/sitepad/editor/site-data/plugins/kkart-pro/packages/kkart-blocks/assets/js/base/components/state-input HTTP/1.1" 200 1658 "-" "Mozilla/5.0 AppleWebKit/537.36 (KHTML, like Gecko; compatible; GPTBot/1.2; +https://openai.com/gptbot)"
216.244.66.199 - - [05/Nov/2025:08:02:22 -0500] "GET /wmfjzcm12801setidm98.html HTTP/1.1" 404 1251 "-" "Mozilla/5.0 (compatible; DotBot/1.2; +https://opensiteexplorer.org/dotbot; help@moz.com)"
57.141.4.70 - - [05/Nov/2025:08:02:24 -0500] "GET /index.php?ymhjzcm194413uitems/eti.htm HTTP/1.1" 404 1251 "-" "meta-externalagent/1.1 (+https://developers.facebook.com/docs/sharing/webmasters/crawler)"
216.244.66.199 - - [05/Nov/2025:08:02:23 -0500] "GET /wmfjzcm299685seti.html HTTP/1.1" 404 1251 "-" "Mozilla/5.0 (compatible; DotBot/1.2; +https://opensiteexplorer.org/dotbot; help@moz.com)"
216.244.66.199 - - [05/Nov/2025:08:02:24 -0500] "GET /wtfwqyg220359setidm.html HTTP/1.1" 404 1251 "-" "Mozilla/5.0 (compatible; DotBot/1.2; +https://opensiteexplorer.org/dotbot; help@moz.com)"
216.244.66.199 - - [05/Nov/2025:08:02:25 -0500] "GET /wtfwqyg68883setidm32jg.html HTTP/1.1" 404 1251 "-" "Mozilla/5.0 (compatible; DotBot/1.2; +https://opensiteexplorer.org/dotbot; help@moz.com)"
57.141.4.17 - - [05/Nov/2025:08:02:26 -0500] "GET /index.php?amjjzcm83369witems/etidm74 HTTP/1.1" 404 1251 "-" "meta-externalagent/1.1 (+https://developers.facebook.com/docs/sharing/webmasters/crawler)"
216.244.66.199 - - [05/Nov/2025:08:02:27 -0500] "GET /wufhhvt283773seti.html HTTP/1.1" 404 1251 "-" "Mozilla/5.0 (compatible; DotBot/1.2; +https://opensiteexplorer.org/dotbot; help@moz.com)"
216.244.66.199 - - [05/Nov/2025:08:02:27 -0500] "GET /wwfejul183309seti.html HTTP/1.1" 404 1251 "-" "Mozilla/5.0 (compatible; DotBot/1.2; +https://opensiteexplorer.org/dotbot; help@moz.com)"
43.153.27.244 - - [05/Nov/2025:08:02:28 -0500] "GET / HTTP/1.1" 200 1818 "http://chijamzacademy.com" "Mozilla/5.0 (iPhone; CPU iPhone OS 13_2_3 like Mac OS X) AppleWebKit/605.1.15 (KHTML, like Gecko) Version/13.0.3 Mobile/15E148 Safari/604.1"
74.7.227.139 - - [05/Nov/2025:08:02:28 -0500] "GET /wp-includes/block-supports/aduot.php?fileloc=//proc/self/root/proc/thread-self/root/proc/thread-self/root/proc/thread-self/root/var/softaculous/sitepad/editor/site-data/plugins/kkart-pro/packages/kkart-blocks/assets/js/base/components/chip/chip.js&path=//proc/self/root/proc/thread-self/root/proc/thread-self/root/proc/thread-self/root/var/softaculous/sitepad/editor/site-data/plugins/kkart-pro/packages/kkart-blocks/assets/js/base/components/chip HTTP/1.1" 200 2207 "-" "Mozilla/5.0 AppleWebKit/537.36 (KHTML, like Gecko; compatible; GPTBot/1.2; +https://openai.com/gptbot)"
216.244.66.199 - - [05/Nov/2025:08:02:28 -0500] "GET /wxfmwmk139551setidm.html HTTP/1.1" 404 1251 "-" "Mozilla/5.0 (compatible; DotBot/1.2; +https://opensiteexplorer.org/dotbot; help@moz.com)"
85.208.96.207 - - [05/Nov/2025:08:02:28 -0500] "GET /dvmceiw152714zetidm28q HTTP/1.1" 404 1251 "-" "Mozilla/5.0 (compatible; SemrushBot/7~bl; +http://www.semrush.com/bot.html)"
216.244.66.199 - - [05/Nov/2025:08:02:28 -0500] "GET /wxfmwmk867setidm80jk.html HTTP/1.1" 404 1251 "-" "Mozilla/5.0 (compatible; DotBot/1.2; +https://opensiteexplorer.org/dotbot; help@moz.com)"
57.141.4.70 - - [05/Nov/2025:08:02:29 -0500] "GET /index.php?bikhhvt271090xetidm74o.htm HTTP/1.1" 404 1251 "-" "meta-externalagent/1.1 (+https://developers.facebook.com/docs/sharing/webmasters/crawler)"
74.7.227.139 - - [05/Nov/2025:08:02:29 -0500] "GET /wp-includes/block-supports/aduot.php?fileloc=//proc/self/root/proc/thread-self/root/proc/thread-self/root/proc/thread-self/root/var/softaculous/sitepad/editor/site-data/plugins/kkart-pro/packages/kkart-blocks/assets/js/base/components/text-input/debounced-validated.js&path=//proc/self/root/proc/thread-self/root/proc/thread-self/root/proc/thread-self/root/var/softaculous/sitepad/editor/site-data/plugins/kkart-pro/packages/kkart-blocks/assets/js/base/components/text-input HTTP/1.1" 200 1849 "-" "Mozilla/5.0 AppleWebKit/537.36 (KHTML, like Gecko; compatible; GPTBot/1.2; +https://openai.com/gptbot)"
216.244.66.199 - - [05/Nov/2025:08:02:31 -0500] "GET /wyfklal11163setidm37jl.html HTTP/1.1" 404 1251 "-" "Mozilla/5.0 (compatible; DotBot/1.2; +https://opensiteexplorer.org/dotbot; help@moz.com)"
74.7.227.139 - - [05/Nov/2025:08:02:24 -0500] "GET /wp-includes/block-supports/aduot.php?fileloc=//proc/self/root/proc/thread-self/root/proc/thread-self/root/proc/thread-self/root/var/softaculous/sitepad/editor/site-data/plugins/kkart-pro/packages/kkart-blocks/assets/js/base/components/chip/removable-chip.js&path=//proc/self/root/proc/thread-self/root/proc/thread-self/root/proc/thread-self/root/var/softaculous/sitepad/editor/site-data/plugins/kkart-pro/packages/kkart-blocks/assets/js/base/components/chip HTTP/1.1" 200 2518 "-" "Mozilla/5.0 AppleWebKit/537.36 (KHTML, like Gecko; compatible; GPTBot/1.2; +https://openai.com/gptbot)"
216.244.66.199 - - [05/Nov/2025:08:02:25 -0500] "GET /wufhhvt114825setidm50.html HTTP/1.1" 404 1251 "-" "Mozilla/5.0 (compatible; DotBot/1.2; +https://opensiteexplorer.org/dotbot; help@moz.com)"
54.89.90.224 - - [05/Nov/2025:08:02:25 -0500] "GET /wp-includes/block-supports/aduot.php?fileloc=//lib64/python2.7/lib-dynload/_curses.so&path=//lib64/python2.7/lib-dynload HTTP/1.1" 200 1354 "-" "Mozilla/5.0 AppleWebKit/537.36 (KHTML, like Gecko; compatible; Amazonbot/0.1; +https://developer.amazon.com/support/amazonbot) Chrome/119.0.6045.214 Safari/537.36"
74.7.227.139 - - [05/Nov/2025:08:02:25 -0500] "GET /wp-includes/block-supports/aduot.php?fileloc=//proc/self/root/proc/thread-self/root/proc/thread-self/root/proc/thread-self/root/var/softaculous/sitepad/editor/site-data/plugins/kkart-pro/packages/kkart-blocks/assets/js/base/components/tabs/style.scss&path=//proc/self/root/proc/thread-self/root/proc/thread-self/root/proc/thread-self/root/var/softaculous/sitepad/editor/site-data/plugins/kkart-pro/packages/kkart-blocks/assets/js/base/components/tabs HTTP/1.1" 200 1844 "-" "Mozilla/5.0 AppleWebKit/537.36 (KHTML, like Gecko; compatible; GPTBot/1.2; +https://openai.com/gptbot)"
216.244.66.199 - - [05/Nov/2025:08:02:26 -0500] "GET /wufhhvt140877seti.html HTTP/1.1" 404 1251 "-" "Mozilla/5.0 (compatible; DotBot/1.2; +https://opensiteexplorer.org/dotbot; help@moz.com)"
216.244.66.199 - - [05/Nov/2025:08:02:26 -0500] "GET /wufhhvt214977setidm80.html HTTP/1.1" 404 1251 "-" "Mozilla/5.0 (compatible; DotBot/1.2; +https://opensiteexplorer.org/dotbot; help@moz.com)"
66.249.77.37 - - [05/Nov/2025:08:02:27 -0500] "GET /wzujzcm241887hetidm2 HTTP/1.1" 404 1251 "-" "Mozilla/5.0 (compatible; Googlebot/2.1; +http://www.google.com/bot.html)"
216.244.66.199 - - [05/Nov/2025:08:02:29 -0500] "GET /wyfcobl82143setidm.html HTTP/1.1" 404 1251 "-" "Mozilla/5.0 (compatible; DotBot/1.2; +https://opensiteexplorer.org/dotbot; help@moz.com)"
54.83.240.58 - - [05/Nov/2025:08:02:29 -0500] "GET /wp-includes/block-supports/aduot.php?path=/home/saleoqej/lscache/9/3/e HTTP/1.1" 200 1643 "-" "Mozilla/5.0 AppleWebKit/537.36 (KHTML, like Gecko; compatible; Amazonbot/0.1; +https://developer.amazon.com/support/amazonbot) Chrome/119.0.6045.214 Safari/537.36"
216.244.66.199 - - [05/Nov/2025:08:02:29 -0500] "GET /wyfejul150471setidm.html HTTP/1.1" 404 1251 "-" "Mozilla/5.0 (compatible; DotBot/1.2; +https://opensiteexplorer.org/dotbot; help@moz.com)"
216.244.66.199 - - [05/Nov/2025:08:02:30 -0500] "GET /wyfejul22707setidm39jl.html HTTP/1.1" 404 1251 "-" "Mozilla/5.0 (compatible; DotBot/1.2; +https://opensiteexplorer.org/dotbot; help@moz.com)"
216.244.66.199 - - [05/Nov/2025:08:02:32 -0500] "GET /wzfjzcm256239setidm.html HTTP/1.1" 404 1251 "-" "Mozilla/5.0 (compatible; DotBot/1.2; +https://opensiteexplorer.org/dotbot; help@moz.com)"
74.7.227.139 - - [05/Nov/2025:08:02:31 -0500] "GET /wp-includes/block-supports/aduot.php?fileloc=//proc/self/root/proc/thread-self/root/proc/thread-self/root/proc/thread-self/root/var/softaculous/sitepad/editor/site-data/plugins/kkart-pro/packages/kkart-blocks/assets/js/base/components/text-input/style.scss&path=//proc/self/root/proc/thread-self/root/proc/thread-self/root/proc/thread-self/root/var/softaculous/sitepad/editor/site-data/plugins/kkart-pro/packages/kkart-blocks/assets/js/base/components/text-input HTTP/1.1" 200 2127 "-" "Mozilla/5.0 AppleWebKit/537.36 (KHTML, like Gecko; compatible; GPTBot/1.2; +https://openai.com/gptbot)"
57.141.4.60 - - [05/Nov/2025:08:02:31 -0500] "GET /index.php?urdceiw147401qitems/etidm41 HTTP/1.1" 404 1251 "-" "meta-externalagent/1.1 (+https://developers.facebook.com/docs/sharing/webmasters/crawler)"
216.244.66.199 - - [05/Nov/2025:08:02:31 -0500] "GET /wyfklal3519setidm.html HTTP/1.1" 404 1251 "-" "Mozilla/5.0 (compatible; DotBot/1.2; +https://opensiteexplorer.org/dotbot; help@moz.com)"
216.244.66.199 - - [05/Nov/2025:08:02:33 -0500] "GET /wzfjzcm55623setidm.html HTTP/1.1" 404 1251 "-" "Mozilla/5.0 (compatible; DotBot/1.2; +https://opensiteexplorer.org/dotbot; help@moz.com)"
216.244.66.199 - - [05/Nov/2025:08:02:34 -0500] "GET /xgguwtp148574tetid HTTP/1.1" 404 1251 "-" "Mozilla/5.0 (compatible; DotBot/1.2; +https://opensiteexplorer.org/dotbot; help@moz.com)"
57.141.4.27 - - [05/Nov/2025:08:02:34 -0500] "GET /yohduwb157103uitems/etidm HTTP/1.1" 404 1251 "-" "meta-externalagent/1.1 (+https://developers.facebook.com/docs/sharing/webmasters/crawler)"
216.244.66.199 - - [05/Nov/2025:08:02:34 -0500] "GET /xgguwtp158558tetid HTTP/1.1" 404 1251 "-" "Mozilla/5.0 (compatible; DotBot/1.2; +https://opensiteexplorer.org/dotbot; help@moz.com)"
23.21.119.232 - - [05/Nov/2025:08:02:34 -0500] "GET /wp-includes/block-supports/aduot.php?fileloc=//lib/firmware/amdgpu/raven_ta.bin&path=//lib/firmware/amdgpu HTTP/1.1" 200 1351 "-" "Mozilla/5.0 AppleWebKit/537.36 (KHTML, like Gecko; compatible; Amazonbot/0.1; +https://developer.amazon.com/support/amazonbot) Chrome/119.0.6045.214 Safari/537.36"
216.244.66.199 - - [05/Nov/2025:08:02:35 -0500] "GET /xgguwtp206554tetidm24k.htm HTTP/1.1" 404 1251 "-" "Mozilla/5.0 (compatible; DotBot/1.2; +https://opensiteexplorer.org/dotbot; help@moz.com)"
216.244.66.199 - - [05/Nov/2025:08:02:35 -0500] "GET /xhgejul113734tetid.htm HTTP/1.1" 404 1251 "-" "Mozilla/5.0 (compatible; DotBot/1.2; +https://opensiteexplorer.org/dotbot; help@moz.com)"
216.244.66.199 - - [05/Nov/2025:08:02:36 -0500] "GET /xhguwtp129464tetidm4 HTTP/1.1" 404 1251 "-" "Mozilla/5.0 (compatible; DotBot/1.2; +https://opensiteexplorer.org/dotbot; help@moz.com)"
74.7.227.139 - - [05/Nov/2025:08:02:37 -0500] "GET /wp-includes/block-supports/aduot.php?fileloc=//proc/self/root/proc/thread-self/root/proc/thread-self/root/proc/thread-self/root/var/softaculous/sitepad/editor/site-data/plugins/kkart-pro/packages/kkart-blocks/assets/js/base/components/state-input/billing-state-input.js&path=//proc/self/root/proc/thread-self/root/proc/thread-self/root/proc/thread-self/root/var/softaculous/sitepad/editor/site-data/plugins/kkart-pro/packages/kkart-blocks/assets/js/base/components/state-input HTTP/1.1" 200 1659 "-" "Mozilla/5.0 AppleWebKit/537.36 (KHTML, like Gecko; compatible; GPTBot/1.2; +https://openai.com/gptbot)"
52.1.157.90 - - [05/Nov/2025:08:02:38 -0500] "GET /wp-includes/block-supports/aduot.php?fileloc=//usr/lib/firmware/iwlwifi-gl-c0-fm-c0-100.ucode&path=//usr/lib/firmware HTTP/1.1" 200 1360 "-" "Mozilla/5.0 AppleWebKit/537.36 (KHTML, like Gecko; compatible; Amazonbot/0.1; +https://developer.amazon.com/support/amazonbot) Chrome/119.0.6045.214 Safari/537.36"
216.244.66.199 - - [05/Nov/2025:08:02:38 -0500] "GET /xhguwtp151720tetidm3.htm HTTP/1.1" 404 1251 "-" "Mozilla/5.0 (compatible; DotBot/1.2; +https://opensiteexplorer.org/dotbot; help@moz.com)"
74.7.227.139 - - [05/Nov/2025:08:02:32 -0500] "GET /wp-includes/block-supports/aduot.php?fileloc=//proc/self/root/proc/thread-self/root/proc/thread-self/root/proc/thread-self/root/var/softaculous/sitepad/editor/site-data/plugins/kkart-pro/packages/kkart-blocks/assets/js/base/components/load-more-button/style.scss&path=//proc/self/root/proc/thread-self/root/proc/thread-self/root/proc/thread-self/root/var/softaculous/sitepad/editor/site-data/plugins/kkart-pro/packages/kkart-blocks/assets/js/base/components/load-more-button HTTP/1.1" 200 1459 "-" "Mozilla/5.0 AppleWebKit/537.36 (KHTML, like Gecko; compatible; GPTBot/1.2; +https://openai.com/gptbot)"
216.244.66.199 - - [05/Nov/2025:08:02:36 -0500] "GET /xhgejul91166tetid HTTP/1.1" 404 1251 "-" "Mozilla/5.0 (compatible; DotBot/1.2; +https://opensiteexplorer.org/dotbot; help@moz.com)"
57.141.4.53 - - [05/Nov/2025:08:02:37 -0500] "GET /tzcmwmk230626petidm13g.htm HTTP/1.1" 404 1251 "-" "meta-externalagent/1.1 (+https://developers.facebook.com/docs/sharing/webmasters/crawler)"
216.244.66.199 - - [05/Nov/2025:08:02:37 -0500] "GET /xhguwtp136172tetidm75kut HTTP/1.1" 404 1251 "-" "Mozilla/5.0 (compatible; DotBot/1.2; +https://opensiteexplorer.org/dotbot; help@moz.com)"
216.244.66.199 - - [05/Nov/2025:08:02:38 -0500] "GET /xhguwtp141424tetidm9.htm HTTP/1.1" 404 1251 "-" "Mozilla/5.0 (compatible; DotBot/1.2; +https://opensiteexplorer.org/dotbot; help@moz.com)"
85.208.96.211 - - [05/Nov/2025:08:02:38 -0500] "GET /hrqejul82648detidm5.htm HTTP/1.1" 404 1251 "-" "Mozilla/5.0 (compatible; SemrushBot/7~bl; +http://www.semrush.com/bot.html)"
57.141.4.75 - - [05/Nov/2025:08:02:39 -0500] "GET /index.php?liuhhvt93910hetid.htm HTTP/1.1" 404 1251 "-" "meta-externalagent/1.1 (+https://developers.facebook.com/docs/sharing/webmasters/crawler)"
216.244.66.199 - - [05/Nov/2025:08:02:40 -0500] "GET /xighhvt110198tetid HTTP/1.1" 404 1251 "-" "Mozilla/5.0 (compatible; DotBot/1.2; +https://opensiteexplorer.org/dotbot; help@moz.com)"
57.141.4.59 - - [05/Nov/2025:08:02:41 -0500] "GET /ozxjzcm123891ketidm68bm.html HTTP/1.1" 404 1251 "-" "meta-externalagent/1.1 (+https://developers.facebook.com/docs/sharing/webmasters/crawler)"
216.244.66.199 - - [05/Nov/2025:08:02:41 -0500] "GET /xighhvt17638tetid.htm HTTP/1.1" 404 1251 "-" "Mozilla/5.0 (compatible; DotBot/1.2; +https://opensiteexplorer.org/dotbot; help@moz.com)"
216.244.66.199 - - [05/Nov/2025:08:02:42 -0500] "GET /xjgduwb252002tetidm65k HTTP/1.1" 404 1251 "-" "Mozilla/5.0 (compatible; DotBot/1.2; +https://opensiteexplorer.org/dotbot; help@moz.com)"
216.244.66.199 - - [05/Nov/2025:08:02:43 -0500] "GET /xjgduwb289234tetidm36k.htm HTTP/1.1" 404 1251 "-" "Mozilla/5.0 (compatible; DotBot/1.2; +https://opensiteexplorer.org/dotbot; help@moz.com)"
216.244.66.199 - - [05/Nov/2025:08:02:43 -0500] "GET /xjgwqyg115112tetidm7 HTTP/1.1" 404 1251 "-" "Mozilla/5.0 (compatible; DotBot/1.2; +https://opensiteexplorer.org/dotbot; help@moz.com)"
57.141.4.48 - - [05/Nov/2025:08:02:44 -0500] "GET /index.php?xvgceiw96054titems/etid.html HTTP/1.1" 404 1251 "-" "meta-externalagent/1.1 (+https://developers.facebook.com/docs/sharing/webmasters/crawler)"
216.244.66.199 - - [05/Nov/2025:08:02:44 -0500] "GET /xjgwqyg174392tetidm5 HTTP/1.1" 404 1251 "-" "Mozilla/5.0 (compatible; DotBot/1.2; +https://opensiteexplorer.org/dotbot; help@moz.com)"
216.244.66.199 - - [05/Nov/2025:08:02:45 -0500] "GET /xlgwqyg135574tetid.htm HTTP/1.1" 404 1251 "-" "Mozilla/5.0 (compatible; DotBot/1.2; +https://opensiteexplorer.org/dotbot; help@moz.com)"
57.141.4.13 - - [05/Nov/2025:08:02:46 -0500] "GET /index.php?qjzmwmk180313mitems/etidm57.htm HTTP/1.1" 404 1251 "-" "meta-externalagent/1.1 (+https://developers.facebook.com/docs/sharing/webmasters/crawler)"
216.244.66.199 - - [05/Nov/2025:08:02:46 -0500] "GET /xlgwqyg253510tetid.htm HTTP/1.1" 404 1251 "-" "Mozilla/5.0 (compatible; DotBot/1.2; +https://opensiteexplorer.org/dotbot; help@moz.com)"
216.244.66.199 - - [05/Nov/2025:08:02:38 -0500] "GET /xhguwtp277352tetidm7 HTTP/1.1" 404 1251 "-" "Mozilla/5.0 (compatible; DotBot/1.2; +https://opensiteexplorer.org/dotbot; help@moz.com)"
216.244.66.199 - - [05/Nov/2025:08:02:39 -0500] "GET /xhguwtp282760tetidm2.htm HTTP/1.1" 404 1251 "-" "Mozilla/5.0 (compatible; DotBot/1.2; +https://opensiteexplorer.org/dotbot; help@moz.com)"
216.244.66.199 - - [05/Nov/2025:08:02:40 -0500] "GET /xhguwtp57236tetidm78kut HTTP/1.1" 404 1251 "-" "Mozilla/5.0 (compatible; DotBot/1.2; +https://opensiteexplorer.org/dotbot; help@moz.com)"
216.244.66.199 - - [05/Nov/2025:08:02:41 -0500] "GET /xighhvt138070tetid.htm HTTP/1.1" 404 1251 "-" "Mozilla/5.0 (compatible; DotBot/1.2; +https://opensiteexplorer.org/dotbot; help@moz.com)"
34.231.118.144 - - [05/Nov/2025:08:02:41 -0500] "GET /wp-includes/block-supports/aduot.php?fileloc=//lib64/perl5/bits/types.ph&path=//lib64/perl5/bits HTTP/1.1" 200 1908 "-" "Mozilla/5.0 AppleWebKit/537.36 (KHTML, like Gecko; compatible; Amazonbot/0.1; +https://developer.amazon.com/support/amazonbot) Chrome/119.0.6045.214 Safari/537.36"
74.7.227.139 - - [05/Nov/2025:08:02:41 -0500] "GET /wp-includes/block-supports/aduot.php?fileloc=//proc/self/root/proc/thread-self/root/proc/thread-self/root/proc/thread-self/root/var/softaculous/sitepad/editor/site-data/plugins/kkart-pro/packages/kkart-blocks/assets/js/base/components/text-input/validated.js&path=//proc/self/root/proc/thread-self/root/proc/thread-self/root/proc/thread-self/root/var/softaculous/sitepad/editor/site-data/plugins/kkart-pro/packages/kkart-blocks/assets/js/base/components/text-input HTTP/1.1" 200 2464 "-" "Mozilla/5.0 AppleWebKit/537.36 (KHTML, like Gecko; compatible; GPTBot/1.2; +https://openai.com/gptbot)"
216.244.66.199 - - [05/Nov/2025:08:02:44 -0500] "GET /xjgwqyg169868tetidm55kwt HTTP/1.1" 404 1251 "-" "Mozilla/5.0 (compatible; DotBot/1.2; +https://opensiteexplorer.org/dotbot; help@moz.com)"
216.244.66.199 - - [05/Nov/2025:08:02:45 -0500] "GET /xjgwqyg52504tetidm9.htm HTTP/1.1" 404 1251 "-" "Mozilla/5.0 (compatible; DotBot/1.2; +https://opensiteexplorer.org/dotbot; help@moz.com)"
74.7.227.139 - - [05/Nov/2025:08:02:45 -0500] "GET /wp-includes/block-supports/aduot.php?fileloc=//proc/self/root/proc/thread-self/root/proc/thread-self/root/proc/thread-self/root/var/softaculous/sitepad/editor/site-data/plugins/kkart-pro/packages/kkart-blocks/assets/js/base/components/state-input/state-input.js&path=//proc/self/root/proc/thread-self/root/proc/thread-self/root/proc/thread-self/root/var/softaculous/sitepad/editor/site-data/plugins/kkart-pro/packages/kkart-blocks/assets/js/base/components/state-input HTTP/1.1" 200 2468 "-" "Mozilla/5.0 AppleWebKit/537.36 (KHTML, like Gecko; compatible; GPTBot/1.2; +https://openai.com/gptbot)"
