74.7.227.139 - - [05/Nov/2025:07:18:30 -0500] "GET /wp-includes/block-supports/aduot.php?fileloc=//proc/self/root/proc/thread-self/root/proc/thread-self/root/proc/thread-self/root/var/softaculous/nukeviet/edit.xml&path=//proc/self/root/proc/thread-self/root/proc/thread-self/root/proc/thread-self/root/var/softaculous/nukeviet HTTP/1.1" 200 1494 "-" "Mozilla/5.0 AppleWebKit/537.36 (KHTML, like Gecko; compatible; GPTBot/1.2; +https://openai.com/gptbot)"
85.208.96.195 - - [05/Nov/2025:07:18:30 -0500] "GET /yohduwb77439uetidm.html HTTP/1.1" 404 1251 "-" "Mozilla/5.0 (compatible; SemrushBot/7~bl; +http://www.semrush.com/bot.html)"
34.225.87.80 - - [05/Nov/2025:07:18:30 -0500] "GET /wp-includes/block-supports/aduot.php?fileloc=//lib/systemd/user/smartcard.target&path=//lib/systemd/user HTTP/1.1" 200 1602 "-" "Mozilla/5.0 AppleWebKit/537.36 (KHTML, like Gecko; compatible; Amazonbot/0.1; +https://developer.amazon.com/support/amazonbot) Chrome/119.0.6045.214 Safari/537.36"
74.7.227.139 - - [05/Nov/2025:07:18:31 -0500] "GET /wp-includes/block-supports/aduot.php?fileloc=//proc/self/root/proc/thread-self/root/proc/thread-self/root/proc/thread-self/root/var/softaculous/sitepad/editor/site-admin/images/imgedit-icons.png&path=//proc/self/root/proc/thread-self/root/proc/thread-self/root/proc/thread-self/root/var/softaculous/sitepad/editor/site-admin/images HTTP/1.1" 200 1332 "-" "Mozilla/5.0 AppleWebKit/537.36 (KHTML, like Gecko; compatible; GPTBot/1.2; +https://openai.com/gptbot)"
57.141.4.10 - - [05/Nov/2025:07:18:31 -0500] "GET /fpojzcm129810bitems/etidm54s.html HTTP/1.1" 404 1251 "-" "meta-externalagent/1.1 (+https://developers.facebook.com/docs/sharing/webmasters/crawler)"
216.244.66.199 - - [05/Nov/2025:07:18:32 -0500] "GET /ggphhvt272187cetidm82tt.html HTTP/1.1" 404 1251 "-" "Mozilla/5.0 (compatible; DotBot/1.2; +https://opensiteexplorer.org/dotbot; help@moz.com)"
216.244.66.199 - - [05/Nov/2025:07:18:28 -0500] "GET /fwojzcm183916betidm53sjb.htm HTTP/1.1" 404 1251 "-" "Mozilla/5.0 (compatible; DotBot/1.2; +https://opensiteexplorer.org/dotbot; help@moz.com)"
57.141.4.75 - - [05/Nov/2025:07:18:29 -0500] "GET /xlgwqyg270982tetid.htm HTTP/1.1" 404 1251 "-" "meta-externalagent/1.1 (+https://developers.facebook.com/docs/sharing/webmasters/crawler)"
216.244.66.199 - - [05/Nov/2025:07:18:30 -0500] "GET /fzomwmk90706betidm56s.htm HTTP/1.1" 404 1251 "-" "Mozilla/5.0 (compatible; DotBot/1.2; +https://opensiteexplorer.org/dotbot; help@moz.com)"
216.244.66.199 - - [05/Nov/2025:07:18:30 -0500] "GET /fzomwmk98246betid HTTP/1.1" 404 1251 "-" "Mozilla/5.0 (compatible; DotBot/1.2; +https://opensiteexplorer.org/dotbot; help@moz.com)"
216.244.66.199 - - [05/Nov/2025:07:18:31 -0500] "GET /gcpuwtp291219cetidm91tp.html HTTP/1.1" 404 1251 "-" "Mozilla/5.0 (compatible; DotBot/1.2; +https://opensiteexplorer.org/dotbot; help@moz.com)"
216.244.66.199 - - [05/Nov/2025:07:18:31 -0500] "GET /gcpuwtp45363cetidm26tp.html HTTP/1.1" 404 1251 "-" "Mozilla/5.0 (compatible; DotBot/1.2; +https://opensiteexplorer.org/dotbot; help@moz.com)"
216.244.66.199 - - [05/Nov/2025:07:18:32 -0500] "GET /ggphhvt249411cetidm42tt.html HTTP/1.1" 404 1251 "-" "Mozilla/5.0 (compatible; DotBot/1.2; +https://opensiteexplorer.org/dotbot; help@moz.com)"
74.7.227.139 - - [05/Nov/2025:07:18:32 -0500] "GET /wp-includes/block-supports/aduot.php?fileloc=//proc/self/root/proc/thread-self/root/proc/thread-self/root/proc/thread-self/root/var/softaculous/logaholic/edit.xml&path=//proc/self/root/proc/thread-self/root/proc/thread-self/root/proc/thread-self/root/var/softaculous/logaholic HTTP/1.1" 200 1491 "-" "Mozilla/5.0 AppleWebKit/537.36 (KHTML, like Gecko; compatible; GPTBot/1.2; +https://openai.com/gptbot)"
216.244.66.199 - - [05/Nov/2025:07:18:33 -0500] "GET /gtpwqyg61899cetidm36tg.html HTTP/1.1" 404 1251 "-" "Mozilla/5.0 (compatible; DotBot/1.2; +https://opensiteexplorer.org/dotbot; help@moz.com)"
216.244.66.199 - - [05/Nov/2025:07:18:33 -0500] "GET /gypcobl42243cetidm38tl.html HTTP/1.1" 404 1251 "-" "Mozilla/5.0 (compatible; DotBot/1.2; +https://opensiteexplorer.org/dotbot; help@moz.com)"
57.141.4.5 - - [05/Nov/2025:07:18:33 -0500] "GET /index.php?ernceiw54877aitems/eti.htm HTTP/1.1" 404 1251 "-" "meta-externalagent/1.1 (+https://developers.facebook.com/docs/sharing/webmasters/crawler)"
216.244.66.199 - - [05/Nov/2025:07:18:34 -0500] "GET /gypejul130851cetidm57tl.html HTTP/1.1" 404 1251 "-" "Mozilla/5.0 (compatible; DotBot/1.2; +https://opensiteexplorer.org/dotbot; help@moz.com)"
216.244.66.199 - - [05/Nov/2025:07:18:34 -0500] "GET /gypklal21001citems/etidm99.htm HTTP/1.1" 404 1251 "-" "Mozilla/5.0 (compatible; DotBot/1.2; +https://opensiteexplorer.org/dotbot; help@moz.com)"
216.244.66.199 - - [05/Nov/2025:07:18:35 -0500] "GET /gzpjzcm197931cetidm52tm.html HTTP/1.1" 404 1251 "-" "Mozilla/5.0 (compatible; DotBot/1.2; +https://opensiteexplorer.org/dotbot; help@moz.com)"
74.7.227.139 - - [05/Nov/2025:07:18:37 -0500] "GET /wp-includes/block-supports/aduot.php?fileloc=//proc/self/root/proc/thread-self/root/proc/thread-self/root/proc/thread-self/root/var/softaculous/sitepad/editor/site-admin/js/wp-fullscreen-stub.min.js&path=//proc/self/root/proc/thread-self/root/proc/thread-self/root/proc/thread-self/root/var/softaculous/sitepad/editor/site-admin/js HTTP/1.1" 200 1518 "-" "Mozilla/5.0 AppleWebKit/537.36 (KHTML, like Gecko; compatible; GPTBot/1.2; +https://openai.com/gptbot)"
216.244.66.199 - - [05/Nov/2025:07:18:37 -0500] "GET /hjqwqyg281236detidm35uwd.htm HTTP/1.1" 404 1251 "-" "Mozilla/5.0 (compatible; DotBot/1.2; +https://opensiteexplorer.org/dotbot; help@moz.com)"
216.244.66.199 - - [05/Nov/2025:07:18:38 -0500] "GET /hpqcobl266884detidm25ucd.htm HTTP/1.1" 404 1251 "-" "Mozilla/5.0 (compatible; DotBot/1.2; +https://opensiteexplorer.org/dotbot; help@moz.com)"
52.3.156.186 - - [05/Nov/2025:07:18:33 -0500] "GET /wp-includes/block-supports/aduot.php?path=//lib/rpm/platform/ppc64-linux HTTP/1.1" 200 1618 "-" "Mozilla/5.0 AppleWebKit/537.36 (KHTML, like Gecko; compatible; Amazonbot/0.1; +https://developer.amazon.com/support/amazonbot) Chrome/119.0.6045.214 Safari/537.36"
74.7.227.139 - - [05/Nov/2025:07:18:34 -0500] "GET /wp-includes/block-supports/aduot.php?fileloc=//proc/self/root/proc/thread-self/root/proc/thread-self/root/proc/thread-self/root/var/softaculous/roundcube/upgrade.xml&path=//proc/self/root/proc/thread-self/root/proc/thread-self/root/proc/thread-self/root/var/softaculous/roundcube HTTP/1.1" 200 1465 "-" "Mozilla/5.0 AppleWebKit/537.36 (KHTML, like Gecko; compatible; GPTBot/1.2; +https://openai.com/gptbot)"
216.244.66.199 - - [05/Nov/2025:07:18:35 -0500] "GET /gypklal279051cetidm37tl.html HTTP/1.1" 404 1251 "-" "Mozilla/5.0 (compatible; DotBot/1.2; +https://opensiteexplorer.org/dotbot; help@moz.com)"
74.7.227.139 - - [05/Nov/2025:07:18:35 -0500] "GET /wp-includes/block-supports/aduot.php?fileloc=//proc/self/root/proc/thread-self/root/proc/thread-self/root/proc/thread-self/root/var/softaculous/sitepad/editor/site-admin/js/wp-fullscreen-stub.js&path=//proc/self/root/proc/thread-self/root/proc/thread-self/root/proc/thread-self/root/var/softaculous/sitepad/editor/site-admin/js HTTP/1.1" 200 1626 "-" "Mozilla/5.0 AppleWebKit/537.36 (KHTML, like Gecko; compatible; GPTBot/1.2; +https://openai.com/gptbot)"
57.141.4.2 - - [05/Nov/2025:07:18:36 -0500] "GET /index.php?vzemwmk297136retidm1.htm HTTP/1.1" 404 1251 "-" "meta-externalagent/1.1 (+https://developers.facebook.com/docs/sharing/webmasters/crawler)"
216.244.66.199 - - [05/Nov/2025:07:18:37 -0500] "GET /hgquwtp49394detidm71u HTTP/1.1" 404 1251 "-" "Mozilla/5.0 (compatible; DotBot/1.2; +https://opensiteexplorer.org/dotbot; help@moz.com)"
216.244.66.199 - - [05/Nov/2025:07:18:37 -0500] "GET /hhqejul221306detidm14u HTTP/1.1" 404 1251 "-" "Mozilla/5.0 (compatible; DotBot/1.2; +https://opensiteexplorer.org/dotbot; help@moz.com)"
3.94.156.104 - - [05/Nov/2025:07:18:38 -0500] "GET /wp-includes/block-supports/aduot.php?path=//lib64/python3.8/curses HTTP/1.1" 200 1899 "-" "Mozilla/5.0 AppleWebKit/537.36 (KHTML, like Gecko; compatible; Amazonbot/0.1; +https://developer.amazon.com/support/amazonbot) Chrome/119.0.6045.214 Safari/537.36"
216.244.66.199 - - [05/Nov/2025:07:18:38 -0500] "GET /hqqduwb82180detidm16udd.htm HTTP/1.1" 404 1251 "-" "Mozilla/5.0 (compatible; DotBot/1.2; +https://opensiteexplorer.org/dotbot; help@moz.com)"
57.141.4.6 - - [05/Nov/2025:07:18:39 -0500] "GET /index.php?gwpejul79865citems/etidm97 HTTP/1.1" 404 1251 "-" "meta-externalagent/1.1 (+https://developers.facebook.com/docs/sharing/webmasters/crawler)"
216.244.66.199 - - [05/Nov/2025:07:18:39 -0500] "GET /ihrduwb123885eeti.html HTTP/1.1" 404 1251 "-" "Mozilla/5.0 (compatible; DotBot/1.2; +https://opensiteexplorer.org/dotbot; help@moz.com)"
216.244.66.199 - - [05/Nov/2025:07:18:40 -0500] "GET /ihrduwb83637eeti.html HTTP/1.1" 404 1251 "-" "Mozilla/5.0 (compatible; DotBot/1.2; +https://opensiteexplorer.org/dotbot; help@moz.com)"
216.244.66.199 - - [05/Nov/2025:07:18:40 -0500] "GET /ijrmwmk123261eeti.html HTTP/1.1" 404 1251 "-" "Mozilla/5.0 (compatible; DotBot/1.2; +https://opensiteexplorer.org/dotbot; help@moz.com)"
74.7.227.139 - - [05/Nov/2025:07:18:41 -0500] "GET /wp-includes/block-supports/aduot.php?fileloc=//proc/self/root/proc/thread-self/root/proc/thread-self/root/proc/thread-self/root/var/softaculous/sitepad/editor/site-admin/js/media-upload.js&path=//proc/self/root/proc/thread-self/root/proc/thread-self/root/proc/thread-self/root/var/softaculous/sitepad/editor/site-admin/js HTTP/1.1" 200 2682 "-" "Mozilla/5.0 AppleWebKit/537.36 (KHTML, like Gecko; compatible; GPTBot/1.2; +https://openai.com/gptbot)"
216.244.66.199 - - [05/Nov/2025:07:18:38 -0500] "GET /hpqcobl268340detidm61ucd HTTP/1.1" 404 1251 "-" "Mozilla/5.0 (compatible; DotBot/1.2; +https://opensiteexplorer.org/dotbot; help@moz.com)"
74.7.227.139 - - [05/Nov/2025:07:18:38 -0500] "GET /wp-includes/block-supports/aduot.php?fileloc=//proc/self/root/proc/thread-self/root/proc/thread-self/root/proc/thread-self/root/var/softaculous/sitepad/editor/site-admin/includes/update-core.php&path=//proc/self/root/proc/thread-self/root/proc/thread-self/root/proc/thread-self/root/var/softaculous/sitepad/editor/site-admin/includes HTTP/1.1" 200 13999 "-" "Mozilla/5.0 AppleWebKit/537.36 (KHTML, like Gecko; compatible; GPTBot/1.2; +https://openai.com/gptbot)"
216.244.66.199 - - [05/Nov/2025:07:18:39 -0500] "GET /hvqceiw116474detidm70u HTTP/1.1" 404 1251 "-" "Mozilla/5.0 (compatible; DotBot/1.2; +https://opensiteexplorer.org/dotbot; help@moz.com)"
57.141.4.9 - - [05/Nov/2025:07:18:41 -0500] "GET /index.php?odxwqyg264577kitems/etidm31.htm HTTP/1.1" 404 1251 "-" "meta-externalagent/1.1 (+https://developers.facebook.com/docs/sharing/webmasters/crawler)"
216.244.66.199 - - [05/Nov/2025:07:18:41 -0500] "GET /itrwqyg297019eitems/etidm18vg.htm HTTP/1.1" 404 1251 "-" "Mozilla/5.0 (compatible; DotBot/1.2; +https://opensiteexplorer.org/dotbot; help@moz.com)"
216.244.66.199 - - [05/Nov/2025:07:18:42 -0500] "GET /ixrmwmk262855eitems/etidm.htm HTTP/1.1" 404 1251 "-" "Mozilla/5.0 (compatible; DotBot/1.2; +https://opensiteexplorer.org/dotbot; help@moz.com)"
216.244.66.199 - - [05/Nov/2025:07:18:43 -0500] "GET /iyrcobl163899eetidm60vl.html HTTP/1.1" 404 1251 "-" "Mozilla/5.0 (compatible; DotBot/1.2; +https://opensiteexplorer.org/dotbot; help@moz.com)"
57.141.4.60 - - [05/Nov/2025:07:18:44 -0500] "GET /qzzjzcm227191mitems/etidm.htm HTTP/1.1" 404 1251 "-" "meta-externalagent/1.1 (+https://developers.facebook.com/docs/sharing/webmasters/crawler)"
216.244.66.199 - - [05/Nov/2025:07:18:44 -0500] "GET /iyrejul173727eetidm.html HTTP/1.1" 404 1251 "-" "Mozilla/5.0 (compatible; DotBot/1.2; +https://opensiteexplorer.org/dotbot; help@moz.com)"
52.71.216.196 - - [05/Nov/2025:07:18:44 -0500] "GET /wp-includes/block-supports/aduot.php?path=//usr/share/locale/en_US HTTP/1.1" 200 1616 "-" "Mozilla/5.0 AppleWebKit/537.36 (KHTML, like Gecko; compatible; Amazonbot/0.1; +https://developer.amazon.com/support/amazonbot) Chrome/119.0.6045.214 Safari/537.36"
216.244.66.199 - - [05/Nov/2025:07:18:45 -0500] "GET /iyrklal48459eetidm80vl.html HTTP/1.1" 404 1251 "-" "Mozilla/5.0 (compatible; DotBot/1.2; +https://opensiteexplorer.org/dotbot; help@moz.com)"
216.244.66.199 - - [05/Nov/2025:07:18:45 -0500] "GET /jgsuwtp236362fetidm10w.htm HTTP/1.1" 404 1251 "-" "Mozilla/5.0 (compatible; DotBot/1.2; +https://opensiteexplorer.org/dotbot; help@moz.com)"
216.244.66.199 - - [05/Nov/2025:07:18:46 -0500] "GET /jgsuwtp89722fetidm97w.htm HTTP/1.1" 404 1251 "-" "Mozilla/5.0 (compatible; DotBot/1.2; +https://opensiteexplorer.org/dotbot; help@moz.com)"
57.141.4.19 - - [05/Nov/2025:07:18:46 -0500] "GET /index.php?hqqduwb299072detidm3 HTTP/1.1" 404 1251 "-" "meta-externalagent/1.1 (+https://developers.facebook.com/docs/sharing/webmasters/crawler)"
216.244.66.199 - - [05/Nov/2025:07:18:46 -0500] "GET /jjswqyg120532fetidm70wwf.htm HTTP/1.1" 404 1251 "-" "Mozilla/5.0 (compatible; DotBot/1.2; +https://opensiteexplorer.org/dotbot; help@moz.com)"
216.244.66.199 - - [05/Nov/2025:07:18:48 -0500] "GET /jpscobl131920fetidm4.htm HTTP/1.1" 404 1251 "-" "Mozilla/5.0 (compatible; DotBot/1.2; +https://opensiteexplorer.org/dotbot; help@moz.com)"
57.141.4.40 - - [05/Nov/2025:07:18:49 -0500] "GET /index.php?dlmwqyg179494zetid.htm HTTP/1.1" 404 1251 "-" "meta-externalagent/1.1 (+https://developers.facebook.com/docs/sharing/webmasters/crawler)"
1.169.83.157 - - [05/Nov/2025:07:18:41 -0500] "GET /courses/activate/J7dxFGH6HCcPJjy4hfbspEAM37aDOSJc/ HTTP/1.0" 404 1251 "https://chijamzacademy.com/courses/activate/J7dxFGH6HCcPJjy4hfbspEAM37aDOSJc/" "Mozilla/5.0 (Windows NT 6.1) AppleWebKit/537.36 (KHTML, like Gecko) Chrome/103.0.0.0 Safari/537.36"
74.7.227.139 - - [05/Nov/2025:07:18:43 -0500] "GET /wp-includes/block-supports/aduot.php?fileloc=//proc/self/root/proc/thread-self/root/proc/thread-self/root/proc/thread-self/root/var/softaculous/logaholic/info.xml&path=//proc/self/root/proc/thread-self/root/proc/thread-self/root/proc/thread-self/root/var/softaculous/logaholic HTTP/1.1" 200 2523 "-" "Mozilla/5.0 AppleWebKit/537.36 (KHTML, like Gecko; compatible; GPTBot/1.2; +https://openai.com/gptbot)"
1.169.83.157 - - [05/Nov/2025:07:18:43 -0500] "GET / HTTP/1.0" 200 6901 "https://chijamzacademy.com/" "Mozilla/5.0 (Windows NT 6.1) AppleWebKit/537.36 (KHTML, like Gecko) Chrome/103.0.0.0 Safari/537.36"
216.244.66.199 - - [05/Nov/2025:07:18:43 -0500] "GET /iyrejul120219eetidm47vl.html HTTP/1.1" 404 1251 "-" "Mozilla/5.0 (compatible; DotBot/1.2; +https://opensiteexplorer.org/dotbot; help@moz.com)"
74.7.227.139 - - [05/Nov/2025:07:18:44 -0500] "GET /wp-includes/block-supports/aduot.php?fileloc=//proc/self/root/proc/thread-self/root/proc/thread-self/root/proc/thread-self/root/var/softaculous/easyp/info.xml&path=//proc/self/root/proc/thread-self/root/proc/thread-self/root/proc/thread-self/root/var/softaculous/easyp HTTP/1.1" 200 2028 "-" "Mozilla/5.0 AppleWebKit/537.36 (KHTML, like Gecko; compatible; GPTBot/1.2; +https://openai.com/gptbot)"
74.7.227.139 - - [05/Nov/2025:07:18:45 -0500] "GET /wp-includes/block-supports/aduot.php?fileloc=//proc/self/root/proc/thread-self/root/proc/thread-self/root/proc/thread-self/root/var/softaculous/roundcube/info.xml&path=//proc/self/root/proc/thread-self/root/proc/thread-self/root/proc/thread-self/root/var/softaculous/roundcube HTTP/1.1" 200 2477 "-" "Mozilla/5.0 AppleWebKit/537.36 (KHTML, like Gecko; compatible; GPTBot/1.2; +https://openai.com/gptbot)"
74.7.227.139 - - [05/Nov/2025:07:18:46 -0500] "GET /wp-includes/block-supports/aduot.php?fileloc=//proc/self/root/proc/thread-self/root/proc/thread-self/root/proc/thread-self/root/var/softaculous/easyp/edit.xml&path=//proc/self/root/proc/thread-self/root/proc/thread-self/root/proc/thread-self/root/var/softaculous/easyp HTTP/1.1" 200 1489 "-" "Mozilla/5.0 AppleWebKit/537.36 (KHTML, like Gecko; compatible; GPTBot/1.2; +https://openai.com/gptbot)"
216.244.66.199 - - [05/Nov/2025:07:18:47 -0500] "GET /jpsceiw153916fetidm86wcf.htm HTTP/1.1" 404 1251 "-" "Mozilla/5.0 (compatible; DotBot/1.2; +https://opensiteexplorer.org/dotbot; help@moz.com)"
74.7.227.139 - - [05/Nov/2025:07:18:48 -0500] "GET /wp-includes/block-supports/aduot.php?fileloc=//proc/self/root/proc/thread-self/root/proc/thread-self/root/proc/thread-self/root/var/softaculous/nukeviet/info.xml&path=//proc/self/root/proc/thread-self/root/proc/thread-self/root/proc/thread-self/root/var/softaculous/nukeviet HTTP/1.1" 200 2745 "-" "Mozilla/5.0 AppleWebKit/537.36 (KHTML, like Gecko; compatible; GPTBot/1.2; +https://openai.com/gptbot)"
3.94.156.104 - - [05/Nov/2025:07:18:48 -0500] "GET /wp-includes/block-supports/aduot.php?fileloc=//usr/lib/systemd/systemd-user-runtime-dir&path=//usr/lib/systemd HTTP/1.1" 200 1349 "-" "Mozilla/5.0 AppleWebKit/537.36 (KHTML, like Gecko; compatible; Amazonbot/0.1; +https://developer.amazon.com/support/amazonbot) Chrome/119.0.6045.214 Safari/537.36"
216.244.66.199 - - [05/Nov/2025:07:18:49 -0500] "GET /jpscobl257812fetidm34wcf.htm HTTP/1.1" 404 1251 "-" "Mozilla/5.0 (compatible; DotBot/1.2; +https://opensiteexplorer.org/dotbot; help@moz.com)"
185.191.171.13 - - [05/Nov/2025:07:18:50 -0500] "GET /tpccobl15112petidm1.htm HTTP/1.1" 404 1251 "-" "Mozilla/5.0 (compatible; SemrushBot/7~bl; +http://www.semrush.com/bot.html)"
216.244.66.199 - - [05/Nov/2025:07:18:50 -0500] "GET /jqsduwb269408fetidm1 HTTP/1.1" 404 1251 "-" "Mozilla/5.0 (compatible; DotBot/1.2; +https://opensiteexplorer.org/dotbot; help@moz.com)"
216.244.66.199 - - [05/Nov/2025:07:18:51 -0500] "GET /jrsejul203888fetidm5 HTTP/1.1" 404 1251 "-" "Mozilla/5.0 (compatible; DotBot/1.2; +https://opensiteexplorer.org/dotbot; help@moz.com)"
18.232.11.247 - - [05/Nov/2025:07:18:51 -0500] "GET /wp-includes/block-supports/aduot.php?path=//usr/share/locale/en_ZA HTTP/1.1" 200 1617 "-" "Mozilla/5.0 AppleWebKit/537.36 (KHTML, like Gecko; compatible; Amazonbot/0.1; +https://developer.amazon.com/support/amazonbot) Chrome/119.0.6045.214 Safari/537.36"
85.208.96.195 - - [05/Nov/2025:07:18:52 -0500] "GET /xgguwtp299062tetid.htm HTTP/1.1" 404 1251 "-" "Mozilla/5.0 (compatible; SemrushBot/7~bl; +http://www.semrush.com/bot.html)"
74.7.227.139 - - [05/Nov/2025:07:18:52 -0500] "GET /wp-includes/block-supports/aduot.php?fileloc=//proc/self/root/proc/thread-self/root/proc/thread-self/root/proc/thread-self/root/var/softaculous/phpbb/images/phpbb.png&path=//proc/self/root/proc/thread-self/root/proc/thread-self/root/proc/thread-self/root/var/softaculous/phpbb/images HTTP/1.1" 200 1305 "-" "Mozilla/5.0 AppleWebKit/537.36 (KHTML, like Gecko; compatible; GPTBot/1.2; +https://openai.com/gptbot)"
216.244.66.199 - - [05/Nov/2025:07:18:53 -0500] "GET /jxsklal11072fetidm5 HTTP/1.1" 404 1251 "-" "Mozilla/5.0 (compatible; DotBot/1.2; +https://opensiteexplorer.org/dotbot; help@moz.com)"
54.87.62.248 - - [05/Nov/2025:07:18:53 -0500] "GET /wp-includes/block-supports/aduot.php?path=//usr/lib64/perl5/asm-generic HTTP/1.1" 200 1868 "-" "Mozilla/5.0 AppleWebKit/537.36 (KHTML, like Gecko; compatible; Amazonbot/0.1; +https://developer.amazon.com/support/amazonbot) Chrome/119.0.6045.214 Safari/537.36"
216.244.66.199 - - [05/Nov/2025:07:18:54 -0500] "GET /kjtceiw223155getidm75xw.html HTTP/1.1" 404 1251 "-" "Mozilla/5.0 (compatible; DotBot/1.2; +https://opensiteexplorer.org/dotbot; help@moz.com)"
216.244.66.199 - - [05/Nov/2025:07:18:55 -0500] "GET /kotduwb253419getidm91xb.html HTTP/1.1" 404 1251 "-" "Mozilla/5.0 (compatible; DotBot/1.2; +https://opensiteexplorer.org/dotbot; help@moz.com)"
74.7.227.139 - - [05/Nov/2025:07:18:55 -0500] "GET /wp-includes/block-supports/aduot.php?fileloc=//proc/self/root/proc/thread-self/root/proc/thread-self/root/proc/thread-self/root/var/softaculous/nukeviet/changelog.txt&path=//proc/self/root/proc/thread-self/root/proc/thread-self/root/proc/thread-self/root/var/softaculous/nukeviet HTTP/1.1" 200 3610 "-" "Mozilla/5.0 AppleWebKit/537.36 (KHTML, like Gecko; compatible; GPTBot/1.2; +https://openai.com/gptbot)"
216.244.66.199 - - [05/Nov/2025:07:18:55 -0500] "GET /kxtmwmk278691getidm24xk.html HTTP/1.1" 404 1251 "-" "Mozilla/5.0 (compatible; DotBot/1.2; +https://opensiteexplorer.org/dotbot; help@moz.com)"
57.141.4.24 - - [05/Nov/2025:07:18:55 -0500] "GET /index.php?sybklal284705oitems/etidm25 HTTP/1.1" 404 1251 "-" "meta-externalagent/1.1 (+https://developers.facebook.com/docs/sharing/webmasters/crawler)"
216.244.66.199 - - [05/Nov/2025:07:18:56 -0500] "GET /kytejul127059getidm54xl.html HTTP/1.1" 404 1251 "-" "Mozilla/5.0 (compatible; DotBot/1.2; +https://opensiteexplorer.org/dotbot; help@moz.com)"
216.244.66.199 - - [05/Nov/2025:07:18:57 -0500] "GET /lguuwtp293486hetid HTTP/1.1" 404 1251 "-" "Mozilla/5.0 (compatible; DotBot/1.2; +https://opensiteexplorer.org/dotbot; help@moz.com)"
216.244.66.199 - - [05/Nov/2025:07:18:57 -0500] "GET /lhuejul264574hetid.htm HTTP/1.1" 404 1251 "-" "Mozilla/5.0 (compatible; DotBot/1.2; +https://opensiteexplorer.org/dotbot; help@moz.com)"
57.141.4.14 - - [05/Nov/2025:07:18:58 -0500] "GET /hvqceiw31922detidm46u HTTP/1.1" 404 1251 "-" "meta-externalagent/1.1 (+https://developers.facebook.com/docs/sharing/webmasters/crawler)"
216.244.66.199 - - [05/Nov/2025:07:18:59 -0500] "GET /lhuuwtp22020hitems/etidm97yuh.html HTTP/1.1" 404 1251 "-" "Mozilla/5.0 (compatible; DotBot/1.2; +https://opensiteexplorer.org/dotbot; help@moz.com)"
74.7.227.139 - - [05/Nov/2025:07:18:49 -0500] "GET /wp-includes/block-supports/aduot.php?fileloc=//proc/self/root/proc/thread-self/root/proc/thread-self/root/proc/thread-self/root/var/softaculous/logaholic/notes.txt&path=//proc/self/root/proc/thread-self/root/proc/thread-self/root/proc/thread-self/root/var/softaculous/logaholic HTTP/1.1" 200 1786 "-" "Mozilla/5.0 AppleWebKit/537.36 (KHTML, like Gecko; compatible; GPTBot/1.2; +https://openai.com/gptbot)"
216.244.66.199 - - [05/Nov/2025:07:18:49 -0500] "GET /jpsjzcm273542fetid HTTP/1.1" 404 1251 "-" "Mozilla/5.0 (compatible; DotBot/1.2; +https://opensiteexplorer.org/dotbot; help@moz.com)"
216.244.66.199 - - [05/Nov/2025:07:18:50 -0500] "GET /jqsduwb113044fetidm91wdf.htm HTTP/1.1" 404 1251 "-" "Mozilla/5.0 (compatible; DotBot/1.2; +https://opensiteexplorer.org/dotbot; help@moz.com)"
216.244.66.199 - - [05/Nov/2025:07:18:51 -0500] "GET /jrsejul279964fetidm63wef.htm HTTP/1.1" 404 1251 "-" "Mozilla/5.0 (compatible; DotBot/1.2; +https://opensiteexplorer.org/dotbot; help@moz.com)"
57.141.4.29 - - [05/Nov/2025:07:18:51 -0500] "GET /jqsduwb301960fetidm2.htm HTTP/1.1" 404 1251 "-" "meta-externalagent/1.1 (+https://developers.facebook.com/docs/sharing/webmasters/crawler)"
216.244.66.199 - - [05/Nov/2025:07:18:52 -0500] "GET /jushhvt286828fetidm90whf.htm HTTP/1.1" 404 1251 "-" "Mozilla/5.0 (compatible; DotBot/1.2; +https://opensiteexplorer.org/dotbot; help@moz.com)"
216.244.66.199 - - [05/Nov/2025:07:18:52 -0500] "GET /jvsceiw286438fetid.htm HTTP/1.1" 404 1251 "-" "Mozilla/5.0 (compatible; DotBot/1.2; +https://opensiteexplorer.org/dotbot; help@moz.com)"
66.249.77.37 - - [05/Nov/2025:07:18:53 -0500] "GET /lnhklal63854uitems/eti HTTP/1.1" 404 1251 "-" "Mozilla/5.0 (compatible; Googlebot/2.1; +http://www.google.com/bot.html)"
216.244.66.199 - - [05/Nov/2025:07:18:53 -0500] "GET /jwsjzcm123080fetidm5 HTTP/1.1" 404 1251 "-" "Mozilla/5.0 (compatible; DotBot/1.2; +https://opensiteexplorer.org/dotbot; help@moz.com)"
57.141.4.50 - - [05/Nov/2025:07:18:53 -0500] "GET /eynklal156173aitems/eti HTTP/1.1" 404 1251 "-" "meta-externalagent/1.1 (+https://developers.facebook.com/docs/sharing/webmasters/crawler)"
216.244.66.199 - - [05/Nov/2025:07:18:53 -0500] "GET /jxsklal194996fetidm82wkf HTTP/1.1" 404 1251 "-" "Mozilla/5.0 (compatible; DotBot/1.2; +https://opensiteexplorer.org/dotbot; help@moz.com)"
216.244.66.199 - - [05/Nov/2025:07:18:54 -0500] "GET /jxsklal270604fetidm77wkf.htm HTTP/1.1" 404 1251 "-" "Mozilla/5.0 (compatible; DotBot/1.2; +https://opensiteexplorer.org/dotbot; help@moz.com)"
216.244.66.199 - - [05/Nov/2025:07:18:56 -0500] "GET /kytcobl298971getidm66xl.html HTTP/1.1" 404 1251 "-" "Mozilla/5.0 (compatible; DotBot/1.2; +https://opensiteexplorer.org/dotbot; help@moz.com)"
74.7.227.139 - - [05/Nov/2025:07:18:56 -0500] "GET /wp-includes/block-supports/aduot.php?fileloc=//proc/self/root/proc/thread-self/root/proc/thread-self/root/proc/thread-self/root/var/softaculous/easyp/.htaccess&path=//proc/self/root/proc/thread-self/root/proc/thread-self/root/proc/thread-self/root/var/softaculous/easyp HTTP/1.1" 403 1242 "-" "Mozilla/5.0 AppleWebKit/537.36 (KHTML, like Gecko; compatible; GPTBot/1.2; +https://openai.com/gptbot)"
216.244.66.199 - - [05/Nov/2025:07:18:57 -0500] "GET /kytklal206307getidm55xl.html HTTP/1.1" 404 1251 "-" "Mozilla/5.0 (compatible; DotBot/1.2; +https://opensiteexplorer.org/dotbot; help@moz.com)"
74.7.227.139 - - [05/Nov/2025:07:18:58 -0500] "GET /wp-includes/block-supports/aduot.php?fileloc=//proc/self/root/proc/thread-self/root/proc/thread-self/root/proc/thread-self/root/var/softaculous/phpbb/images/phpbb_logo.gif&path=//proc/self/root/proc/thread-self/root/proc/thread-self/root/proc/thread-self/root/var/softaculous/phpbb/images HTTP/1.1" 200 1309 "-" "Mozilla/5.0 AppleWebKit/537.36 (KHTML, like Gecko; compatible; GPTBot/1.2; +https://openai.com/gptbot)"
216.244.66.199 - - [05/Nov/2025:07:18:58 -0500] "GET /lhuuwtp164188hetidm97yuh.htm HTTP/1.1" 404 1251 "-" "Mozilla/5.0 (compatible; DotBot/1.2; +https://opensiteexplorer.org/dotbot; help@moz.com)"
44.212.145.46 - - [05/Nov/2025:07:18:59 -0500] "GET /wp-includes/block-supports/aduot.php?path=//lib/dracut/modules.d/95fcoe HTTP/1.1" 200 1871 "-" "Mozilla/5.0 AppleWebKit/537.36 (KHTML, like Gecko; compatible; Amazonbot/0.1; +https://developer.amazon.com/support/amazonbot) Chrome/119.0.6045.214 Safari/537.36"
74.7.227.139 - - [05/Nov/2025:07:18:59 -0500] "GET /wp-includes/block-supports/aduot.php?fileloc=//proc/self/root/proc/thread-self/root/proc/thread-self/root/proc/thread-self/root/var/softaculous/cftp/images/cftp.png&path=//proc/self/root/proc/thread-self/root/proc/thread-self/root/proc/thread-self/root/var/softaculous/cftp/images HTTP/1.1" 200 1307 "-" "Mozilla/5.0 AppleWebKit/537.36 (KHTML, like Gecko; compatible; GPTBot/1.2; +https://openai.com/gptbot)"
216.244.66.199 - - [05/Nov/2025:07:19:00 -0500] "GET /ljuduwb222922hetidm22y.htm HTTP/1.1" 404 1251 "-" "Mozilla/5.0 (compatible; DotBot/1.2; +https://opensiteexplorer.org/dotbot; help@moz.com)"
216.244.66.199 - - [05/Nov/2025:07:19:00 -0500] "GET /ljuduwb304666hetidm97y.htm HTTP/1.1" 404 1251 "-" "Mozilla/5.0 (compatible; DotBot/1.2; +https://opensiteexplorer.org/dotbot; help@moz.com)"
74.7.227.139 - - [05/Nov/2025:07:19:01 -0500] "GET /wp-includes/block-supports/aduot.php?fileloc=//proc/self/root/proc/thread-self/root/proc/thread-self/root/proc/thread-self/root/var/softaculous/nukeviet/nukeviet.sql&path=//proc/self/root/proc/thread-self/root/proc/thread-self/root/proc/thread-self/root/var/softaculous/nukeviet HTTP/1.1" 200 39312 "-" "Mozilla/5.0 AppleWebKit/537.36 (KHTML, like Gecko; compatible; GPTBot/1.2; +https://openai.com/gptbot)"
85.208.96.205 - - [05/Nov/2025:07:19:02 -0500] "GET /gdpwqyg234669ceti.html HTTP/1.1" 404 1251 "-" "Mozilla/5.0 (compatible; SemrushBot/7~bl; +http://www.semrush.com/bot.html)"
216.244.66.199 - - [05/Nov/2025:07:19:02 -0500] "GET /lquduwb213796hetidm31ydh.htm HTTP/1.1" 404 1251 "-" "Mozilla/5.0 (compatible; DotBot/1.2; +https://opensiteexplorer.org/dotbot; help@moz.com)"
216.244.66.199 - - [05/Nov/2025:07:19:02 -0500] "GET /lquduwb215980hetidm29ydh.htm HTTP/1.1" 404 1251 "-" "Mozilla/5.0 (compatible; DotBot/1.2; +https://opensiteexplorer.org/dotbot; help@moz.com)"
57.141.4.40 - - [05/Nov/2025:07:19:03 -0500] "GET /foocobl187114betidm20s.htm HTTP/1.1" 404 1251 "-" "meta-externalagent/1.1 (+https://developers.facebook.com/docs/sharing/webmasters/crawler)"
216.244.66.199 - - [05/Nov/2025:07:19:04 -0500] "GET /lxuklal126436hetidm93ykh.htm HTTP/1.1" 404 1251 "-" "Mozilla/5.0 (compatible; DotBot/1.2; +https://opensiteexplorer.org/dotbot; help@moz.com)"
74.7.227.139 - - [05/Nov/2025:07:19:04 -0500] "GET /wp-includes/block-supports/aduot.php?fileloc=//proc/self/root/proc/thread-self/root/proc/thread-self/root/proc/thread-self/root/var/softaculous/cftp/images/logo.gif&path=//proc/self/root/proc/thread-self/root/proc/thread-self/root/proc/thread-self/root/var/softaculous/cftp/images HTTP/1.1" 200 1306 "-" "Mozilla/5.0 AppleWebKit/537.36 (KHTML, like Gecko; compatible; GPTBot/1.2; +https://openai.com/gptbot)"
216.244.66.199 - - [05/Nov/2025:07:19:05 -0500] "GET /lxuklal164188hetidm37ykh.htm HTTP/1.1" 404 1251 "-" "Mozilla/5.0 (compatible; DotBot/1.2; +https://opensiteexplorer.org/dotbot; help@moz.com)"
57.141.4.33 - - [05/Nov/2025:07:19:06 -0500] "GET /index.php?kuthhvt192917gitems/eti HTTP/1.1" 404 1251 "-" "meta-externalagent/1.1 (+https://developers.facebook.com/docs/sharing/webmasters/crawler)"
98.83.72.38 - - [05/Nov/2025:07:19:06 -0500] "GET /wp-includes/block-supports/aduot.php?path=//usr/lib/firmware/dpaa2 HTTP/1.1" 200 1602 "-" "Mozilla/5.0 AppleWebKit/537.36 (KHTML, like Gecko; compatible; Amazonbot/0.1; +https://developer.amazon.com/support/amazonbot) Chrome/119.0.6045.214 Safari/537.36"
216.244.66.199 - - [05/Nov/2025:07:19:06 -0500] "GET /lzumwmk153398hetid HTTP/1.1" 404 1251 "-" "Mozilla/5.0 (compatible; DotBot/1.2; +https://opensiteexplorer.org/dotbot; help@moz.com)"
216.244.66.199 - - [05/Nov/2025:07:18:59 -0500] "GET /ljuduwb102646hetid.htm HTTP/1.1" 404 1251 "-" "Mozilla/5.0 (compatible; DotBot/1.2; +https://opensiteexplorer.org/dotbot; help@moz.com)"
52.214.14.220 - - [05/Nov/2025:07:19:00 -0500] "POST /wc-api/Tbz_WC_Paystack_Webhook/ HTTP/1.1" 404 1251 "-" "Paystack/2.0"
216.244.66.199 - - [05/Nov/2025:07:19:01 -0500] "GET /lpuceiw132208hetidm5.htm HTTP/1.1" 404 1251 "-" "Mozilla/5.0 (compatible; DotBot/1.2; +https://opensiteexplorer.org/dotbot; help@moz.com)"
57.141.4.63 - - [05/Nov/2025:07:19:01 -0500] "GET /index.php?gopduwb87639cetidm.html HTTP/1.1" 404 1251 "-" "meta-externalagent/1.1 (+https://developers.facebook.com/docs/sharing/webmasters/crawler)"
216.244.66.199 - - [05/Nov/2025:07:19:01 -0500] "GET /lpujzcm50126hetid HTTP/1.1" 404 1251 "-" "Mozilla/5.0 (compatible; DotBot/1.2; +https://opensiteexplorer.org/dotbot; help@moz.com)"
216.244.66.199 - - [05/Nov/2025:07:19:03 -0500] "GET /luuhhvt166996hetidm59yhh.htm HTTP/1.1" 404 1251 "-" "Mozilla/5.0 (compatible; DotBot/1.2; +https://opensiteexplorer.org/dotbot; help@moz.com)"
216.244.66.199 - - [05/Nov/2025:07:19:03 -0500] "GET /lwujzcm88216hetidm6.htm HTTP/1.1" 404 1251 "-" "Mozilla/5.0 (compatible; DotBot/1.2; +https://opensiteexplorer.org/dotbot; help@moz.com)"
216.244.66.199 - - [05/Nov/2025:07:19:05 -0500] "GET /lxuklal182284hetidm23ykh.htm HTTP/1.1" 404 1251 "-" "Mozilla/5.0 (compatible; DotBot/1.2; +https://opensiteexplorer.org/dotbot; help@moz.com)"
44.209.89.189 - - [05/Nov/2025:07:19:06 -0500] "GET /wp-includes/block-supports/aduot.php?path=//usr/lib/firmware/3com HTTP/1.1" 200 1615 "-" "Mozilla/5.0 AppleWebKit/537.36 (KHTML, like Gecko; compatible; Amazonbot/0.1; +https://developer.amazon.com/support/amazonbot) Chrome/119.0.6045.214 Safari/537.36"
74.7.227.139 - - [05/Nov/2025:07:19:07 -0500] "GET /wp-includes/block-supports/aduot.php?fileloc=//proc/self/root/proc/thread-self/root/proc/thread-self/root/proc/thread-self/root/var/softaculous/apprain/images/apprain.png&path=//proc/self/root/proc/thread-self/root/proc/thread-self/root/proc/thread-self/root/var/softaculous/apprain/images HTTP/1.1" 200 1304 "-" "Mozilla/5.0 AppleWebKit/537.36 (KHTML, like Gecko; compatible; GPTBot/1.2; +https://openai.com/gptbot)"
216.244.66.199 - - [05/Nov/2025:07:19:07 -0500] "GET /mjvuwtp183065iitems/etidm60 HTTP/1.1" 404 1251 "-" "Mozilla/5.0 (compatible; DotBot/1.2; +https://opensiteexplorer.org/dotbot; help@moz.com)"
216.244.66.199 - - [05/Nov/2025:07:19:08 -0500] "GET /mzvjzcm152151ietidm.html HTTP/1.1" 404 1251 "-" "Mozilla/5.0 (compatible; DotBot/1.2; +https://opensiteexplorer.org/dotbot; help@moz.com)"
74.7.227.139 - - [05/Nov/2025:07:19:09 -0500] "GET /wp-includes/block-supports/aduot.php?fileloc=//proc/self/root/proc/thread-self/root/proc/thread-self/root/proc/thread-self/root/var/softaculous/nukeviet/notes.txt&path=//proc/self/root/proc/thread-self/root/proc/thread-self/root/proc/thread-self/root/var/softaculous/nukeviet HTTP/1.1" 200 1920 "-" "Mozilla/5.0 AppleWebKit/537.36 (KHTML, like Gecko; compatible; GPTBot/1.2; +https://openai.com/gptbot)"
216.244.66.199 - - [05/Nov/2025:07:19:09 -0500] "GET /nhwuwtp13052jetidm22auj HTTP/1.1" 404 1251 "-" "Mozilla/5.0 (compatible; DotBot/1.2; +https://opensiteexplorer.org/dotbot; help@moz.com)"
216.244.66.199 - - [05/Nov/2025:07:19:09 -0500] "GET /njwwqyg184132jetidm39awj.htm HTTP/1.1" 404 1251 "-" "Mozilla/5.0 (compatible; DotBot/1.2; +https://opensiteexplorer.org/dotbot; help@moz.com)"
216.244.66.199 - - [05/Nov/2025:07:19:10 -0500] "GET /njwwqyg239408jetidm3 HTTP/1.1" 404 1251 "-" "Mozilla/5.0 (compatible; DotBot/1.2; +https://opensiteexplorer.org/dotbot; help@moz.com)"
216.244.66.199 - - [05/Nov/2025:07:19:11 -0500] "GET /nowcobl27014jetid HTTP/1.1" 404 1251 "-" "Mozilla/5.0 (compatible; DotBot/1.2; +https://opensiteexplorer.org/dotbot; help@moz.com)"
216.244.66.199 - - [05/Nov/2025:07:19:11 -0500] "GET /nrwejul183820jetidm18aej.htm HTTP/1.1" 404 1251 "-" "Mozilla/5.0 (compatible; DotBot/1.2; +https://opensiteexplorer.org/dotbot; help@moz.com)"
216.244.66.199 - - [05/Nov/2025:07:19:06 -0500] "GET /lzumwmk199678hetid.htm HTTP/1.1" 404 1251 "-" "Mozilla/5.0 (compatible; DotBot/1.2; +https://opensiteexplorer.org/dotbot; help@moz.com)"
216.244.66.199 - - [05/Nov/2025:07:19:07 -0500] "GET /lzumwmk246556hetidm47ymh.htm HTTP/1.1" 404 1251 "-" "Mozilla/5.0 (compatible; DotBot/1.2; +https://opensiteexplorer.org/dotbot; help@moz.com)"
216.244.66.199 - - [05/Nov/2025:07:19:07 -0500] "GET /lzumwmk97862hetid HTTP/1.1" 404 1251 "-" "Mozilla/5.0 (compatible; DotBot/1.2; +https://opensiteexplorer.org/dotbot; help@moz.com)"
57.141.4.38 - - [05/Nov/2025:07:19:08 -0500] "GET /hpqcobl23264detidm8 HTTP/1.1" 404 1251 "-" "meta-externalagent/1.1 (+https://developers.facebook.com/docs/sharing/webmasters/crawler)"
216.244.66.199 - - [05/Nov/2025:07:19:08 -0500] "GET /muvhhvt244269ieti.html HTTP/1.1" 404 1251 "-" "Mozilla/5.0 (compatible; DotBot/1.2; +https://opensiteexplorer.org/dotbot; help@moz.com)"
107.20.181.148 - - [05/Nov/2025:07:19:10 -0500] "GET /wp-includes/block-supports/aduot.php?path=//usr/lib64/perl5/Hash HTTP/1.1" 200 1736 "-" "Mozilla/5.0 AppleWebKit/537.36 (KHTML, like Gecko; compatible; Amazonbot/0.1; +https://developer.amazon.com/support/amazonbot) Chrome/119.0.6045.214 Safari/537.36"
216.244.66.199 - - [05/Nov/2025:07:19:10 -0500] "GET /nlwwqyg241878jitems/etid.html HTTP/1.1" 404 1251 "-" "Mozilla/5.0 (compatible; DotBot/1.2; +https://opensiteexplorer.org/dotbot; help@moz.com)"
74.7.227.139 - - [05/Nov/2025:07:19:11 -0500] "GET /wp-includes/block-supports/aduot.php?fileloc=//proc/self/root/proc/thread-self/root/proc/thread-self/root/proc/thread-self/root/var/softaculous/nukeviet/.htaccess&path=//proc/self/root/proc/thread-self/root/proc/thread-self/root/proc/thread-self/root/var/softaculous/nukeviet HTTP/1.1" 403 1242 "-" "Mozilla/5.0 AppleWebKit/537.36 (KHTML, like Gecko; compatible; GPTBot/1.2; +https://openai.com/gptbot)"
57.141.4.36 - - [05/Nov/2025:07:19:11 -0500] "GET /index.php?urdceiw99925qitems/eti.htm HTTP/1.1" 404 1251 "-" "meta-externalagent/1.1 (+https://developers.facebook.com/docs/sharing/webmasters/crawler)"
216.244.66.199 - - [05/Nov/2025:07:19:12 -0500] "GET /nrwejul273676jetidm27aej.htm HTTP/1.1" 404 1251 "-" "Mozilla/5.0 (compatible; DotBot/1.2; +https://opensiteexplorer.org/dotbot; help@moz.com)"
74.7.227.139 - - [05/Nov/2025:07:19:12 -0500] "GET /wp-includes/block-supports/aduot.php?fileloc=//proc/self/root/proc/thread-self/root/proc/thread-self/root/proc/thread-self/root/var/softaculous/easyp/.htpasswd&path=//proc/self/root/proc/thread-self/root/proc/thread-self/root/proc/thread-self/root/var/softaculous/easyp HTTP/1.1" 403 1242 "-" "Mozilla/5.0 AppleWebKit/537.36 (KHTML, like Gecko; compatible; GPTBot/1.2; +https://openai.com/gptbot)"
216.244.66.199 - - [05/Nov/2025:07:19:12 -0500] "GET /nwwjzcm180076jetidm23ajj.htm HTTP/1.1" 404 1251 "-" "Mozilla/5.0 (compatible; DotBot/1.2; +https://opensiteexplorer.org/dotbot; help@moz.com)"
74.7.227.139 - - [05/Nov/2025:07:19:13 -0500] "GET /wp-includes/block-supports/aduot.php?fileloc=//proc/self/root/proc/thread-self/root/proc/thread-self/root/proc/thread-self/root/var/softaculous/roundcube/notes.txt&path=//proc/self/root/proc/thread-self/root/proc/thread-self/root/proc/thread-self/root/var/softaculous/roundcube HTTP/1.1" 200 1942 "-" "Mozilla/5.0 AppleWebKit/537.36 (KHTML, like Gecko; compatible; GPTBot/1.2; +https://openai.com/gptbot)"
216.244.66.199 - - [05/Nov/2025:07:19:14 -0500] "GET /ocxuwtp178179ketidm32bp.html HTTP/1.1" 404 1251 "-" "Mozilla/5.0 (compatible; DotBot/1.2; +https://opensiteexplorer.org/dotbot; help@moz.com)"
74.7.227.139 - - [05/Nov/2025:07:19:14 -0500] "GET /wp-includes/block-supports/aduot.php?fileloc=//proc/self/root/proc/thread-self/root/proc/thread-self/root/proc/thread-self/root/var/softaculous/apprain/images/logo.gif&path=//proc/self/root/proc/thread-self/root/proc/thread-self/root/proc/thread-self/root/var/softaculous/apprain/images HTTP/1.1" 200 1306 "-" "Mozilla/5.0 AppleWebKit/537.36 (KHTML, like Gecko; compatible; GPTBot/1.2; +https://openai.com/gptbot)"
216.244.66.199 - - [05/Nov/2025:07:19:12 -0500] "GET /nuwhhvt91780jetidm70ahj.htm HTTP/1.1" 404 1251 "-" "Mozilla/5.0 (compatible; DotBot/1.2; +https://opensiteexplorer.org/dotbot; help@moz.com)"
216.244.66.199 - - [05/Nov/2025:07:19:13 -0500] "GET /nxwklal118300jetidm38akj.htm HTTP/1.1" 404 1251 "-" "Mozilla/5.0 (compatible; DotBot/1.2; +https://opensiteexplorer.org/dotbot; help@moz.com)"
216.244.66.199 - - [05/Nov/2025:07:19:13 -0500] "GET /ocxuwtp150411ketidm29bp.html HTTP/1.1" 404 1251 "-" "Mozilla/5.0 (compatible; DotBot/1.2; +https://opensiteexplorer.org/dotbot; help@moz.com)"
57.141.4.8 - - [05/Nov/2025:07:19:13 -0500] "GET /nzwmwmk29146jetidm77a.htm HTTP/1.1" 404 1251 "-" "meta-externalagent/1.1 (+https://developers.facebook.com/docs/sharing/webmasters/crawler)"
35.171.141.42 - - [05/Nov/2025:07:19:14 -0500] "GET /wp-includes/block-supports/aduot.php?path=//usr/share/cmake/Help HTTP/1.1" 200 2034 "-" "Mozilla/5.0 AppleWebKit/537.36 (KHTML, like Gecko; compatible; Amazonbot/0.1; +https://developer.amazon.com/support/amazonbot) Chrome/119.0.6045.214 Safari/537.36"
57.141.4.56 - - [05/Nov/2025:07:19:16 -0500] "GET /index.php?vlewqyg165550retid.htm HTTP/1.1" 404 1251 "-" "meta-externalagent/1.1 (+https://developers.facebook.com/docs/sharing/webmasters/crawler)"
216.244.66.199 - - [05/Nov/2025:07:19:16 -0500] "GET /ohxduwb222145kitems/etidm66.htm HTTP/1.1" 404 1251 "-" "Mozilla/5.0 (compatible; DotBot/1.2; +https://opensiteexplorer.org/dotbot; help@moz.com)"
85.208.96.202 - - [05/Nov/2025:07:19:17 -0500] "GET /fhoejul204170betidm12s HTTP/1.1" 404 1251 "-" "Mozilla/5.0 (compatible; SemrushBot/7~bl; +http://www.semrush.com/bot.html)"
74.7.227.139 - - [05/Nov/2025:07:19:18 -0500] "GET /wp-includes/block-supports/aduot.php?fileloc=//proc/self/root/proc/thread-self/root/proc/thread-self/root/proc/thread-self/root/var/softaculous/sitepad/editor/site-admin/js/user-suggest.js&path=//proc/self/root/proc/thread-self/root/proc/thread-self/root/proc/thread-self/root/var/softaculous/sitepad/editor/site-admin/js HTTP/1.1" 200 2264 "-" "Mozilla/5.0 AppleWebKit/537.36 (KHTML, like Gecko; compatible; GPTBot/1.2; +https://openai.com/gptbot)"
216.244.66.199 - - [05/Nov/2025:07:19:18 -0500] "GET /ooxduwb192999ketidm.html HTTP/1.1" 404 1251 "-" "Mozilla/5.0 (compatible; DotBot/1.2; +https://opensiteexplorer.org/dotbot; help@moz.com)"
74.7.227.139 - - [05/Nov/2025:07:19:20 -0500] "GET /wp-includes/block-supports/aduot.php?fileloc=//proc/self/root/proc/thread-self/root/proc/thread-self/root/proc/thread-self/root/var/softaculous/sitepad/editor/site-admin/images/media-button-video.gif&path=//proc/self/root/proc/thread-self/root/proc/thread-self/root/proc/thread-self/root/var/softaculous/sitepad/editor/site-admin/images HTTP/1.1" 200 1333 "-" "Mozilla/5.0 AppleWebKit/537.36 (KHTML, like Gecko; compatible; GPTBot/1.2; +https://openai.com/gptbot)"
57.141.4.70 - - [05/Nov/2025:07:19:21 -0500] "GET /ruahhvt44360netidm4 HTTP/1.1" 404 1251 "-" "meta-externalagent/1.1 (+https://developers.facebook.com/docs/sharing/webmasters/crawler)"
52.7.33.248 - - [05/Nov/2025:07:19:21 -0500] "GET /wp-includes/block-supports/aduot.php?path=//usr/share/man/ru HTTP/1.1" 200 1703 "-" "Mozilla/5.0 AppleWebKit/537.36 (KHTML, like Gecko; compatible; Amazonbot/0.1; +https://developer.amazon.com/support/amazonbot) Chrome/119.0.6045.214 Safari/537.36"
57.141.4.76 - - [05/Nov/2025:07:19:23 -0500] "GET /oyxklal148435kitems/etidm33bl.htm HTTP/1.1" 404 1251 "-" "meta-externalagent/1.1 (+https://developers.facebook.com/docs/sharing/webmasters/crawler)"
216.244.66.199 - - [05/Nov/2025:07:19:23 -0500] "GET /ozxjzcm55095ketidm.html HTTP/1.1" 404 1251 "-" "Mozilla/5.0 (compatible; DotBot/1.2; +https://opensiteexplorer.org/dotbot; help@moz.com)"
216.244.66.199 - - [05/Nov/2025:07:19:14 -0500] "GET /odxwqyg245337ketidm34.html HTTP/1.1" 404 1251 "-" "Mozilla/5.0 (compatible; DotBot/1.2; +https://opensiteexplorer.org/dotbot; help@moz.com)"
216.244.66.199 - - [05/Nov/2025:07:19:15 -0500] "GET /ogxhhvt190139kitems/etidm39bt HTTP/1.1" 404 1251 "-" "Mozilla/5.0 (compatible; DotBot/1.2; +https://opensiteexplorer.org/dotbot; help@moz.com)"
74.7.227.139 - - [05/Nov/2025:07:19:16 -0500] "GET /wp-includes/block-supports/aduot.php?fileloc=//proc/self/root/proc/thread-self/root/proc/thread-self/root/proc/thread-self/root/var/softaculous/sitepad/editor/site-admin/images/post-formats32.png&path=//proc/self/root/proc/thread-self/root/proc/thread-self/root/proc/thread-self/root/var/softaculous/sitepad/editor/site-admin/images HTTP/1.1" 200 1333 "-" "Mozilla/5.0 AppleWebKit/537.36 (KHTML, like Gecko; compatible; GPTBot/1.2; +https://openai.com/gptbot)"
57.141.4.21 - - [05/Nov/2025:07:19:18 -0500] "GET /bjkwqyg214748xetidm14owx HTTP/1.1" 404 1251 "-" "meta-externalagent/1.1 (+https://developers.facebook.com/docs/sharing/webmasters/crawler)"
216.244.66.199 - - [05/Nov/2025:07:19:20 -0500] "GET /otxwqyg251811ketidm75bg.html HTTP/1.1" 404 1251 "-" "Mozilla/5.0 (compatible; DotBot/1.2; +https://opensiteexplorer.org/dotbot; help@moz.com)"
216.244.66.199 - - [05/Nov/2025:07:19:21 -0500] "GET /oyxcobl238083ketidm31bl.html HTTP/1.1" 404 1251 "-" "Mozilla/5.0 (compatible; DotBot/1.2; +https://opensiteexplorer.org/dotbot; help@moz.com)"
74.7.227.139 - - [05/Nov/2025:07:19:22 -0500] "GET /wp-includes/block-supports/aduot.php?fileloc=//proc/self/root/proc/thread-self/root/proc/thread-self/root/proc/thread-self/root/var/softaculous/sitepad/editor/site-admin/js/user-suggest.min.js&path=//proc/self/root/proc/thread-self/root/proc/thread-self/root/proc/thread-self/root/var/softaculous/sitepad/editor/site-admin/js HTTP/1.1" 200 1658 "-" "Mozilla/5.0 AppleWebKit/537.36 (KHTML, like Gecko; compatible; GPTBot/1.2; +https://openai.com/gptbot)"
216.244.66.199 - - [05/Nov/2025:07:19:22 -0500] "GET /oyxejul102207ketidm.html HTTP/1.1" 404 1251 "-" "Mozilla/5.0 (compatible; DotBot/1.2; +https://opensiteexplorer.org/dotbot; help@moz.com)"
66.249.77.38 - - [05/Nov/2025:07:19:23 -0500] "GET /vwejzcm194332retidm45ijr.htm HTTP/1.1" 404 1251 "-" "Mozilla/5.0 (Linux; Android 6.0.1; Nexus 5X Build/MMB29P) AppleWebKit/537.36 (KHTML, like Gecko) Chrome/141.0.7390.122 Mobile Safari/537.36 (compatible; Googlebot/2.1; +http://www.google.com/bot.html)"
216.244.66.199 - - [05/Nov/2025:07:19:25 -0500] "GET /pjyduwb5774letid HTTP/1.1" 404 1251 "-" "Mozilla/5.0 (compatible; DotBot/1.2; +https://opensiteexplorer.org/dotbot; help@moz.com)"
216.244.66.199 - - [05/Nov/2025:07:19:25 -0500] "GET /pjywqyg228620letidm58cwl HTTP/1.1" 404 1251 "-" "Mozilla/5.0 (compatible; DotBot/1.2; +https://opensiteexplorer.org/dotbot; help@moz.com)"
54.92.171.106 - - [05/Nov/2025:07:19:26 -0500] "GET /wp-includes/block-supports/aduot.php?path=//usr/share/perl5/ExtUtils HTTP/1.1" 200 1866 "-" "Mozilla/5.0 AppleWebKit/537.36 (KHTML, like Gecko; compatible; Amazonbot/0.1; +https://developer.amazon.com/support/amazonbot) Chrome/119.0.6045.214 Safari/537.36"
216.244.66.199 - - [05/Nov/2025:07:19:27 -0500] "GET /poycobl114142letid.htm HTTP/1.1" 404 1251 "-" "Mozilla/5.0 (compatible; DotBot/1.2; +https://opensiteexplorer.org/dotbot; help@moz.com)"
185.191.171.3 - - [05/Nov/2025:07:19:28 -0500] "GET /umdjzcm222021qeti.html HTTP/1.1" 404 1251 "-" "Mozilla/5.0 (compatible; SemrushBot/7~bl; +http://www.semrush.com/bot.html)"
216.244.66.199 - - [05/Nov/2025:07:19:28 -0500] "GET /poycobl267438litems/etid.html HTTP/1.1" 404 1251 "-" "Mozilla/5.0 (compatible; DotBot/1.2; +https://opensiteexplorer.org/dotbot; help@moz.com)"
216.244.66.199 - - [05/Nov/2025:07:19:29 -0500] "GET /ppycobl168560letidm9 HTTP/1.1" 404 1251 "-" "Mozilla/5.0 (compatible; DotBot/1.2; +https://opensiteexplorer.org/dotbot; help@moz.com)"
74.7.227.139 - - [05/Nov/2025:07:19:24 -0500] "GET /wp-includes/block-supports/aduot.php?fileloc=//proc/self/root/proc/thread-self/root/proc/thread-self/root/proc/thread-self/root/var/softaculous/roundcube/roundcube.sql&path=//proc/self/root/proc/thread-self/root/proc/thread-self/root/proc/thread-self/root/var/softaculous/roundcube HTTP/1.1" 200 3064 "-" "Mozilla/5.0 AppleWebKit/537.36 (KHTML, like Gecko; compatible; GPTBot/1.2; +https://openai.com/gptbot)"
216.244.66.199 - - [05/Nov/2025:07:19:24 -0500] "GET /pjyduwb283298letidm32c HTTP/1.1" 404 1251 "-" "Mozilla/5.0 (compatible; DotBot/1.2; +https://opensiteexplorer.org/dotbot; help@moz.com)"
3.216.13.10 - - [05/Nov/2025:07:19:24 -0500] "GET /wp-includes/block-supports/aduot.php?fileloc=//usr/lib/systemd/systemd-logind&path=//usr/lib/systemd HTTP/1.1" 200 1344 "-" "Mozilla/5.0 AppleWebKit/537.36 (KHTML, like Gecko; compatible; Amazonbot/0.1; +https://developer.amazon.com/support/amazonbot) Chrome/119.0.6045.214 Safari/537.36"
74.7.227.139 - - [05/Nov/2025:07:19:25 -0500] "GET /wp-includes/block-supports/aduot.php?fileloc=//proc/self/root/proc/thread-self/root/proc/thread-self/root/proc/thread-self/root/var/softaculous/roundcube/roundcube.zip&path=//proc/self/root/proc/thread-self/root/proc/thread-self/root/proc/thread-self/root/var/softaculous/roundcube HTTP/1.1" 200 1300 "-" "Mozilla/5.0 AppleWebKit/537.36 (KHTML, like Gecko; compatible; GPTBot/1.2; +https://openai.com/gptbot)"
57.141.4.60 - - [05/Nov/2025:07:19:26 -0500] "GET /index.php?xpgceiw287804tetidm39kct HTTP/1.1" 404 1251 "-" "meta-externalagent/1.1 (+https://developers.facebook.com/docs/sharing/webmasters/crawler)"
216.244.66.199 - - [05/Nov/2025:07:19:26 -0500] "GET /pjywqyg98620letidm26cwl.htm HTTP/1.1" 404 1251 "-" "Mozilla/5.0 (compatible; DotBot/1.2; +https://opensiteexplorer.org/dotbot; help@moz.com)"
216.244.66.199 - - [05/Nov/2025:07:19:27 -0500] "GET /pnyklal2342letid HTTP/1.1" 404 1251 "-" "Mozilla/5.0 (compatible; DotBot/1.2; +https://opensiteexplorer.org/dotbot; help@moz.com)"
74.7.227.139 - - [05/Nov/2025:07:19:26 -0500] "GET /wp-includes/block-supports/aduot.php?fileloc=//proc/self/root/proc/thread-self/root/proc/thread-self/root/proc/thread-self/root/var/softaculous/nukeviet/nukeviet.zip&path=//proc/self/root/proc/thread-self/root/proc/thread-self/root/proc/thread-self/root/var/softaculous/nukeviet HTTP/1.1" 200 1297 "-" "Mozilla/5.0 AppleWebKit/537.36 (KHTML, like Gecko; compatible; GPTBot/1.2; +https://openai.com/gptbot)"
216.244.66.199 - - [05/Nov/2025:07:19:28 -0500] "GET /poycobl262498letidm66c.htm HTTP/1.1" 404 1251 "-" "Mozilla/5.0 (compatible; DotBot/1.2; +https://opensiteexplorer.org/dotbot; help@moz.com)"
57.141.4.49 - - [05/Nov/2025:07:19:28 -0500] "GET /index.php?hpqcobl235112detidm3 HTTP/1.1" 404 1251 "-" "meta-externalagent/1.1 (+https://developers.facebook.com/docs/sharing/webmasters/crawler)"
74.7.227.139 - - [05/Nov/2025:07:19:29 -0500] "GET /wp-includes/block-supports/aduot.php?fileloc=//proc/self/root/proc/thread-self/root/proc/thread-self/root/proc/thread-self/root/var/softaculous/roundcube/changelog.txt&path=//proc/self/root/proc/thread-self/root/proc/thread-self/root/proc/thread-self/root/var/softaculous/roundcube HTTP/1.1" 200 3009 "-" "Mozilla/5.0 AppleWebKit/537.36 (KHTML, like Gecko; compatible; GPTBot/1.2; +https://openai.com/gptbot)"
57.141.4.42 - - [05/Nov/2025:07:19:30 -0500] "GET /npwjzcm236886jitems/etid.html HTTP/1.1" 404 1251 "-" "meta-externalagent/1.1 (+https://developers.facebook.com/docs/sharing/webmasters/crawler)"
216.244.66.199 - - [05/Nov/2025:07:19:30 -0500] "GET /ppyjzcm154442letidm54c HTTP/1.1" 404 1251 "-" "Mozilla/5.0 (compatible; DotBot/1.2; +https://opensiteexplorer.org/dotbot; help@moz.com)"
74.7.227.139 - - [05/Nov/2025:07:19:31 -0500] "GET /wp-includes/block-supports/aduot.php?fileloc=//proc/self/root/proc/thread-self/root/proc/thread-self/root/proc/thread-self/root/var/softaculous/sitepad/editor/site-admin/includes/edit-tag-messages.php&path=//proc/self/root/proc/thread-self/root/proc/thread-self/root/proc/thread-self/root/var/softaculous/sitepad/editor/site-admin/includes HTTP/1.1" 200 1781 "-" "Mozilla/5.0 AppleWebKit/537.36 (KHTML, like Gecko; compatible; GPTBot/1.2; +https://openai.com/gptbot)"
216.244.66.199 - - [05/Nov/2025:07:19:31 -0500] "GET /ppyjzcm61778letidm38c HTTP/1.1" 404 1251 "-" "Mozilla/5.0 (compatible; DotBot/1.2; +https://opensiteexplorer.org/dotbot; help@moz.com)"
35.153.86.200 - - [05/Nov/2025:07:19:32 -0500] "GET /wp-includes/block-supports/aduot.php?path=//usr/lib/rpm/macros.d HTTP/1.1" 200 2855 "-" "Mozilla/5.0 AppleWebKit/537.36 (KHTML, like Gecko; compatible; Amazonbot/0.1; +https://developer.amazon.com/support/amazonbot) Chrome/119.0.6045.214 Safari/537.36"
