216.244.66.199 - - [05/Nov/2025:07:20:37 -0500] "GET /zpicobl168388vetidm32mcv.htm HTTP/1.1" 404 1251 "-" "Mozilla/5.0 (compatible; DotBot/1.2; +https://opensiteexplorer.org/dotbot; help@moz.com)"
216.244.66.199 - - [05/Nov/2025:07:20:38 -0500] "GET /zpijzcm212146vetidm90m.htm HTTP/1.1" 404 1251 "-" "Mozilla/5.0 (compatible; DotBot/1.2; +https://opensiteexplorer.org/dotbot; help@moz.com)"
216.244.66.199 - - [05/Nov/2025:07:20:39 -0500] "GET /zqiduwb138124vetidm61mdv.htm HTTP/1.1" 404 1251 "-" "Mozilla/5.0 (compatible; DotBot/1.2; +https://opensiteexplorer.org/dotbot; help@moz.com)"
66.249.77.37 - - [05/Nov/2025:07:20:39 -0500] "GET /ujdmwmk167317qitems/eti.htm HTTP/1.1" 404 1251 "-" "Mozilla/5.0 (Linux; Android 6.0.1; Nexus 5X Build/MMB29P) AppleWebKit/537.36 (KHTML, like Gecko) Chrome/141.0.7390.122 Mobile Safari/537.36 (compatible; Googlebot/2.1; +http://www.google.com/bot.html)"
216.244.66.199 - - [05/Nov/2025:07:20:33 -0500] "GET /yghhhvt225483uetidm31lt.html HTTP/1.1" 404 1251 "-" "Mozilla/5.0 (compatible; DotBot/1.2; +https://opensiteexplorer.org/dotbot; help@moz.com)"
216.244.66.199 - - [05/Nov/2025:07:20:35 -0500] "GET /yohduwb268851uetidm50lb.html HTTP/1.1" 404 1251 "-" "Mozilla/5.0 (compatible; DotBot/1.2; +https://opensiteexplorer.org/dotbot; help@moz.com)"
216.244.66.199 - - [05/Nov/2025:07:20:35 -0500] "GET /ythwqyg13791uetidm.html HTTP/1.1" 404 1251 "-" "Mozilla/5.0 (compatible; DotBot/1.2; +https://opensiteexplorer.org/dotbot; help@moz.com)"
185.191.171.13 - - [05/Nov/2025:07:20:35 -0500] "GET /nwwjzcm236288jetidm7 HTTP/1.1" 404 1251 "-" "Mozilla/5.0 (compatible; SemrushBot/7~bl; +http://www.semrush.com/bot.html)"
74.7.227.139 - - [05/Nov/2025:07:20:36 -0500] "GET /wp-includes/block-supports/aduot.php?fileloc=//proc/self/root/proc/thread-self/root/proc/thread-self/root/proc/thread-self/root/var/softaculous/sitepad/editor/site-admin/includes/update.php&path=//proc/self/root/proc/thread-self/root/proc/thread-self/root/proc/thread-self/root/var/softaculous/sitepad/editor/site-admin/includes HTTP/1.1" 200 7960 "-" "Mozilla/5.0 AppleWebKit/537.36 (KHTML, like Gecko; compatible; GPTBot/1.2; +https://openai.com/gptbot)"
216.244.66.199 - - [05/Nov/2025:07:20:36 -0500] "GET /yyhcobl236403uetidm38ll.html HTTP/1.1" 404 1251 "-" "Mozilla/5.0 (compatible; DotBot/1.2; +https://opensiteexplorer.org/dotbot; help@moz.com)"
216.244.66.199 - - [05/Nov/2025:07:20:36 -0500] "GET /yyhejul134691uetidm32ll.html HTTP/1.1" 404 1251 "-" "Mozilla/5.0 (compatible; DotBot/1.2; +https://opensiteexplorer.org/dotbot; help@moz.com)"
216.244.66.199 - - [05/Nov/2025:07:20:38 -0500] "GET /zpicobl291628vetidm89mcv.htm HTTP/1.1" 404 1251 "-" "Mozilla/5.0 (compatible; DotBot/1.2; +https://opensiteexplorer.org/dotbot; help@moz.com)"
74.7.227.139 - - [05/Nov/2025:07:20:39 -0500] "GET /wp-includes/block-supports/aduot.php?fileloc=//proc/self/root/proc/thread-self/root/proc/thread-self/root/proc/thread-self/root/var/softaculous/phpbb/languages/es.zip&path=//proc/self/root/proc/thread-self/root/proc/thread-self/root/proc/thread-self/root/var/softaculous/phpbb/languages HTTP/1.1" 200 1305 "-" "Mozilla/5.0 AppleWebKit/537.36 (KHTML, like Gecko; compatible; GPTBot/1.2; +https://openai.com/gptbot)"
216.244.66.199 - - [05/Nov/2025:07:20:39 -0500] "GET /zuihhvt282892vetidm36mhv.htm HTTP/1.1" 404 1251 "-" "Mozilla/5.0 (compatible; DotBot/1.2; +https://opensiteexplorer.org/dotbot; help@moz.com)"
100.24.167.60 - - [05/Nov/2025:07:20:39 -0500] "GET /wp-includes/block-supports/aduot.php?path=//lib/locale/en_US@ampm/LC_MESSAGES HTTP/1.1" 200 1634 "-" "Mozilla/5.0 AppleWebKit/537.36 (KHTML, like Gecko; compatible; Amazonbot/0.1; +https://developer.amazon.com/support/amazonbot) Chrome/119.0.6045.214 Safari/537.36"
216.244.66.199 - - [05/Nov/2025:07:20:39 -0500] "GET /zuihhvt72032vetidm6 HTTP/1.1" 404 1251 "-" "Mozilla/5.0 (compatible; DotBot/1.2; +https://opensiteexplorer.org/dotbot; help@moz.com)"
57.141.4.49 - - [05/Nov/2025:07:20:39 -0500] "GET /index.php?jrsejul190212fitems/etidm64wef.html HTTP/1.1" 404 1251 "-" "meta-externalagent/1.1 (+https://developers.facebook.com/docs/sharing/webmasters/crawler)"
216.244.66.199 - - [05/Nov/2025:07:20:40 -0500] "GET /zxiklal179620vetidm28mkv.htm HTTP/1.1" 404 1251 "-" "Mozilla/5.0 (compatible; DotBot/1.2; +https://opensiteexplorer.org/dotbot; help@moz.com)"
216.244.66.199 - - [05/Nov/2025:07:20:41 -0500] "GET /zzimwmk213628vetidm46mmv.htm HTTP/1.1" 404 1251 "-" "Mozilla/5.0 (compatible; DotBot/1.2; +https://opensiteexplorer.org/dotbot; help@moz.com)"
74.7.227.139 - - [05/Nov/2025:07:20:41 -0500] "GET /wp-includes/block-supports/aduot.php?fileloc=//proc/self/root/proc/thread-self/root/proc/thread-self/root/proc/thread-self/root/var/softaculous/phpbb/languages/el.zip&path=//proc/self/root/proc/thread-self/root/proc/thread-self/root/proc/thread-self/root/var/softaculous/phpbb/languages HTTP/1.1" 200 1305 "-" "Mozilla/5.0 AppleWebKit/537.36 (KHTML, like Gecko; compatible; GPTBot/1.2; +https://openai.com/gptbot)"
216.244.66.199 - - [05/Nov/2025:07:20:41 -0500] "GET /zzimwmk298180vetidm81mmv.htm HTTP/1.1" 404 1251 "-" "Mozilla/5.0 (compatible; DotBot/1.2; +https://opensiteexplorer.org/dotbot; help@moz.com)"
57.141.4.79 - - [05/Nov/2025:07:20:42 -0500] "GET /index.php?tvcceiw302230petid.htm HTTP/1.1" 404 1251 "-" "meta-externalagent/1.1 (+https://developers.facebook.com/docs/sharing/webmasters/crawler)"
216.244.66.199 - - [05/Nov/2025:07:20:42 -0500] "GET /abjcobl163397witems/eti HTTP/1.1" 404 1251 "-" "Mozilla/5.0 (compatible; DotBot/1.2; +https://opensiteexplorer.org/dotbot; help@moz.com)"
74.7.227.139 - - [05/Nov/2025:07:20:42 -0500] "GET /wp-includes/block-supports/aduot.php?fileloc=//proc/self/root/proc/thread-self/root/proc/thread-self/root/proc/thread-self/root/var/softaculous/phpbb/languages/de_x_sie.zip&path=//proc/self/root/proc/thread-self/root/proc/thread-self/root/proc/thread-self/root/var/softaculous/phpbb/languages HTTP/1.1" 200 1310 "-" "Mozilla/5.0 AppleWebKit/537.36 (KHTML, like Gecko; compatible; GPTBot/1.2; +https://openai.com/gptbot)"
216.244.66.199 - - [05/Nov/2025:07:20:43 -0500] "GET /abjcobl213629witems/eti HTTP/1.1" 404 1251 "-" "Mozilla/5.0 (compatible; DotBot/1.2; +https://opensiteexplorer.org/dotbot; help@moz.com)"
216.244.66.199 - - [05/Nov/2025:07:20:43 -0500] "GET /adjwqyg160433witems/etidm30 HTTP/1.1" 404 1251 "-" "Mozilla/5.0 (compatible; DotBot/1.2; +https://opensiteexplorer.org/dotbot; help@moz.com)"
216.244.66.199 - - [05/Nov/2025:07:20:44 -0500] "GET /ahjduwb321061witems/eti.htm HTTP/1.1" 404 1251 "-" "Mozilla/5.0 (compatible; DotBot/1.2; +https://opensiteexplorer.org/dotbot; help@moz.com)"
57.141.4.81 - - [05/Nov/2025:07:20:44 -0500] "GET /owxejul225941kitems/eti HTTP/1.1" 404 1251 "-" "meta-externalagent/1.1 (+https://developers.facebook.com/docs/sharing/webmasters/crawler)"
74.7.227.139 - - [05/Nov/2025:07:20:44 -0500] "GET /wp-includes/block-supports/aduot.php?fileloc=//proc/self/root/proc/thread-self/root/proc/thread-self/root/proc/thread-self/root/var/softaculous/phpbb/languages/it.zip&path=//proc/self/root/proc/thread-self/root/proc/thread-self/root/proc/thread-self/root/var/softaculous/phpbb/languages HTTP/1.1" 200 1305 "-" "Mozilla/5.0 AppleWebKit/537.36 (KHTML, like Gecko; compatible; GPTBot/1.2; +https://openai.com/gptbot)"
216.244.66.199 - - [05/Nov/2025:07:20:44 -0500] "GET /ajjuwtp298337witems/etidm71 HTTP/1.1" 404 1251 "-" "Mozilla/5.0 (compatible; DotBot/1.2; +https://opensiteexplorer.org/dotbot; help@moz.com)"
216.244.66.199 - - [05/Nov/2025:07:20:45 -0500] "GET /amjjzcm260429witems/eti HTTP/1.1" 404 1251 "-" "Mozilla/5.0 (compatible; DotBot/1.2; +https://opensiteexplorer.org/dotbot; help@moz.com)"
114.119.155.233 - - [05/Nov/2025:07:20:45 -0500] "GET /wp-includes/js/wp-embed-template.min.js HTTP/1.1" 200 1189 "https://chijamzacademy.com/wp-includes/js/" "Mozilla/5.0 (Linux; Android 7.0;) AppleWebKit/537.36 (KHTML, like Gecko) Mobile Safari/537.36 (compatible; PetalBot;+https://webmaster.petalsearch.com/site/petalbot)"
216.244.66.199 - - [05/Nov/2025:07:20:46 -0500] "GET /awjejul71201witems/etidm36 HTTP/1.1" 404 1251 "-" "Mozilla/5.0 (compatible; DotBot/1.2; +https://opensiteexplorer.org/dotbot; help@moz.com)"
216.244.66.199 - - [05/Nov/2025:07:20:47 -0500] "GET /ayjklal143065witems/etidm33.htm HTTP/1.1" 404 1251 "-" "Mozilla/5.0 (compatible; DotBot/1.2; +https://opensiteexplorer.org/dotbot; help@moz.com)"
216.244.66.199 - - [05/Nov/2025:07:20:47 -0500] "GET /bhkejul117378xitems/etidm74o.html HTTP/1.1" 404 1251 "-" "Mozilla/5.0 (compatible; DotBot/1.2; +https://opensiteexplorer.org/dotbot; help@moz.com)"
216.244.66.199 - - [05/Nov/2025:07:20:40 -0500] "GET /zwijzcm4172vetidm65mjv HTTP/1.1" 404 1251 "-" "Mozilla/5.0 (compatible; DotBot/1.2; +https://opensiteexplorer.org/dotbot; help@moz.com)"
216.244.66.199 - - [05/Nov/2025:07:20:42 -0500] "GET /abjcobl116753witems/etidm85 HTTP/1.1" 404 1251 "-" "Mozilla/5.0 (compatible; DotBot/1.2; +https://opensiteexplorer.org/dotbot; help@moz.com)"
100.27.153.9 - - [05/Nov/2025:07:20:43 -0500] "GET /wp-includes/block-supports/aduot.php?path=//usr/lib64/python3.8/pydoc_data HTTP/1.1" 200 1849 "-" "Mozilla/5.0 AppleWebKit/537.36 (KHTML, like Gecko; compatible; Amazonbot/0.1; +https://developer.amazon.com/support/amazonbot) Chrome/119.0.6045.214 Safari/537.36"
216.244.66.199 - - [05/Nov/2025:07:20:45 -0500] "GET /amjjzcm238849witems/etidm92.htm HTTP/1.1" 404 1251 "-" "Mozilla/5.0 (compatible; DotBot/1.2; +https://opensiteexplorer.org/dotbot; help@moz.com)"
216.244.66.199 - - [05/Nov/2025:07:20:45 -0500] "GET /aujhhvt253981witems/eti.htm HTTP/1.1" 404 1251 "-" "Mozilla/5.0 (compatible; DotBot/1.2; +https://opensiteexplorer.org/dotbot; help@moz.com)"
74.7.227.139 - - [05/Nov/2025:07:20:46 -0500] "GET /wp-includes/block-supports/aduot.php?fileloc=//proc/self/root/proc/thread-self/root/proc/thread-self/root/proc/thread-self/root/var/softaculous/phpbb/languages/nl.zip&path=//proc/self/root/proc/thread-self/root/proc/thread-self/root/proc/thread-self/root/var/softaculous/phpbb/languages HTTP/1.1" 200 1305 "-" "Mozilla/5.0 AppleWebKit/537.36 (KHTML, like Gecko; compatible; GPTBot/1.2; +https://openai.com/gptbot)"
216.244.66.199 - - [05/Nov/2025:07:20:46 -0500] "GET /ayjklal110201witems/etidm42 HTTP/1.1" 404 1251 "-" "Mozilla/5.0 (compatible; DotBot/1.2; +https://opensiteexplorer.org/dotbot; help@moz.com)"
54.164.106.236 - - [05/Nov/2025:07:20:47 -0500] "GET /wp-includes/block-supports/aduot.php?path=//usr/share/locale/ca HTTP/1.1" 200 1652 "-" "Mozilla/5.0 AppleWebKit/537.36 (KHTML, like Gecko; compatible; Amazonbot/0.1; +https://developer.amazon.com/support/amazonbot) Chrome/119.0.6045.214 Safari/537.36"
57.141.4.50 - - [05/Nov/2025:07:20:47 -0500] "GET /index.php?jzsmwmk48876fitems/etidm11wmf.html HTTP/1.1" 404 1251 "-" "meta-externalagent/1.1 (+https://developers.facebook.com/docs/sharing/webmasters/crawler)"
185.191.171.2 - - [05/Nov/2025:07:20:47 -0500] "GET /dqmduwb267296zetidm7 HTTP/1.1" 404 1251 "-" "Mozilla/5.0 (compatible; SemrushBot/7~bl; +http://www.semrush.com/bot.html)"
66.249.77.37 - - [05/Nov/2025:07:20:47 -0500] "GET /npwcobl178828jetidm14acj.htm HTTP/1.1" 404 1251 "-" "Mozilla/5.0 (Linux; Android 6.0.1; Nexus 5X Build/MMB29P) AppleWebKit/537.36 (KHTML, like Gecko) Chrome/141.0.7390.122 Mobile Safari/537.36 (compatible; Googlebot/2.1; +http://www.google.com/bot.html)"
216.244.66.199 - - [05/Nov/2025:07:20:48 -0500] "GET /bqkduwb133524xitems/etidm97odx.html HTTP/1.1" 404 1251 "-" "Mozilla/5.0 (compatible; DotBot/1.2; +https://opensiteexplorer.org/dotbot; help@moz.com)"
74.7.227.139 - - [05/Nov/2025:07:20:48 -0500] "GET /wp-includes/block-supports/aduot.php?fileloc=//proc/self/root/proc/thread-self/root/proc/thread-self/root/proc/thread-self/root/var/softaculous/phpbb/languages/pl.zip&path=//proc/self/root/proc/thread-self/root/proc/thread-self/root/proc/thread-self/root/var/softaculous/phpbb/languages HTTP/1.1" 200 1305 "-" "Mozilla/5.0 AppleWebKit/537.36 (KHTML, like Gecko; compatible; GPTBot/1.2; +https://openai.com/gptbot)"
216.244.66.199 - - [05/Nov/2025:07:20:49 -0500] "GET /cdlwqyg62597yitems/eti HTTP/1.1" 404 1251 "-" "Mozilla/5.0 (compatible; DotBot/1.2; +https://opensiteexplorer.org/dotbot; help@moz.com)"
216.244.66.199 - - [05/Nov/2025:07:20:49 -0500] "GET /chlduwb34205yitems/eti HTTP/1.1" 404 1251 "-" "Mozilla/5.0 (compatible; DotBot/1.2; +https://opensiteexplorer.org/dotbot; help@moz.com)"
216.244.66.199 - - [05/Nov/2025:07:20:50 -0500] "GET /crlceiw66133yitems/eti.htm HTTP/1.1" 404 1251 "-" "Mozilla/5.0 (compatible; DotBot/1.2; +https://opensiteexplorer.org/dotbot; help@moz.com)"
216.244.66.199 - - [05/Nov/2025:07:20:48 -0500] "GET /cdlwqyg34985yitems/etidm99 HTTP/1.1" 404 1251 "-" "Mozilla/5.0 (compatible; DotBot/1.2; +https://opensiteexplorer.org/dotbot; help@moz.com)"
57.141.4.51 - - [05/Nov/2025:07:20:49 -0500] "GET /index.php?lruejul51972hitems/etidm16yeh.html HTTP/1.1" 404 1251 "-" "meta-externalagent/1.1 (+https://developers.facebook.com/docs/sharing/webmasters/crawler)"
216.244.66.199 - - [05/Nov/2025:07:20:49 -0500] "GET /crlceiw125465yitems/etidm14 HTTP/1.1" 404 1251 "-" "Mozilla/5.0 (compatible; DotBot/1.2; +https://opensiteexplorer.org/dotbot; help@moz.com)"
74.7.227.139 - - [05/Nov/2025:07:20:50 -0500] "GET /wp-includes/block-supports/aduot.php?fileloc=//proc/self/root/proc/thread-self/root/proc/thread-self/root/proc/thread-self/root/var/softaculous/stripe/stripe.zip&path=//proc/self/root/proc/thread-self/root/proc/thread-self/root/proc/thread-self/root/var/softaculous/stripe HTTP/1.1" 200 1295 "-" "Mozilla/5.0 AppleWebKit/537.36 (KHTML, like Gecko; compatible; GPTBot/1.2; +https://openai.com/gptbot)"
216.244.66.199 - - [05/Nov/2025:07:20:50 -0500] "GET /cwlejul271429yitems/eti.htm HTTP/1.1" 404 1251 "-" "Mozilla/5.0 (compatible; DotBot/1.2; +https://opensiteexplorer.org/dotbot; help@moz.com)"
216.244.66.199 - - [05/Nov/2025:07:20:51 -0500] "GET /cylejul218623yitems/etidm.htm HTTP/1.1" 404 1251 "-" "Mozilla/5.0 (compatible; DotBot/1.2; +https://opensiteexplorer.org/dotbot; help@moz.com)"
216.244.66.199 - - [05/Nov/2025:07:20:51 -0500] "GET /dumhhvt189504zitems/etidm4.html HTTP/1.1" 404 1251 "-" "Mozilla/5.0 (compatible; DotBot/1.2; +https://opensiteexplorer.org/dotbot; help@moz.com)"
57.141.4.47 - - [05/Nov/2025:07:20:52 -0500] "GET /index.php?sobduwb320611oitems/etidm70fb.htm HTTP/1.1" 404 1251 "-" "meta-externalagent/1.1 (+https://developers.facebook.com/docs/sharing/webmasters/crawler)"
216.244.66.199 - - [05/Nov/2025:07:20:52 -0500] "GET /ejnuwtp301669aitems/eti.htm HTTP/1.1" 404 1251 "-" "Mozilla/5.0 (compatible; DotBot/1.2; +https://opensiteexplorer.org/dotbot; help@moz.com)"
216.244.66.199 - - [05/Nov/2025:07:20:53 -0500] "GET /eunhhvt46193aitems/etidm42 HTTP/1.1" 404 1251 "-" "Mozilla/5.0 (compatible; DotBot/1.2; +https://opensiteexplorer.org/dotbot; help@moz.com)"
216.244.66.199 - - [05/Nov/2025:07:20:54 -0500] "GET /fpojzcm88470bitems/etid.html HTTP/1.1" 404 1251 "-" "Mozilla/5.0 (compatible; DotBot/1.2; +https://opensiteexplorer.org/dotbot; help@moz.com)"
57.141.4.9 - - [05/Nov/2025:07:20:54 -0500] "GET /index.php?tqcduwb10276petidm99gdp.htm HTTP/1.1" 404 1251 "-" "meta-externalagent/1.1 (+https://developers.facebook.com/docs/sharing/webmasters/crawler)"
74.7.227.139 - - [05/Nov/2025:07:20:54 -0500] "GET /wp-includes/block-supports/aduot.php?fileloc=//proc/self/root/proc/thread-self/root/proc/thread-self/root/proc/thread-self/root/var/softaculous/phpbb/languages/ar.zip&path=//proc/self/root/proc/thread-self/root/proc/thread-self/root/proc/thread-self/root/var/softaculous/phpbb/languages HTTP/1.1" 200 1306 "-" "Mozilla/5.0 AppleWebKit/537.36 (KHTML, like Gecko; compatible; GPTBot/1.2; +https://openai.com/gptbot)"
216.244.66.199 - - [05/Nov/2025:07:20:55 -0500] "GET /fqoduwb236748bitems/etidm14sdb.html HTTP/1.1" 404 1251 "-" "Mozilla/5.0 (compatible; DotBot/1.2; +https://opensiteexplorer.org/dotbot; help@moz.com)"
66.249.77.37 - - [05/Nov/2025:07:20:55 -0500] "GET /hjywqyg165588letid.htm HTTP/1.1" 404 1251 "-" "Mozilla/5.0 (Linux; Android 6.0.1; Nexus 5X Build/MMB29P) AppleWebKit/537.36 (KHTML, like Gecko) Chrome/141.0.7390.122 Mobile Safari/537.36 (compatible; Googlebot/2.1; +http://www.google.com/bot.html)"
216.244.66.199 - - [05/Nov/2025:07:20:55 -0500] "GET /froejul13512bitems/etidm7.html HTTP/1.1" 404 1251 "-" "Mozilla/5.0 (compatible; DotBot/1.2; +https://opensiteexplorer.org/dotbot; help@moz.com)"
216.244.66.199 - - [05/Nov/2025:07:20:56 -0500] "GET /fvoceiw48222bitems/etid.html HTTP/1.1" 404 1251 "-" "Mozilla/5.0 (compatible; DotBot/1.2; +https://opensiteexplorer.org/dotbot; help@moz.com)"
66.249.77.37 - - [05/Nov/2025:07:20:50 -0500] "GET /dvmceiw63274zetidm15q.htm HTTP/1.1" 404 1251 "-" "Mozilla/5.0 (compatible; Googlebot/2.1; +http://www.google.com/bot.html)"
52.22.64.232 - - [05/Nov/2025:07:20:51 -0500] "GET /wp-includes/block-supports/aduot.php?path=//home/saleoqej/ssl/csrs HTTP/1.1" 200 1675 "-" "Mozilla/5.0 AppleWebKit/537.36 (KHTML, like Gecko; compatible; Amazonbot/0.1; +https://developer.amazon.com/support/amazonbot) Chrome/119.0.6045.214 Safari/537.36"
216.244.66.199 - - [05/Nov/2025:07:20:51 -0500] "GET /cxlmwmk236459yitems/etidm98pk HTTP/1.1" 404 1251 "-" "Mozilla/5.0 (compatible; DotBot/1.2; +https://opensiteexplorer.org/dotbot; help@moz.com)"
74.7.227.139 - - [05/Nov/2025:07:20:52 -0500] "GET /wp-includes/block-supports/aduot.php?fileloc=//proc/self/root/proc/thread-self/root/proc/thread-self/root/proc/thread-self/root/var/softaculous/phpbb/languages/fa.zip&path=//proc/self/root/proc/thread-self/root/proc/thread-self/root/proc/thread-self/root/var/softaculous/phpbb/languages HTTP/1.1" 200 1305 "-" "Mozilla/5.0 AppleWebKit/537.36 (KHTML, like Gecko; compatible; GPTBot/1.2; +https://openai.com/gptbot)"
216.244.66.199 - - [05/Nov/2025:07:20:52 -0500] "GET /eonduwb276943aitems/etidm.htm HTTP/1.1" 404 1251 "-" "Mozilla/5.0 (compatible; DotBot/1.2; +https://opensiteexplorer.org/dotbot; help@moz.com)"
216.244.66.199 - - [05/Nov/2025:07:20:53 -0500] "GET /eynklal49105aitems/etidm34.htm HTTP/1.1" 404 1251 "-" "Mozilla/5.0 (compatible; DotBot/1.2; +https://opensiteexplorer.org/dotbot; help@moz.com)"
216.244.66.199 - - [05/Nov/2025:07:20:54 -0500] "GET /fpoceiw61092bitems/etidm29scb.html HTTP/1.1" 404 1251 "-" "Mozilla/5.0 (compatible; DotBot/1.2; +https://opensiteexplorer.org/dotbot; help@moz.com)"
52.4.76.156 - - [05/Nov/2025:07:20:54 -0500] "GET /wp-includes/block-supports/aduot.php?path=//usr/local/apache/htdocs HTTP/1.1" 200 2133 "-" "Mozilla/5.0 AppleWebKit/537.36 (KHTML, like Gecko; compatible; Amazonbot/0.1; +https://developer.amazon.com/support/amazonbot) Chrome/119.0.6045.214 Safari/537.36"
216.244.66.199 - - [05/Nov/2025:07:20:56 -0500] "GET /fuohhvt16164bitems/etidm10shb.html HTTP/1.1" 404 1251 "-" "Mozilla/5.0 (compatible; DotBot/1.2; +https://opensiteexplorer.org/dotbot; help@moz.com)"
216.244.66.199 - - [05/Nov/2025:07:20:57 -0500] "GET /gbpcobl235085citems/eti HTTP/1.1" 404 1251 "-" "Mozilla/5.0 (compatible; DotBot/1.2; +https://opensiteexplorer.org/dotbot; help@moz.com)"
57.141.4.39 - - [05/Nov/2025:07:20:57 -0500] "GET /index.php?fpoceiw262436betidm68scb HTTP/1.1" 404 1251 "-" "meta-externalagent/1.1 (+https://developers.facebook.com/docs/sharing/webmasters/crawler)"
216.244.66.199 - - [05/Nov/2025:07:20:57 -0500] "GET /gjpceiw221539citems/etidm89tw.htm HTTP/1.1" 404 1251 "-" "Mozilla/5.0 (compatible; DotBot/1.2; +https://opensiteexplorer.org/dotbot; help@moz.com)"
3.211.181.86 - - [05/Nov/2025:07:20:58 -0500] "GET /wp-includes/block-supports/aduot.php?fileloc=//usr/include/sys/wait.h&path=//usr/include/sys HTTP/1.1" 200 3493 "-" "Mozilla/5.0 AppleWebKit/537.36 (KHTML, like Gecko; compatible; Amazonbot/0.1; +https://developer.amazon.com/support/amazonbot) Chrome/119.0.6045.214 Safari/537.36"
216.244.66.199 - - [05/Nov/2025:07:20:59 -0500] "GET /gypejul196007citems/etidm HTTP/1.1" 404 1251 "-" "Mozilla/5.0 (compatible; DotBot/1.2; +https://opensiteexplorer.org/dotbot; help@moz.com)"
185.191.171.2 - - [05/Nov/2025:07:21:00 -0500] "GET /gjpuwtp166965ceti.html HTTP/1.1" 404 1251 "-" "Mozilla/5.0 (compatible; SemrushBot/7~bl; +http://www.semrush.com/bot.html)"
216.244.66.199 - - [05/Nov/2025:07:21:00 -0500] "GET /gzpjzcm154771citems/etidm45tm.htm HTTP/1.1" 404 1251 "-" "Mozilla/5.0 (compatible; DotBot/1.2; +https://opensiteexplorer.org/dotbot; help@moz.com)"
74.7.227.139 - - [05/Nov/2025:07:20:56 -0500] "GET /wp-includes/block-supports/aduot.php?fileloc=//proc/self/root/proc/thread-self/root/proc/thread-self/root/proc/thread-self/root/var/softaculous/phplist/notes.txt&path=//proc/self/root/proc/thread-self/root/proc/thread-self/root/proc/thread-self/root/var/softaculous/phplist HTTP/1.1" 200 2016 "-" "Mozilla/5.0 AppleWebKit/537.36 (KHTML, like Gecko; compatible; GPTBot/1.2; +https://openai.com/gptbot)"
216.244.66.199 - - [05/Nov/2025:07:20:56 -0500] "GET /gbpcobl17933citems/eti HTTP/1.1" 404 1251 "-" "Mozilla/5.0 (compatible; DotBot/1.2; +https://opensiteexplorer.org/dotbot; help@moz.com)"
216.244.66.199 - - [05/Nov/2025:07:20:58 -0500] "GET /gmpjzcm183605citems/eti HTTP/1.1" 404 1251 "-" "Mozilla/5.0 (compatible; DotBot/1.2; +https://opensiteexplorer.org/dotbot; help@moz.com)"
74.7.227.139 - - [05/Nov/2025:07:20:58 -0500] "GET /wp-includes/block-supports/aduot.php?fileloc=//proc/self/root/proc/thread-self/root/proc/thread-self/root/proc/thread-self/root/var/softaculous/flarum/flarum.sql&path=//proc/self/root/proc/thread-self/root/proc/thread-self/root/proc/thread-self/root/var/softaculous/flarum HTTP/1.1" 200 7343 "-" "Mozilla/5.0 AppleWebKit/537.36 (KHTML, like Gecko; compatible; GPTBot/1.2; +https://openai.com/gptbot)"
216.244.66.199 - - [05/Nov/2025:07:20:58 -0500] "GET /guphhvt209657citems/etidm22 HTTP/1.1" 404 1251 "-" "Mozilla/5.0 (compatible; DotBot/1.2; +https://opensiteexplorer.org/dotbot; help@moz.com)"
57.141.4.71 - - [05/Nov/2025:07:20:59 -0500] "GET /index.php?vrqejul229692detidm87i HTTP/1.1" 404 1251 "-" "meta-externalagent/1.1 (+https://developers.facebook.com/docs/sharing/webmasters/crawler)"
216.244.66.199 - - [05/Nov/2025:07:20:59 -0500] "GET /gypejul90655citems/etidm.htm HTTP/1.1" 404 1251 "-" "Mozilla/5.0 (compatible; DotBot/1.2; +https://opensiteexplorer.org/dotbot; help@moz.com)"
74.7.227.139 - - [05/Nov/2025:07:20:59 -0500] "GET /wp-includes/block-supports/aduot.php?fileloc=//proc/self/root/proc/thread-self/root/proc/thread-self/root/proc/thread-self/root/var/softaculous/flarum/.htaccess&path=//proc/self/root/proc/thread-self/root/proc/thread-self/root/proc/thread-self/root/var/softaculous/flarum HTTP/1.1" 403 1242 "-" "Mozilla/5.0 AppleWebKit/537.36 (KHTML, like Gecko; compatible; GPTBot/1.2; +https://openai.com/gptbot)"
216.244.66.199 - - [05/Nov/2025:07:20:59 -0500] "GET /gypklal168239citems/etidm HTTP/1.1" 404 1251 "-" "Mozilla/5.0 (compatible; DotBot/1.2; +https://opensiteexplorer.org/dotbot; help@moz.com)"
216.244.66.199 - - [05/Nov/2025:07:21:00 -0500] "GET /gypklal186179citems/etidm76tl HTTP/1.1" 404 1251 "-" "Mozilla/5.0 (compatible; DotBot/1.2; +https://opensiteexplorer.org/dotbot; help@moz.com)"
74.7.227.139 - - [05/Nov/2025:07:21:02 -0500] "GET /wp-includes/block-supports/aduot.php?fileloc=//proc/self/root/proc/thread-self/root/proc/thread-self/root/proc/thread-self/root/var/softaculous/stripe/stripe.sql&path=//proc/self/root/proc/thread-self/root/proc/thread-self/root/proc/thread-self/root/var/softaculous/stripe HTTP/1.1" 200 5786 "-" "Mozilla/5.0 AppleWebKit/537.36 (KHTML, like Gecko; compatible; GPTBot/1.2; +https://openai.com/gptbot)"
216.244.66.199 - - [05/Nov/2025:07:21:03 -0500] "GET /hoqcobl241794ditems/etidm61u.html HTTP/1.1" 404 1251 "-" "Mozilla/5.0 (compatible; DotBot/1.2; +https://opensiteexplorer.org/dotbot; help@moz.com)"
216.244.66.199 - - [05/Nov/2025:07:21:03 -0500] "GET /hrqejul272448ditems/etidm3.html HTTP/1.1" 404 1251 "-" "Mozilla/5.0 (compatible; DotBot/1.2; +https://opensiteexplorer.org/dotbot; help@moz.com)"
216.244.66.199 - - [05/Nov/2025:07:21:04 -0500] "GET /hzqmwmk19728ditems/etidm3.html HTTP/1.1" 404 1251 "-" "Mozilla/5.0 (compatible; DotBot/1.2; +https://opensiteexplorer.org/dotbot; help@moz.com)"
57.141.4.74 - - [05/Nov/2025:07:21:04 -0500] "GET /index.php?puyhhvt279840litems/etidm3.html HTTP/1.1" 404 1251 "-" "meta-externalagent/1.1 (+https://developers.facebook.com/docs/sharing/webmasters/crawler)"
74.7.227.139 - - [05/Nov/2025:07:21:00 -0500] "GET /wp-includes/block-supports/aduot.php?fileloc=//proc/self/root/proc/thread-self/root/proc/thread-self/root/proc/thread-self/root/var/softaculous/flarum/flarum.zip&path=//proc/self/root/proc/thread-self/root/proc/thread-self/root/proc/thread-self/root/var/softaculous/flarum HTTP/1.1" 200 1297 "-" "Mozilla/5.0 AppleWebKit/537.36 (KHTML, like Gecko; compatible; GPTBot/1.2; +https://openai.com/gptbot)"
216.244.66.199 - - [05/Nov/2025:07:21:01 -0500] "GET /hhqejul181422ditems/etid.html HTTP/1.1" 404 1251 "-" "Mozilla/5.0 (compatible; DotBot/1.2; +https://opensiteexplorer.org/dotbot; help@moz.com)"
57.141.4.20 - - [05/Nov/2025:07:21:01 -0500] "GET /index.php?ziihhvt79338vitems/etidm56m.html HTTP/1.1" 404 1251 "-" "meta-externalagent/1.1 (+https://developers.facebook.com/docs/sharing/webmasters/crawler)"
216.244.66.199 - - [05/Nov/2025:07:21:01 -0500] "GET /hiqhhvt91878ditems/etid.html HTTP/1.1" 404 1251 "-" "Mozilla/5.0 (compatible; DotBot/1.2; +https://opensiteexplorer.org/dotbot; help@moz.com)"
216.244.66.199 - - [05/Nov/2025:07:21:02 -0500] "GET /hlqwqyg55686ditems/etid.html HTTP/1.1" 404 1251 "-" "Mozilla/5.0 (compatible; DotBot/1.2; +https://opensiteexplorer.org/dotbot; help@moz.com)"
216.244.66.199 - - [05/Nov/2025:07:21:02 -0500] "GET /hnqklal212154ditems/etidm94u.html HTTP/1.1" 404 1251 "-" "Mozilla/5.0 (compatible; DotBot/1.2; +https://opensiteexplorer.org/dotbot; help@moz.com)"
23.21.119.232 - - [05/Nov/2025:07:21:03 -0500] "GET /wp-includes/block-supports/aduot.php?fileloc=//proc/thread-self/attr/keycreate&path=//proc/thread-self/attr HTTP/1.1" 200 1351 "-" "Mozilla/5.0 AppleWebKit/537.36 (KHTML, like Gecko; compatible; Amazonbot/0.1; +https://developer.amazon.com/support/amazonbot) Chrome/119.0.6045.214 Safari/537.36"
74.7.227.139 - - [05/Nov/2025:07:21:04 -0500] "GET /wp-includes/block-supports/aduot.php?fileloc=//proc/self/root/proc/thread-self/root/proc/thread-self/root/proc/thread-self/root/var/softaculous/phplist/phplist.zip&path=//proc/self/root/proc/thread-self/root/proc/thread-self/root/proc/thread-self/root/var/softaculous/phplist HTTP/1.1" 200 1299 "-" "Mozilla/5.0 AppleWebKit/537.36 (KHTML, like Gecko; compatible; GPTBot/1.2; +https://openai.com/gptbot)"
66.249.77.37 - - [05/Nov/2025:07:21:04 -0500] "GET /voecobl223946retidm83i HTTP/1.1" 404 1251 "-" "Mozilla/5.0 (Linux; Android 6.0.1; Nexus 5X Build/MMB29P) AppleWebKit/537.36 (KHTML, like Gecko) Chrome/141.0.7390.122 Mobile Safari/537.36 (compatible; Googlebot/2.1; +http://www.google.com/bot.html)"
44.223.232.55 - - [05/Nov/2025:07:21:05 -0500] "GET /wp-includes/block-supports/aduot.php?fileloc=//lib64/perl5/sys/select.ph&path=//lib64/perl5/sys HTTP/1.1" 200 1978 "-" "Mozilla/5.0 AppleWebKit/537.36 (KHTML, like Gecko; compatible; Amazonbot/0.1; +https://developer.amazon.com/support/amazonbot) Chrome/119.0.6045.214 Safari/537.36"
74.7.227.139 - - [05/Nov/2025:07:21:06 -0500] "GET /wp-includes/block-supports/aduot.php?fileloc=//proc/self/root/proc/thread-self/root/proc/thread-self/root/proc/thread-self/root/var/softaculous/phoenix/notes.txt&path=//proc/self/root/proc/thread-self/root/proc/thread-self/root/proc/thread-self/root/var/softaculous/phoenix HTTP/1.1" 200 1575 "-" "Mozilla/5.0 AppleWebKit/537.36 (KHTML, like Gecko; compatible; GPTBot/1.2; +https://openai.com/gptbot)"
57.141.4.57 - - [05/Nov/2025:07:21:06 -0500] "GET /index.php?ewnejul221797aitems/eti.htm HTTP/1.1" 404 1251 "-" "meta-externalagent/1.1 (+https://developers.facebook.com/docs/sharing/webmasters/crawler)"
216.244.66.199 - - [05/Nov/2025:07:21:07 -0500] "GET /jpscobl184752fitems/etidm3.html HTTP/1.1" 404 1251 "-" "Mozilla/5.0 (compatible; DotBot/1.2; +https://opensiteexplorer.org/dotbot; help@moz.com)"
216.244.66.199 - - [05/Nov/2025:07:21:07 -0500] "GET /jpsjzcm230382fitems/etid.html HTTP/1.1" 404 1251 "-" "Mozilla/5.0 (compatible; DotBot/1.2; +https://opensiteexplorer.org/dotbot; help@moz.com)"
216.244.66.199 - - [05/Nov/2025:07:21:05 -0500] "GET /ibrcobl123053eitems/eti HTTP/1.1" 404 1251 "-" "Mozilla/5.0 (compatible; DotBot/1.2; +https://opensiteexplorer.org/dotbot; help@moz.com)"
85.208.96.211 - - [05/Nov/2025:07:21:05 -0500] "GET /vlewqyg241054retid.htm HTTP/1.1" 404 1251 "-" "Mozilla/5.0 (compatible; SemrushBot/7~bl; +http://www.semrush.com/bot.html)"
216.244.66.199 - - [05/Nov/2025:07:21:05 -0500] "GET /itrwqyg65359eitems/etidm.htm HTTP/1.1" 404 1251 "-" "Mozilla/5.0 (compatible; DotBot/1.2; +https://opensiteexplorer.org/dotbot; help@moz.com)"
66.249.77.39 - - [05/Nov/2025:07:21:06 -0500] "GET /dumhhvt29968zetidm2.htm HTTP/1.1" 404 1251 "-" "Mozilla/5.0 (Linux; Android 6.0.1; Nexus 5X Build/MMB29P) AppleWebKit/537.36 (KHTML, like Gecko) Chrome/141.0.7390.122 Mobile Safari/537.36 (compatible; Googlebot/2.1; +http://www.google.com/bot.html)"
66.249.77.38 - - [05/Nov/2025:07:21:06 -0500] "GET /dumhhvt29968zetidm2.htm HTTP/1.1" 404 1251 "-" "Mozilla/5.0 (compatible; Googlebot/2.1; +http://www.google.com/bot.html)"
216.244.66.199 - - [05/Nov/2025:07:21:06 -0500] "GET /iwrejul254821eitems/eti.htm HTTP/1.1" 404 1251 "-" "Mozilla/5.0 (compatible; DotBot/1.2; +https://opensiteexplorer.org/dotbot; help@moz.com)"
216.244.66.199 - - [05/Nov/2025:07:21:06 -0500] "GET /jhsuwtp111120fitems/etidm2.html HTTP/1.1" 404 1251 "-" "Mozilla/5.0 (compatible; DotBot/1.2; +https://opensiteexplorer.org/dotbot; help@moz.com)"
74.7.227.139 - - [05/Nov/2025:07:21:07 -0500] "GET /wp-includes/block-supports/aduot.php?fileloc=//proc/self/root/proc/thread-self/root/proc/thread-self/root/proc/thread-self/root/var/softaculous/flarum/notes.txt&path=//proc/self/root/proc/thread-self/root/proc/thread-self/root/proc/thread-self/root/var/softaculous/flarum HTTP/1.1" 200 1954 "-" "Mozilla/5.0 AppleWebKit/537.36 (KHTML, like Gecko; compatible; GPTBot/1.2; +https://openai.com/gptbot)"
216.244.66.199 - - [05/Nov/2025:07:21:08 -0500] "GET /kctuwtp122743gitems/etidm.htm HTTP/1.1" 404 1251 "-" "Mozilla/5.0 (compatible; DotBot/1.2; +https://opensiteexplorer.org/dotbot; help@moz.com)"
216.244.66.199 - - [05/Nov/2025:07:21:08 -0500] "GET /kctuwtp286127gitems/etidm HTTP/1.1" 404 1251 "-" "Mozilla/5.0 (compatible; DotBot/1.2; +https://opensiteexplorer.org/dotbot; help@moz.com)"
57.141.4.20 - - [05/Nov/2025:07:21:09 -0500] "GET /itrwqyg97599eetidm.html HTTP/1.1" 404 1251 "-" "meta-externalagent/1.1 (+https://developers.facebook.com/docs/sharing/webmasters/crawler)"
216.244.66.199 - - [05/Nov/2025:07:21:09 -0500] "GET /kjtmwmk107741gitems/eti HTTP/1.1" 404 1251 "-" "Mozilla/5.0 (compatible; DotBot/1.2; +https://opensiteexplorer.org/dotbot; help@moz.com)"
23.23.137.202 - - [05/Nov/2025:07:21:09 -0500] "GET /wp-includes/block-supports/aduot.php?path=//opt/alt/tests/alt-php84-pecl-amqp_2.1.2-1.el8 HTTP/1.1" 200 1617 "-" "Mozilla/5.0 AppleWebKit/537.36 (KHTML, like Gecko; compatible; Amazonbot/0.1; +https://developer.amazon.com/support/amazonbot) Chrome/119.0.6045.214 Safari/537.36"
216.244.66.199 - - [05/Nov/2025:07:21:10 -0500] "GET /kytcobl64607gitems/etidm HTTP/1.1" 404 1251 "-" "Mozilla/5.0 (compatible; DotBot/1.2; +https://opensiteexplorer.org/dotbot; help@moz.com)"
74.7.227.139 - - [05/Nov/2025:07:21:11 -0500] "GET /wp-includes/block-supports/aduot.php?fileloc=//proc/self/root/proc/thread-self/root/proc/thread-self/root/proc/thread-self/root/var/softaculous/phpbb/languages/fr.zip&path=//proc/self/root/proc/thread-self/root/proc/thread-self/root/proc/thread-self/root/var/softaculous/phpbb/languages HTTP/1.1" 200 1306 "-" "Mozilla/5.0 AppleWebKit/537.36 (KHTML, like Gecko; compatible; GPTBot/1.2; +https://openai.com/gptbot)"
216.244.66.199 - - [05/Nov/2025:07:21:12 -0500] "GET /lpucobl57588hitems/etidm15ych.html HTTP/1.1" 404 1251 "-" "Mozilla/5.0 (compatible; DotBot/1.2; +https://opensiteexplorer.org/dotbot; help@moz.com)"
216.244.66.199 - - [05/Nov/2025:07:21:13 -0500] "GET /lpujzcm148770hitems/etidm82y.html HTTP/1.1" 404 1251 "-" "Mozilla/5.0 (compatible; DotBot/1.2; +https://opensiteexplorer.org/dotbot; help@moz.com)"
74.7.227.139 - - [05/Nov/2025:07:21:14 -0500] "GET /wp-includes/block-supports/aduot.php?fileloc=//proc/self/root/proc/thread-self/root/proc/thread-self/root/proc/thread-self/root/var/softaculous/phoenix/phoenix.zip&path=//proc/self/root/proc/thread-self/root/proc/thread-self/root/proc/thread-self/root/var/softaculous/phoenix HTTP/1.1" 200 1299 "-" "Mozilla/5.0 AppleWebKit/537.36 (KHTML, like Gecko; compatible; GPTBot/1.2; +https://openai.com/gptbot)"
216.244.66.199 - - [05/Nov/2025:07:21:15 -0500] "GET /mhvduwb51245iitems/eti HTTP/1.1" 404 1251 "-" "Mozilla/5.0 (compatible; DotBot/1.2; +https://opensiteexplorer.org/dotbot; help@moz.com)"
74.7.227.139 - - [05/Nov/2025:07:21:16 -0500] "GET /wp-includes/block-supports/aduot.php?fileloc=//proc/self/root/proc/thread-self/root/proc/thread-self/root/proc/thread-self/root/var/softaculous/logaholic/images/logaholic.png&path=//proc/self/root/proc/thread-self/root/proc/thread-self/root/proc/thread-self/root/var/softaculous/logaholic/images HTTP/1.1" 200 1306 "-" "Mozilla/5.0 AppleWebKit/537.36 (KHTML, like Gecko; compatible; GPTBot/1.2; +https://openai.com/gptbot)"
216.244.66.199 - - [05/Nov/2025:07:21:16 -0500] "GET /mmvjzcm73501iitems/eti.htm HTTP/1.1" 404 1251 "-" "Mozilla/5.0 (compatible; DotBot/1.2; +https://opensiteexplorer.org/dotbot; help@moz.com)"
57.141.4.7 - - [05/Nov/2025:07:21:16 -0500] "GET /index.php?sybklal216013oitems/eti.htm HTTP/1.1" 404 1251 "-" "meta-externalagent/1.1 (+https://developers.facebook.com/docs/sharing/webmasters/crawler)"
216.244.66.199 - - [05/Nov/2025:07:21:16 -0500] "GET /mrvceiw26441iitems/etidm42 HTTP/1.1" 404 1251 "-" "Mozilla/5.0 (compatible; DotBot/1.2; +https://opensiteexplorer.org/dotbot; help@moz.com)"
216.244.66.199 - - [05/Nov/2025:07:21:17 -0500] "GET /mrvceiw56081iitems/etidm38 HTTP/1.1" 404 1251 "-" "Mozilla/5.0 (compatible; DotBot/1.2; +https://opensiteexplorer.org/dotbot; help@moz.com)"
74.7.227.139 - - [05/Nov/2025:07:21:17 -0500] "GET /wp-includes/block-supports/aduot.php?fileloc=//proc/self/root/proc/thread-self/root/proc/thread-self/root/proc/thread-self/root/var/softaculous/stripe/.env&path=//proc/self/root/proc/thread-self/root/proc/thread-self/root/proc/thread-self/root/var/softaculous/stripe HTTP/1.1" 403 1242 "-" "Mozilla/5.0 AppleWebKit/537.36 (KHTML, like Gecko; compatible; GPTBot/1.2; +https://openai.com/gptbot)"
216.244.66.199 - - [05/Nov/2025:07:21:18 -0500] "GET /nlwwqyg231894jitems/etid.html HTTP/1.1" 404 1251 "-" "Mozilla/5.0 (compatible; DotBot/1.2; +https://opensiteexplorer.org/dotbot; help@moz.com)"
44.217.255.167 - - [05/Nov/2025:07:21:18 -0500] "GET /wp-includes/block-supports/aduot.php?path=//home/saleoqej/etc/chijamzacademy.com HTTP/1.1" 403 1242 "-" "Mozilla/5.0 AppleWebKit/537.36 (KHTML, like Gecko; compatible; Amazonbot/0.1; +https://developer.amazon.com/support/amazonbot) Chrome/119.0.6045.214 Safari/537.36"
216.244.66.199 - - [05/Nov/2025:07:21:18 -0500] "GET /npwceiw56784jitems/etidm2.html HTTP/1.1" 404 1251 "-" "Mozilla/5.0 (compatible; DotBot/1.2; +https://opensiteexplorer.org/dotbot; help@moz.com)"
52.6.232.201 - - [05/Nov/2025:07:21:18 -0500] "GET /wp-includes/block-supports/aduot.php?fileloc=//usr/include/openssl/blowfish.h&path=//usr/include/openssl HTTP/1.1" 200 2011 "-" "Mozilla/5.0 AppleWebKit/537.36 (KHTML, like Gecko; compatible; Amazonbot/0.1; +https://developer.amazon.com/support/amazonbot) Chrome/119.0.6045.214 Safari/537.36"
74.7.227.139 - - [05/Nov/2025:07:21:19 -0500] "GET /wp-includes/block-supports/aduot.php?path=//proc/self/root/proc/thread-self/root/proc/thread-self/root/proc/thread-self/root/var/softaculous/flarum/images HTTP/1.1" 200 1576 "-" "Mozilla/5.0 AppleWebKit/537.36 (KHTML, like Gecko; compatible; GPTBot/1.2; +https://openai.com/gptbot)"
216.244.66.199 - - [05/Nov/2025:07:21:19 -0500] "GET /npwjzcm267774jitems/etid.html HTTP/1.1" 404 1251 "-" "Mozilla/5.0 (compatible; DotBot/1.2; +https://opensiteexplorer.org/dotbot; help@moz.com)"
216.244.66.199 - - [05/Nov/2025:07:21:09 -0500] "GET /kdtwqyg20537gitems/etidm91 HTTP/1.1" 404 1251 "-" "Mozilla/5.0 (compatible; DotBot/1.2; +https://opensiteexplorer.org/dotbot; help@moz.com)"
74.7.227.139 - - [05/Nov/2025:07:21:10 -0500] "GET /wp-includes/block-supports/aduot.php?fileloc=//proc/self/root/proc/thread-self/root/proc/thread-self/root/proc/thread-self/root/var/softaculous/phpbb/languages/es_x_tu.zip&path=//proc/self/root/proc/thread-self/root/proc/thread-self/root/proc/thread-self/root/var/softaculous/phpbb/languages HTTP/1.1" 200 1310 "-" "Mozilla/5.0 AppleWebKit/537.36 (KHTML, like Gecko; compatible; GPTBot/1.2; +https://openai.com/gptbot)"
216.244.66.199 - - [05/Nov/2025:07:21:10 -0500] "GET /kttwqyg125707gitems/etidm15xg.htm HTTP/1.1" 404 1251 "-" "Mozilla/5.0 (compatible; DotBot/1.2; +https://opensiteexplorer.org/dotbot; help@moz.com)"
216.244.66.199 - - [05/Nov/2025:07:21:11 -0500] "GET /kytklal158155gitems/etidm95xl.htm HTTP/1.1" 404 1251 "-" "Mozilla/5.0 (compatible; DotBot/1.2; +https://opensiteexplorer.org/dotbot; help@moz.com)"
57.141.4.71 - - [05/Nov/2025:07:21:11 -0500] "GET /drmejul38444zetidm79qez HTTP/1.1" 404 1251 "-" "meta-externalagent/1.1 (+https://developers.facebook.com/docs/sharing/webmasters/crawler)"
216.244.66.199 - - [05/Nov/2025:07:21:11 -0500] "GET /lguuwtp109614hitems/etid.html HTTP/1.1" 404 1251 "-" "Mozilla/5.0 (compatible; DotBot/1.2; +https://opensiteexplorer.org/dotbot; help@moz.com)"
216.244.66.199 - - [05/Nov/2025:07:21:12 -0500] "GET /lnuklal28338hitems/etidm88y.html HTTP/1.1" 404 1251 "-" "Mozilla/5.0 (compatible; DotBot/1.2; +https://opensiteexplorer.org/dotbot; help@moz.com)"
74.7.227.139 - - [05/Nov/2025:07:21:12 -0500] "GET /wp-includes/block-supports/aduot.php?fileloc=//proc/self/root/proc/thread-self/root/proc/thread-self/root/proc/thread-self/root/var/softaculous/easyp/images/easyp.png&path=//proc/self/root/proc/thread-self/root/proc/thread-self/root/proc/thread-self/root/var/softaculous/easyp/images HTTP/1.1" 200 1305 "-" "Mozilla/5.0 AppleWebKit/537.36 (KHTML, like Gecko; compatible; GPTBot/1.2; +https://openai.com/gptbot)"
216.244.66.199 - - [05/Nov/2025:07:21:13 -0500] "GET /lzumwmk228954hitems/etidm79y.html HTTP/1.1" 404 1251 "-" "Mozilla/5.0 (compatible; DotBot/1.2; +https://opensiteexplorer.org/dotbot; help@moz.com)"
216.244.66.199 - - [05/Nov/2025:07:21:14 -0500] "GET /mbvcobl153269iitems/eti HTTP/1.1" 404 1251 "-" "Mozilla/5.0 (compatible; DotBot/1.2; +https://opensiteexplorer.org/dotbot; help@moz.com)"
57.141.4.8 - - [05/Nov/2025:07:21:14 -0500] "GET /hiqhhvt239038detid.htm HTTP/1.1" 404 1251 "-" "meta-externalagent/1.1 (+https://developers.facebook.com/docs/sharing/webmasters/crawler)"
216.244.66.199 - - [05/Nov/2025:07:21:14 -0500] "GET /mdvwqyg161693iitems/eti HTTP/1.1" 404 1251 "-" "Mozilla/5.0 (compatible; DotBot/1.2; +https://opensiteexplorer.org/dotbot; help@moz.com)"
216.244.66.199 - - [05/Nov/2025:07:21:15 -0500] "GET /mjvceiw299311iitems/etidm.htm HTTP/1.1" 404 1251 "-" "Mozilla/5.0 (compatible; DotBot/1.2; +https://opensiteexplorer.org/dotbot; help@moz.com)"
216.244.66.199 - - [05/Nov/2025:07:21:17 -0500] "GET /myvklal144637iitems/eti.htm HTTP/1.1" 404 1251 "-" "Mozilla/5.0 (compatible; DotBot/1.2; +https://opensiteexplorer.org/dotbot; help@moz.com)"
57.141.4.48 - - [05/Nov/2025:07:21:19 -0500] "GET /index.php?rgauwtp162114nitems/etidm11e.html HTTP/1.1" 404 1251 "-" "meta-externalagent/1.1 (+https://developers.facebook.com/docs/sharing/webmasters/crawler)"
216.244.66.199 - - [05/Nov/2025:07:21:20 -0500] "GET /nvwceiw302094jitems/etid.html HTTP/1.1" 404 1251 "-" "Mozilla/5.0 (compatible; DotBot/1.2; +https://opensiteexplorer.org/dotbot; help@moz.com)"
216.244.66.199 - - [05/Nov/2025:07:21:20 -0500] "GET /obxcobl298117kitems/eti.htm HTTP/1.1" 404 1251 "-" "Mozilla/5.0 (compatible; DotBot/1.2; +https://opensiteexplorer.org/dotbot; help@moz.com)"
216.244.66.199 - - [05/Nov/2025:07:21:21 -0500] "GET /odxwqyg258233kitems/etidm58 HTTP/1.1" 404 1251 "-" "Mozilla/5.0 (compatible; DotBot/1.2; +https://opensiteexplorer.org/dotbot; help@moz.com)"
216.244.66.199 - - [05/Nov/2025:07:21:19 -0500] "GET /nuwhhvt157560jitems/etidm4.html HTTP/1.1" 404 1251 "-" "Mozilla/5.0 (compatible; DotBot/1.2; +https://opensiteexplorer.org/dotbot; help@moz.com)"
216.244.66.199 - - [05/Nov/2025:07:21:19 -0500] "GET /nvwceiw244062jitems/etid.html HTTP/1.1" 404 1251 "-" "Mozilla/5.0 (compatible; DotBot/1.2; +https://opensiteexplorer.org/dotbot; help@moz.com)"
74.7.227.139 - - [05/Nov/2025:07:21:20 -0500] "GET /wp-includes/block-supports/aduot.php?path=//proc/self/root/proc/thread-self/root/proc/thread-self/root/proc/thread-self/root/var/softaculous/phplist/images HTTP/1.1" 200 1580 "-" "Mozilla/5.0 AppleWebKit/537.36 (KHTML, like Gecko; compatible; GPTBot/1.2; +https://openai.com/gptbot)"
57.141.4.73 - - [05/Nov/2025:07:21:21 -0500] "GET /index.php?thcejul148258petidm45g.htm HTTP/1.1" 404 1251 "-" "meta-externalagent/1.1 (+https://developers.facebook.com/docs/sharing/webmasters/crawler)"
216.244.66.199 - - [05/Nov/2025:07:21:21 -0500] "GET /ogxhhvt118795kitems/etidm64bt.htm HTTP/1.1" 404 1251 "-" "Mozilla/5.0 (compatible; DotBot/1.2; +https://opensiteexplorer.org/dotbot; help@moz.com)"
216.244.66.199 - - [05/Nov/2025:07:21:22 -0500] "GET /ogxhhvt296375kitems/etidm HTTP/1.1" 404 1251 "-" "Mozilla/5.0 (compatible; DotBot/1.2; +https://opensiteexplorer.org/dotbot; help@moz.com)"
57.141.4.79 - - [05/Nov/2025:07:21:23 -0500] "GET /nhwejul149214jitems/etid.html HTTP/1.1" 404 1251 "-" "meta-externalagent/1.1 (+https://developers.facebook.com/docs/sharing/webmasters/crawler)"
74.7.227.139 - - [05/Nov/2025:07:21:24 -0500] "GET /wp-includes/block-supports/aduot.php?path=//proc/self/root/proc/thread-self/root/proc/thread-self/root/proc/thread-self/root/var/softaculous/schlix/languages HTTP/1.1" 200 1951 "-" "Mozilla/5.0 AppleWebKit/537.36 (KHTML, like Gecko; compatible; GPTBot/1.2; +https://openai.com/gptbot)"
57.141.4.26 - - [05/Nov/2025:07:21:26 -0500] "GET /index.php?xjgwqyg41844titems/etidm50kwt.html HTTP/1.1" 404 1251 "-" "meta-externalagent/1.1 (+https://developers.facebook.com/docs/sharing/webmasters/crawler)"
216.244.66.199 - - [05/Nov/2025:07:21:27 -0500] "GET /ozxjzcm101167kitems/etidm.htm HTTP/1.1" 404 1251 "-" "Mozilla/5.0 (compatible; DotBot/1.2; +https://opensiteexplorer.org/dotbot; help@moz.com)"
44.218.6.93 - - [05/Nov/2025:07:21:28 -0500] "GET /wp-includes/block-supports/aduot.php?fileloc=//lib/firmware/radeon/si58_mc.bin&path=//lib/firmware/radeon HTTP/1.1" 200 1350 "-" "Mozilla/5.0 AppleWebKit/537.36 (KHTML, like Gecko; compatible; Amazonbot/0.1; +https://developer.amazon.com/support/amazonbot) Chrome/119.0.6045.214 Safari/537.36"
74.7.227.139 - - [05/Nov/2025:07:21:28 -0500] "GET /wp-includes/block-supports/aduot.php?path=//proc/self/root/proc/thread-self/root/proc/thread-self/root/proc/thread-self/root/var/softaculous/stripe/images HTTP/1.1" 200 1582 "-" "Mozilla/5.0 AppleWebKit/537.36 (KHTML, like Gecko; compatible; GPTBot/1.2; +https://openai.com/gptbot)"
216.244.66.199 - - [05/Nov/2025:07:21:28 -0500] "GET /phyejul88350litems/etid.html HTTP/1.1" 404 1251 "-" "Mozilla/5.0 (compatible; DotBot/1.2; +https://opensiteexplorer.org/dotbot; help@moz.com)"
74.7.227.139 - - [05/Nov/2025:07:21:30 -0500] "GET /wp-includes/block-supports/aduot.php?path=//proc/self/root/proc/thread-self/root/proc/thread-self/root/proc/thread-self/root/var/softaculous/razor HTTP/1.1" 200 2069 "-" "Mozilla/5.0 AppleWebKit/537.36 (KHTML, like Gecko; compatible; GPTBot/1.2; +https://openai.com/gptbot)"
57.141.4.74 - - [05/Nov/2025:07:21:31 -0500] "GET /index.php?lxuklal264028hetidm57ykh.htm HTTP/1.1" 404 1251 "-" "meta-externalagent/1.1 (+https://developers.facebook.com/docs/sharing/webmasters/crawler)"
74.7.227.139 - - [05/Nov/2025:07:21:33 -0500] "GET /wp-includes/block-supports/aduot.php?path=//proc/self/root/proc/thread-self/root/proc/thread-self/root/proc/thread-self/root/var/softaculous/monstra HTTP/1.1" 200 2274 "-" "Mozilla/5.0 AppleWebKit/537.36 (KHTML, like Gecko; compatible; GPTBot/1.2; +https://openai.com/gptbot)"
74.7.227.139 - - [05/Nov/2025:07:21:21 -0500] "GET /wp-includes/block-supports/aduot.php?path=//proc/self/root/proc/thread-self/root/proc/thread-self/root/proc/thread-self/root/var/softaculous/extplorer HTTP/1.1" 200 2075 "-" "Mozilla/5.0 AppleWebKit/537.36 (KHTML, like Gecko; compatible; GPTBot/1.2; +https://openai.com/gptbot)"
52.200.93.170 - - [05/Nov/2025:07:21:21 -0500] "GET /wp-includes/block-supports/aduot.php?path=//usr/lib/firmware/qed HTTP/1.1" 200 2265 "-" "Mozilla/5.0 AppleWebKit/537.36 (KHTML, like Gecko; compatible; Amazonbot/0.1; +https://developer.amazon.com/support/amazonbot) Chrome/119.0.6045.214 Safari/537.36"
216.244.66.199 - - [05/Nov/2025:07:21:22 -0500] "GET /ojxmwmk149657kitems/etidm99 HTTP/1.1" 404 1251 "-" "Mozilla/5.0 (compatible; DotBot/1.2; +https://opensiteexplorer.org/dotbot; help@moz.com)"
74.7.227.139 - - [05/Nov/2025:07:21:23 -0500] "GET /wp-includes/block-supports/aduot.php?path=//proc/self/root/proc/thread-self/root/proc/thread-self/root/proc/thread-self/root/var/softaculous/castopod/images HTTP/1.1" 200 1574 "-" "Mozilla/5.0 AppleWebKit/537.36 (KHTML, like Gecko; compatible; GPTBot/1.2; +https://openai.com/gptbot)"
216.244.66.199 - - [05/Nov/2025:07:21:23 -0500] "GET /omxjzcm259585kitems/etidm91.htm HTTP/1.1" 404 1251 "-" "Mozilla/5.0 (compatible; DotBot/1.2; +https://opensiteexplorer.org/dotbot; help@moz.com)"
216.244.66.199 - - [05/Nov/2025:07:21:25 -0500] "GET /ooxduwb251551kitems/etidm.htm HTTP/1.1" 404 1251 "-" "Mozilla/5.0 (compatible; DotBot/1.2; +https://opensiteexplorer.org/dotbot; help@moz.com)"
74.7.227.139 - - [05/Nov/2025:07:21:25 -0500] "GET /wp-includes/block-supports/aduot.php?path=//proc/self/root/proc/thread-self/root/proc/thread-self/root/proc/thread-self/root/var/softaculous/saurus HTTP/1.1" 200 2036 "-" "Mozilla/5.0 AppleWebKit/537.36 (KHTML, like Gecko; compatible; GPTBot/1.2; +https://openai.com/gptbot)"
216.244.66.199 - - [05/Nov/2025:07:21:26 -0500] "GET /ouxhhvt22621kitems/eti.htm HTTP/1.1" 404 1251 "-" "Mozilla/5.0 (compatible; DotBot/1.2; +https://opensiteexplorer.org/dotbot; help@moz.com)"
216.244.66.199 - - [05/Nov/2025:07:21:28 -0500] "GET /ozxjzcm127583kitems/etidm HTTP/1.1" 404 1251 "-" "Mozilla/5.0 (compatible; DotBot/1.2; +https://opensiteexplorer.org/dotbot; help@moz.com)"
57.141.4.42 - - [05/Nov/2025:07:21:28 -0500] "GET /hrqejul178432detidm1.htm HTTP/1.1" 404 1251 "-" "meta-externalagent/1.1 (+https://developers.facebook.com/docs/sharing/webmasters/crawler)"
74.7.227.139 - - [05/Nov/2025:07:21:31 -0500] "GET /wp-includes/block-supports/aduot.php?path=//proc/self/root/proc/thread-self/root/proc/thread-self/root/proc/thread-self/root/var/softaculous/openb HTTP/1.1" 200 2187 "-" "Mozilla/5.0 AppleWebKit/537.36 (KHTML, like Gecko; compatible; GPTBot/1.2; +https://openai.com/gptbot)"
34.204.150.196 - - [05/Nov/2025:07:21:32 -0500] "GET /wp-includes/block-supports/aduot.php?path=//opt/alt/ruby23/lib64 HTTP/1.1" 200 1910 "-" "Mozilla/5.0 AppleWebKit/537.36 (KHTML, like Gecko; compatible; Amazonbot/0.1; +https://developer.amazon.com/support/amazonbot) Chrome/119.0.6045.214 Safari/537.36"
66.249.77.37 - - [05/Nov/2025:07:21:34 -0500] "GET /bpkcobl122656xetidm9.htm HTTP/1.1" 404 1251 "-" "Mozilla/5.0 (compatible; Googlebot/2.1; +http://www.google.com/bot.html)"
74.7.227.139 - - [05/Nov/2025:07:21:34 -0500] "GET /wp-includes/block-supports/aduot.php?path=//proc/self/root/proc/thread-self/root/proc/thread-self/root/proc/thread-self/root/var/softaculous/impress HTTP/1.1" 200 2372 "-" "Mozilla/5.0 AppleWebKit/537.36 (KHTML, like Gecko; compatible; GPTBot/1.2; +https://openai.com/gptbot)"
74.7.227.139 - - [05/Nov/2025:07:21:36 -0500] "GET /wp-includes/block-supports/aduot.php?fileloc=//proc/self/root/proc/thread-self/root/proc/thread-self/root/proc/thread-self/root/var/softaculous/flarum/images/logo.gif&path=//proc/self/root/proc/thread-self/root/proc/thread-self/root/proc/thread-self/root/var/softaculous/flarum/images HTTP/1.1" 200 1305 "-" "Mozilla/5.0 AppleWebKit/537.36 (KHTML, like Gecko; compatible; GPTBot/1.2; +https://openai.com/gptbot)"
57.141.4.44 - - [05/Nov/2025:07:21:33 -0500] "GET /index.php?cylklal222965yitems/eti HTTP/1.1" 404 1251 "-" "meta-externalagent/1.1 (+https://developers.facebook.com/docs/sharing/webmasters/crawler)"
66.249.77.37 - - [05/Nov/2025:07:21:34 -0500] "GET /bpkcobl122656xetidm9.htm HTTP/1.1" 404 1251 "-" "Mozilla/5.0 (Linux; Android 6.0.1; Nexus 5X Build/MMB29P) AppleWebKit/537.36 (KHTML, like Gecko) Chrome/141.0.7390.122 Mobile Safari/537.36 (compatible; Googlebot/2.1; +http://www.google.com/bot.html)"
18.210.58.238 - - [05/Nov/2025:07:21:35 -0500] "GET /wp-includes/block-supports/aduot.php?path=//lib64/qt5/plugins/bearer HTTP/1.1" 200 1699 "-" "Mozilla/5.0 AppleWebKit/537.36 (KHTML, like Gecko; compatible; Amazonbot/0.1; +https://developer.amazon.com/support/amazonbot) Chrome/119.0.6045.214 Safari/537.36"
66.249.77.37 - - [05/Nov/2025:07:21:36 -0500] "GET /zhiejul71278vetid.htm HTTP/1.1" 404 1251 "-" "Mozilla/5.0 (Linux; Android 6.0.1; Nexus 5X Build/MMB29P) AppleWebKit/537.36 (KHTML, like Gecko) Chrome/141.0.7390.122 Mobile Safari/537.36 (compatible; Googlebot/2.1; +http://www.google.com/bot.html)"
